{"version":"1.0","provider_name":"Museo Violeta Parra","provider_url":"http:\/\/vientosur.top\/museo","author_name":"admin","author_url":"http:\/\/vientosur.top\/museo\/author\/comunicacionesmvp\/","title":"Ciclo de Cuecas: Concierto de Los MetayPonga - Museo Violeta Parra","type":"rich","width":600,"height":338,"html":"<blockquote class=\"wp-embedded-content\" data-secret=\"hSCRTcychL\"><a href=\"http:\/\/vientosur.top\/museo\/agenda\/ciclo-de-cuecas-concierto-de-los-metayponga\/\">Ciclo de Cuecas: Concierto de Los MetayPonga<\/a><\/blockquote><iframe sandbox=\"allow-scripts\" security=\"restricted\" src=\"http:\/\/vientosur.top\/museo\/agenda\/ciclo-de-cuecas-concierto-de-los-metayponga\/embed\/#?secret=hSCRTcychL\" width=\"600\" height=\"338\" title=\"\u00abCiclo de Cuecas: Concierto de Los MetayPonga\u00bb \u2014 Museo Violeta Parra\" data-secret=\"hSCRTcychL\" frameborder=\"0\" marginwidth=\"0\" marginheight=\"0\" scrolling=\"no\" class=\"wp-embedded-content\"><\/iframe><script>\n\/*! This file is auto-generated *\/\n!function(d,l){\"use strict\";l.querySelector&&d.addEventListener&&\"undefined\"!=typeof URL&&(d.wp=d.wp||{},d.wp.receiveEmbedMessage||(d.wp.receiveEmbedMessage=function(e){var t=e.data;if((t||t.secret||t.message||t.value)&&!\/[^a-zA-Z0-9]\/.test(t.secret)){for(var s,r,n,a=l.querySelectorAll('iframe[data-secret=\"'+t.secret+'\"]'),o=l.querySelectorAll('blockquote[data-secret=\"'+t.secret+'\"]'),c=new RegExp(\"^https?:$\",\"i\"),i=0;i<o.length;i++)o[i].style.display=\"none\";for(i=0;i<a.length;i++)s=a[i],e.source===s.contentWindow&&(s.removeAttribute(\"style\"),\"height\"===t.message?(1e3<(r=parseInt(t.value,10))?r=1e3:~~r<200&&(r=200),s.height=r):\"link\"===t.message&&(r=new URL(s.getAttribute(\"src\")),n=new URL(t.value),c.test(n.protocol))&&n.host===r.host&&l.activeElement===s&&(d.top.location.href=t.value))}},d.addEventListener(\"message\",d.wp.receiveEmbedMessage,!1),l.addEventListener(\"DOMContentLoaded\",function(){for(var e,t,s=l.querySelectorAll(\"iframe.wp-embedded-content\"),r=0;r<s.length;r++)(t=(e=s[r]).getAttribute(\"data-secret\"))||(t=Math.random().toString(36).substring(2,12),e.src+=\"#?secret=\"+t,e.setAttribute(\"data-secret\",t)),e.contentWindow.postMessage({message:\"ready\",secret:t},\"*\")},!1)))}(window,document);\n\/\/# sourceURL=http:\/\/vientosur.top\/museo\/wp-includes\/js\/wp-embed.min.js\n<\/script>\n","thumbnail_url":"http:\/\/vientosur.top\/museo\/wp-content\/uploads\/2021\/09\/Foto-Grupo-LMYP-e1630515694911.jpg","thumbnail_width":1097,"thumbnail_height":800,"description":"#VioletaEnCasa presenta a Los MetayPonga en concierto, en el marco de nuestro Ciclo de Cuecas. Los MetayPonga parten en el a\u00f1o 2011, de la mano de m\u00fasicos apegados al sonido de la Cueca Chilenera. Entre la creaci\u00f3n, el trabajo y el fiato musical, una de las cosas importantes que los une es el legado y [&hellip;]"}

#VioletaEnCasa presenta a Los MetayPonga en concierto, en el marco de nuestro Ciclo de Cuecas. Los MetayPonga parten en el año 2011, de la mano de músicos apegados al sonido de la Cueca Chilenera. Entre la creación, el trabajo y el fiato musical, una de las cosas importantes que los une es el legado y [&hellip;]
