{"version":"1.0","provider_name":"Museo Violeta Parra","provider_url":"http:\/\/vientosur.top\/museo","author_name":"admin","author_url":"http:\/\/vientosur.top\/museo\/author\/comunicacionesmvp\/","title":"Concierto de Gardenia Negra (Ciclo UNA) - Museo Violeta Parra","type":"rich","width":600,"height":338,"html":"<blockquote class=\"wp-embedded-content\" data-secret=\"avhryxspIf\"><a href=\"http:\/\/vientosur.top\/museo\/agenda\/concierto-de-gardenia-negra-ciclo-una\/\">Concierto de Gardenia Negra (Ciclo UNA)<\/a><\/blockquote><iframe sandbox=\"allow-scripts\" security=\"restricted\" src=\"http:\/\/vientosur.top\/museo\/agenda\/concierto-de-gardenia-negra-ciclo-una\/embed\/#?secret=avhryxspIf\" width=\"600\" height=\"338\" title=\"\u00abConcierto de Gardenia Negra (Ciclo UNA)\u00bb \u2014 Museo Violeta Parra\" data-secret=\"avhryxspIf\" frameborder=\"0\" marginwidth=\"0\" marginheight=\"0\" scrolling=\"no\" class=\"wp-embedded-content\"><\/iframe><script>\n\/*! This file is auto-generated *\/\n!function(d,l){\"use strict\";l.querySelector&&d.addEventListener&&\"undefined\"!=typeof URL&&(d.wp=d.wp||{},d.wp.receiveEmbedMessage||(d.wp.receiveEmbedMessage=function(e){var t=e.data;if((t||t.secret||t.message||t.value)&&!\/[^a-zA-Z0-9]\/.test(t.secret)){for(var s,r,n,a=l.querySelectorAll('iframe[data-secret=\"'+t.secret+'\"]'),o=l.querySelectorAll('blockquote[data-secret=\"'+t.secret+'\"]'),c=new RegExp(\"^https?:$\",\"i\"),i=0;i<o.length;i++)o[i].style.display=\"none\";for(i=0;i<a.length;i++)s=a[i],e.source===s.contentWindow&&(s.removeAttribute(\"style\"),\"height\"===t.message?(1e3<(r=parseInt(t.value,10))?r=1e3:~~r<200&&(r=200),s.height=r):\"link\"===t.message&&(r=new URL(s.getAttribute(\"src\")),n=new URL(t.value),c.test(n.protocol))&&n.host===r.host&&l.activeElement===s&&(d.top.location.href=t.value))}},d.addEventListener(\"message\",d.wp.receiveEmbedMessage,!1),l.addEventListener(\"DOMContentLoaded\",function(){for(var e,t,s=l.querySelectorAll(\"iframe.wp-embedded-content\"),r=0;r<s.length;r++)(t=(e=s[r]).getAttribute(\"data-secret\"))||(t=Math.random().toString(36).substring(2,12),e.src+=\"#?secret=\"+t,e.setAttribute(\"data-secret\",t)),e.contentWindow.postMessage({message:\"ready\",secret:t},\"*\")},!1)))}(window,document);\n\/\/# sourceURL=http:\/\/vientosur.top\/museo\/wp-includes\/js\/wp-embed.min.js\n<\/script>\n","thumbnail_url":"http:\/\/vientosur.top\/museo\/wp-content\/uploads\/2021\/10\/esta-scaled-e1633359861628.jpg","thumbnail_width":774,"thumbnail_height":562,"description":"#VioletaEnCasa presenta a Gardenia Negra en concierto (Ciclo UNA). Gardenia Negra tiene una enredadera que tiene ra\u00edz hace m\u00e1s de 10 a\u00f1os. En esa tierra hace un recorrido por Latinoam\u00e9rica, combinando con sonidos cada cultura que ha marcado la historia. Su m\u00fasica se define como una reconstrucci\u00f3n del pasado original, ocupando la Nueva Canci\u00f3n y [&hellip;]"}

#VioletaEnCasa presenta a Gardenia Negra en concierto (Ciclo UNA). Gardenia Negra tiene una enredadera que tiene raíz hace más de 10 años. En esa tierra hace un recorrido por Latinoamérica, combinando con sonidos cada cultura que ha marcado la historia. Su música se define como una reconstrucción del pasado original, ocupando la Nueva Canción y [&hellip;]
