{"version":"1.0","provider_name":"Museo Violeta Parra","provider_url":"http:\/\/vientosur.top\/museo","author_name":"admin","author_url":"http:\/\/vientosur.top\/museo\/author\/comunicacionesmvp\/","title":"Escuela Art\u00edstica de Argentina cambia su nombre en honor a Violeta Parra - Museo Violeta Parra","type":"rich","width":600,"height":338,"html":"<blockquote class=\"wp-embedded-content\" data-secret=\"0r8LiHnxVw\"><a href=\"http:\/\/vientosur.top\/museo\/escuela-artistica-argentina-cambia-nombre-honor-violeta-parra\/\">Escuela Art\u00edstica de Argentina cambia su nombre en honor a Violeta Parra<\/a><\/blockquote><iframe sandbox=\"allow-scripts\" security=\"restricted\" src=\"http:\/\/vientosur.top\/museo\/escuela-artistica-argentina-cambia-nombre-honor-violeta-parra\/embed\/#?secret=0r8LiHnxVw\" width=\"600\" height=\"338\" title=\"\u00abEscuela Art\u00edstica de Argentina cambia su nombre en honor a Violeta Parra\u00bb \u2014 Museo Violeta Parra\" data-secret=\"0r8LiHnxVw\" frameborder=\"0\" marginwidth=\"0\" marginheight=\"0\" scrolling=\"no\" class=\"wp-embedded-content\"><\/iframe><script>\n\/*! This file is auto-generated *\/\n!function(d,l){\"use strict\";l.querySelector&&d.addEventListener&&\"undefined\"!=typeof URL&&(d.wp=d.wp||{},d.wp.receiveEmbedMessage||(d.wp.receiveEmbedMessage=function(e){var t=e.data;if((t||t.secret||t.message||t.value)&&!\/[^a-zA-Z0-9]\/.test(t.secret)){for(var s,r,n,a=l.querySelectorAll('iframe[data-secret=\"'+t.secret+'\"]'),o=l.querySelectorAll('blockquote[data-secret=\"'+t.secret+'\"]'),c=new RegExp(\"^https?:$\",\"i\"),i=0;i<o.length;i++)o[i].style.display=\"none\";for(i=0;i<a.length;i++)s=a[i],e.source===s.contentWindow&&(s.removeAttribute(\"style\"),\"height\"===t.message?(1e3<(r=parseInt(t.value,10))?r=1e3:~~r<200&&(r=200),s.height=r):\"link\"===t.message&&(r=new URL(s.getAttribute(\"src\")),n=new URL(t.value),c.test(n.protocol))&&n.host===r.host&&l.activeElement===s&&(d.top.location.href=t.value))}},d.addEventListener(\"message\",d.wp.receiveEmbedMessage,!1),l.addEventListener(\"DOMContentLoaded\",function(){for(var e,t,s=l.querySelectorAll(\"iframe.wp-embedded-content\"),r=0;r<s.length;r++)(t=(e=s[r]).getAttribute(\"data-secret\"))||(t=Math.random().toString(36).substring(2,12),e.src+=\"#?secret=\"+t,e.setAttribute(\"data-secret\",t)),e.contentWindow.postMessage({message:\"ready\",secret:t},\"*\")},!1)))}(window,document);\n\/\/# sourceURL=http:\/\/vientosur.top\/museo\/wp-includes\/js\/wp-embed.min.js\n<\/script>\n","thumbnail_url":"http:\/\/vientosur.top\/museo\/wp-content\/uploads\/2018\/08\/escuela-artistica-2.jpg","thumbnail_width":1280,"thumbnail_height":768,"description":"El 4 de octubre, d\u00eda del natalicio de la artista, se oficializar\u00e1 el nuevo nombre del establecimiento de educaci\u00f3n art\u00edstica, que fue elegido por votaci\u00f3n de la comunidad de San Mart\u00edn, en la Provincia de Buenos Aires. El legado art\u00edstico de Violeta Parra no tiene fronteras. La artista sigue inspirando a generaciones de creadores de [&hellip;]"}

Escuela Artística de Argentina cambia su nombre en honor a Violeta Parra - Museo Violeta Parra

<blockquote class="wp-embedded-content" data-secret="0r8LiHnxVw"><a href="http://vientosur.top/museo/escuela-artistica-argentina-cambia-nombre-honor-violeta-parra/">Escuela Artística de Argentina cambia su nombre en honor a Violeta Parra</a></blockquote><iframe sandbox="allow-scripts" security="restricted" src="http://vientosur.top/museo/escuela-artistica-argentina-cambia-nombre-honor-violeta-parra/embed/#?secret=0r8LiHnxVw" width="600" height="338" title="«Escuela Artística de Argentina cambia su nombre en honor a Violeta Parra» — Museo Violeta Parra" data-secret="0r8LiHnxVw" frameborder="0" marginwidth="0" marginheight="0" scrolling="no" class="wp-embedded-content"></iframe><script>
/*! This file is auto-generated */
!function(d,l){"use strict";l.querySelector&&d.addEventListener&&"undefined"!=typeof URL&&(d.wp=d.wp||{},d.wp.receiveEmbedMessage||(d.wp.receiveEmbedMessage=function(e){var t=e.data;if((t||t.secret||t.message||t.value)&&!/[^a-zA-Z0-9]/.test(t.secret)){for(var s,r,n,a=l.querySelectorAll('iframe[data-secret="'+t.secret+'"]'),o=l.querySelectorAll('blockquote[data-secret="'+t.secret+'"]'),c=new RegExp("^https?:$","i"),i=0;i<o.length;i++)o[i].style.display="none";for(i=0;i<a.length;i++)s=a[i],e.source===s.contentWindow&&(s.removeAttribute("style"),"height"===t.message?(1e3<(r=parseInt(t.value,10))?r=1e3:~~r<200&&(r=200),s.height=r):"link"===t.message&&(r=new URL(s.getAttribute("src")),n=new URL(t.value),c.test(n.protocol))&&n.host===r.host&&l.activeElement===s&&(d.top.location.href=t.value))}},d.addEventListener("message",d.wp.receiveEmbedMessage,!1),l.addEventListener("DOMContentLoaded",function(){for(var e,t,s=l.querySelectorAll("iframe.wp-embedded-content"),r=0;r<s.length;r++)(t=(e=s[r]).getAttribute("data-secret"))||(t=Math.random().toString(36).substring(2,12),e.src+="#?secret="+t,e.setAttribute("data-secret",t)),e.contentWindow.postMessage({message:"ready",secret:t},"*")},!1)))}(window,document);
//# sourceURL=http://vientosur.top/museo/wp-includes/js/wp-embed.min.js
</script>

El 4 de octubre, día del natalicio de la artista, se oficializará el nuevo nombre del establecimiento de educación artística, que fue elegido por votación de la comunidad de San Martín, en la Provincia de Buenos Aires. El legado artístico de Violeta Parra no tiene fronteras. La artista sigue inspirando a generaciones de creadores de [&hellip;]
