{"version":"1.0","provider_name":"Museo Violeta Parra","provider_url":"http:\/\/vientosur.top\/museo","author_name":"admin","author_url":"http:\/\/vientosur.top\/museo\/author\/comunicacionesmvp\/","title":"Fundaci\u00f3n Violeta Parra edita disco \"\u00daltimas Composiciones\" - Museo Violeta Parra","type":"rich","width":600,"height":338,"html":"<blockquote class=\"wp-embedded-content\" data-secret=\"svvAG2G2AF\"><a href=\"http:\/\/vientosur.top\/museo\/fundacion-violeta-parra-edita-disco-ultimas-composiciones\/\">Fundaci\u00f3n Violeta Parra edita disco \u00ab\u00daltimas Composiciones\u00bb<\/a><\/blockquote><iframe sandbox=\"allow-scripts\" security=\"restricted\" src=\"http:\/\/vientosur.top\/museo\/fundacion-violeta-parra-edita-disco-ultimas-composiciones\/embed\/#?secret=svvAG2G2AF\" width=\"600\" height=\"338\" title=\"\u00abFundaci\u00f3n Violeta Parra edita disco \u00ab\u00daltimas Composiciones\u00bb\u00bb \u2014 Museo Violeta Parra\" data-secret=\"svvAG2G2AF\" frameborder=\"0\" marginwidth=\"0\" marginheight=\"0\" scrolling=\"no\" class=\"wp-embedded-content\"><\/iframe><script>\n\/*! This file is auto-generated *\/\n!function(d,l){\"use strict\";l.querySelector&&d.addEventListener&&\"undefined\"!=typeof URL&&(d.wp=d.wp||{},d.wp.receiveEmbedMessage||(d.wp.receiveEmbedMessage=function(e){var t=e.data;if((t||t.secret||t.message||t.value)&&!\/[^a-zA-Z0-9]\/.test(t.secret)){for(var s,r,n,a=l.querySelectorAll('iframe[data-secret=\"'+t.secret+'\"]'),o=l.querySelectorAll('blockquote[data-secret=\"'+t.secret+'\"]'),c=new RegExp(\"^https?:$\",\"i\"),i=0;i<o.length;i++)o[i].style.display=\"none\";for(i=0;i<a.length;i++)s=a[i],e.source===s.contentWindow&&(s.removeAttribute(\"style\"),\"height\"===t.message?(1e3<(r=parseInt(t.value,10))?r=1e3:~~r<200&&(r=200),s.height=r):\"link\"===t.message&&(r=new URL(s.getAttribute(\"src\")),n=new URL(t.value),c.test(n.protocol))&&n.host===r.host&&l.activeElement===s&&(d.top.location.href=t.value))}},d.addEventListener(\"message\",d.wp.receiveEmbedMessage,!1),l.addEventListener(\"DOMContentLoaded\",function(){for(var e,t,s=l.querySelectorAll(\"iframe.wp-embedded-content\"),r=0;r<s.length;r++)(t=(e=s[r]).getAttribute(\"data-secret\"))||(t=Math.random().toString(36).substring(2,12),e.src+=\"#?secret=\"+t,e.setAttribute(\"data-secret\",t)),e.contentWindow.postMessage({message:\"ready\",secret:t},\"*\")},!1)))}(window,document);\n\/\/# sourceURL=http:\/\/vientosur.top\/museo\/wp-includes\/js\/wp-embed.min.js\n<\/script>\n","thumbnail_url":"http:\/\/vientosur.top\/museo\/wp-content\/uploads\/2017\/08\/DSC_0489.jpg","thumbnail_width":1200,"thumbnail_height":798,"description":"Estos cantos fueron escritos en 1966 en la \u201cCarpa de La Reina\u201d, barrio perif\u00e9rico de Santiago de Chile donde Violeta Parra intent\u00f3 crear un Centro Arte Popular. Seg\u00fan sus palabras, estas canciones son la culminaci\u00f3n de su oficio como autora, compositora e int\u00e9rprete. El registro, propiedad de la Fundaci\u00f3n Violeta Parra, fue grabado en 1966. [&hellip;]"}

Fundación Violeta Parra edita disco "Últimas Composiciones" - Museo Violeta Parra

<blockquote class="wp-embedded-content" data-secret="svvAG2G2AF"><a href="http://vientosur.top/museo/fundacion-violeta-parra-edita-disco-ultimas-composiciones/">Fundación Violeta Parra edita disco «Últimas Composiciones»</a></blockquote><iframe sandbox="allow-scripts" security="restricted" src="http://vientosur.top/museo/fundacion-violeta-parra-edita-disco-ultimas-composiciones/embed/#?secret=svvAG2G2AF" width="600" height="338" title="«Fundación Violeta Parra edita disco «Últimas Composiciones»» — Museo Violeta Parra" data-secret="svvAG2G2AF" frameborder="0" marginwidth="0" marginheight="0" scrolling="no" class="wp-embedded-content"></iframe><script>
/*! This file is auto-generated */
!function(d,l){"use strict";l.querySelector&&d.addEventListener&&"undefined"!=typeof URL&&(d.wp=d.wp||{},d.wp.receiveEmbedMessage||(d.wp.receiveEmbedMessage=function(e){var t=e.data;if((t||t.secret||t.message||t.value)&&!/[^a-zA-Z0-9]/.test(t.secret)){for(var s,r,n,a=l.querySelectorAll('iframe[data-secret="'+t.secret+'"]'),o=l.querySelectorAll('blockquote[data-secret="'+t.secret+'"]'),c=new RegExp("^https?:$","i"),i=0;i<o.length;i++)o[i].style.display="none";for(i=0;i<a.length;i++)s=a[i],e.source===s.contentWindow&&(s.removeAttribute("style"),"height"===t.message?(1e3<(r=parseInt(t.value,10))?r=1e3:~~r<200&&(r=200),s.height=r):"link"===t.message&&(r=new URL(s.getAttribute("src")),n=new URL(t.value),c.test(n.protocol))&&n.host===r.host&&l.activeElement===s&&(d.top.location.href=t.value))}},d.addEventListener("message",d.wp.receiveEmbedMessage,!1),l.addEventListener("DOMContentLoaded",function(){for(var e,t,s=l.querySelectorAll("iframe.wp-embedded-content"),r=0;r<s.length;r++)(t=(e=s[r]).getAttribute("data-secret"))||(t=Math.random().toString(36).substring(2,12),e.src+="#?secret="+t,e.setAttribute("data-secret",t)),e.contentWindow.postMessage({message:"ready",secret:t},"*")},!1)))}(window,document);
//# sourceURL=http://vientosur.top/museo/wp-includes/js/wp-embed.min.js
</script>

Estos cantos fueron escritos en 1966 en la “Carpa de La Reina”, barrio periférico de Santiago de Chile donde Violeta Parra intentó crear un Centro Arte Popular. Según sus palabras, estas canciones son la culminación de su oficio como autora, compositora e intérprete. El registro, propiedad de la Fundación Violeta Parra, fue grabado en 1966. [&hellip;]
