{"version":"1.0","provider_name":"Museo Violeta Parra","provider_url":"http:\/\/vientosur.top\/museo","author_name":"admin","author_url":"http:\/\/vientosur.top\/museo\/author\/comunicacionesmvp\/","title":"Jorge Brantmayer present\u00f3 su obra fotogr\u00e1fica en Museo Violeta Parra - Museo Violeta Parra","type":"rich","width":600,"height":338,"html":"<blockquote class=\"wp-embedded-content\" data-secret=\"MXiCpLHr4c\"><a href=\"http:\/\/vientosur.top\/museo\/jorge-brantmayer-presentara-obra-fotografica-museo-violeta-parra\/\">Jorge Brantmayer present\u00f3 su obra fotogr\u00e1fica en Museo Violeta Parra<\/a><\/blockquote><iframe sandbox=\"allow-scripts\" security=\"restricted\" src=\"http:\/\/vientosur.top\/museo\/jorge-brantmayer-presentara-obra-fotografica-museo-violeta-parra\/embed\/#?secret=MXiCpLHr4c\" width=\"600\" height=\"338\" title=\"\u00abJorge Brantmayer present\u00f3 su obra fotogr\u00e1fica en Museo Violeta Parra\u00bb \u2014 Museo Violeta Parra\" data-secret=\"MXiCpLHr4c\" frameborder=\"0\" marginwidth=\"0\" marginheight=\"0\" scrolling=\"no\" class=\"wp-embedded-content\"><\/iframe><script>\n\/*! This file is auto-generated *\/\n!function(d,l){\"use strict\";l.querySelector&&d.addEventListener&&\"undefined\"!=typeof URL&&(d.wp=d.wp||{},d.wp.receiveEmbedMessage||(d.wp.receiveEmbedMessage=function(e){var t=e.data;if((t||t.secret||t.message||t.value)&&!\/[^a-zA-Z0-9]\/.test(t.secret)){for(var s,r,n,a=l.querySelectorAll('iframe[data-secret=\"'+t.secret+'\"]'),o=l.querySelectorAll('blockquote[data-secret=\"'+t.secret+'\"]'),c=new RegExp(\"^https?:$\",\"i\"),i=0;i<o.length;i++)o[i].style.display=\"none\";for(i=0;i<a.length;i++)s=a[i],e.source===s.contentWindow&&(s.removeAttribute(\"style\"),\"height\"===t.message?(1e3<(r=parseInt(t.value,10))?r=1e3:~~r<200&&(r=200),s.height=r):\"link\"===t.message&&(r=new URL(s.getAttribute(\"src\")),n=new URL(t.value),c.test(n.protocol))&&n.host===r.host&&l.activeElement===s&&(d.top.location.href=t.value))}},d.addEventListener(\"message\",d.wp.receiveEmbedMessage,!1),l.addEventListener(\"DOMContentLoaded\",function(){for(var e,t,s=l.querySelectorAll(\"iframe.wp-embedded-content\"),r=0;r<s.length;r++)(t=(e=s[r]).getAttribute(\"data-secret\"))||(t=Math.random().toString(36).substring(2,12),e.src+=\"#?secret=\"+t,e.setAttribute(\"data-secret\",t)),e.contentWindow.postMessage({message:\"ready\",secret:t},\"*\")},!1)))}(window,document);\n\/\/# sourceURL=http:\/\/vientosur.top\/museo\/wp-includes\/js\/wp-embed.min.js\n<\/script>\n","thumbnail_url":"http:\/\/vientosur.top\/museo\/wp-content\/uploads\/2018\/06\/DSC_0653-scaled.jpg","thumbnail_width":2560,"thumbnail_height":1702,"description":"La segunda sesi\u00f3n del ciclo Pupila de \u00c1guila, en el que diversos fot\u00f3grafos reflexionan sobre la identidad chilena, se realiz\u00f3 el mi\u00e9rcoles 27 de junio. \u201cDesde mis inicios como fot\u00f3grafo me interes\u00f3 la conducta humana, sus actitudes, sus dramas, sus pasiones. Busqu\u00e9 siempre con humor e iron\u00eda im\u00e1genes que develaran el drama de la existencia. [&hellip;]"}

Jorge Brantmayer presentó su obra fotográfica en Museo Violeta Parra - Museo Violeta Parra

<blockquote class="wp-embedded-content" data-secret="MXiCpLHr4c"><a href="http://vientosur.top/museo/jorge-brantmayer-presentara-obra-fotografica-museo-violeta-parra/">Jorge Brantmayer presentó su obra fotográfica en Museo Violeta Parra</a></blockquote><iframe sandbox="allow-scripts" security="restricted" src="http://vientosur.top/museo/jorge-brantmayer-presentara-obra-fotografica-museo-violeta-parra/embed/#?secret=MXiCpLHr4c" width="600" height="338" title="«Jorge Brantmayer presentó su obra fotográfica en Museo Violeta Parra» — Museo Violeta Parra" data-secret="MXiCpLHr4c" frameborder="0" marginwidth="0" marginheight="0" scrolling="no" class="wp-embedded-content"></iframe><script>
/*! This file is auto-generated */
!function(d,l){"use strict";l.querySelector&&d.addEventListener&&"undefined"!=typeof URL&&(d.wp=d.wp||{},d.wp.receiveEmbedMessage||(d.wp.receiveEmbedMessage=function(e){var t=e.data;if((t||t.secret||t.message||t.value)&&!/[^a-zA-Z0-9]/.test(t.secret)){for(var s,r,n,a=l.querySelectorAll('iframe[data-secret="'+t.secret+'"]'),o=l.querySelectorAll('blockquote[data-secret="'+t.secret+'"]'),c=new RegExp("^https?:$","i"),i=0;i<o.length;i++)o[i].style.display="none";for(i=0;i<a.length;i++)s=a[i],e.source===s.contentWindow&&(s.removeAttribute("style"),"height"===t.message?(1e3<(r=parseInt(t.value,10))?r=1e3:~~r<200&&(r=200),s.height=r):"link"===t.message&&(r=new URL(s.getAttribute("src")),n=new URL(t.value),c.test(n.protocol))&&n.host===r.host&&l.activeElement===s&&(d.top.location.href=t.value))}},d.addEventListener("message",d.wp.receiveEmbedMessage,!1),l.addEventListener("DOMContentLoaded",function(){for(var e,t,s=l.querySelectorAll("iframe.wp-embedded-content"),r=0;r<s.length;r++)(t=(e=s[r]).getAttribute("data-secret"))||(t=Math.random().toString(36).substring(2,12),e.src+="#?secret="+t,e.setAttribute("data-secret",t)),e.contentWindow.postMessage({message:"ready",secret:t},"*")},!1)))}(window,document);
//# sourceURL=http://vientosur.top/museo/wp-includes/js/wp-embed.min.js
</script>

La segunda sesión del ciclo Pupila de Águila, en el que diversos fotógrafos reflexionan sobre la identidad chilena, se realizó el miércoles 27 de junio. “Desde mis inicios como fotógrafo me interesó la conducta humana, sus actitudes, sus dramas, sus pasiones. Busqué siempre con humor e ironía imágenes que develaran el drama de la existencia. [&hellip;]
