{"version":"1.0","provider_name":"Museo Violeta Parra","provider_url":"http:\/\/vientosur.top\/museo","author_name":"admin","author_url":"http:\/\/vientosur.top\/museo\/author\/comunicacionesmvp\/","title":"Museo Violeta Parra abre sus puertas al mundo - Museo Violeta Parra","type":"rich","width":600,"height":338,"html":"<blockquote class=\"wp-embedded-content\" data-secret=\"ORpiZfG8Ke\"><a href=\"http:\/\/vientosur.top\/museo\/museo-violeta-parra-abre-sus-puertas-al-mundo\/\">Museo Violeta Parra abre sus puertas al mundo<\/a><\/blockquote><iframe sandbox=\"allow-scripts\" security=\"restricted\" src=\"http:\/\/vientosur.top\/museo\/museo-violeta-parra-abre-sus-puertas-al-mundo\/embed\/#?secret=ORpiZfG8Ke\" width=\"600\" height=\"338\" title=\"\u00abMuseo Violeta Parra abre sus puertas al mundo\u00bb \u2014 Museo Violeta Parra\" data-secret=\"ORpiZfG8Ke\" frameborder=\"0\" marginwidth=\"0\" marginheight=\"0\" scrolling=\"no\" class=\"wp-embedded-content\"><\/iframe><script>\n\/*! This file is auto-generated *\/\n!function(d,l){\"use strict\";l.querySelector&&d.addEventListener&&\"undefined\"!=typeof URL&&(d.wp=d.wp||{},d.wp.receiveEmbedMessage||(d.wp.receiveEmbedMessage=function(e){var t=e.data;if((t||t.secret||t.message||t.value)&&!\/[^a-zA-Z0-9]\/.test(t.secret)){for(var s,r,n,a=l.querySelectorAll('iframe[data-secret=\"'+t.secret+'\"]'),o=l.querySelectorAll('blockquote[data-secret=\"'+t.secret+'\"]'),c=new RegExp(\"^https?:$\",\"i\"),i=0;i<o.length;i++)o[i].style.display=\"none\";for(i=0;i<a.length;i++)s=a[i],e.source===s.contentWindow&&(s.removeAttribute(\"style\"),\"height\"===t.message?(1e3<(r=parseInt(t.value,10))?r=1e3:~~r<200&&(r=200),s.height=r):\"link\"===t.message&&(r=new URL(s.getAttribute(\"src\")),n=new URL(t.value),c.test(n.protocol))&&n.host===r.host&&l.activeElement===s&&(d.top.location.href=t.value))}},d.addEventListener(\"message\",d.wp.receiveEmbedMessage,!1),l.addEventListener(\"DOMContentLoaded\",function(){for(var e,t,s=l.querySelectorAll(\"iframe.wp-embedded-content\"),r=0;r<s.length;r++)(t=(e=s[r]).getAttribute(\"data-secret\"))||(t=Math.random().toString(36).substring(2,12),e.src+=\"#?secret=\"+t,e.setAttribute(\"data-secret\",t)),e.contentWindow.postMessage({message:\"ready\",secret:t},\"*\")},!1)))}(window,document);\n\/\/# sourceURL=http:\/\/vientosur.top\/museo\/wp-includes\/js\/wp-embed.min.js\n<\/script>\n","thumbnail_url":"http:\/\/vientosur.top\/museo\/wp-content\/uploads\/2015\/10\/dia1_mvp3inclusivo-rs.jpg","thumbnail_width":450,"thumbnail_height":301,"description":"Santiago, 4 de Octubre, 2015.- Por fin la multifac\u00e9tica creadora \u00a0Violeta Parra podr\u00e1 ser conocida en profundidad en un privilegiado espacio dedicado especialmente para su obra, con la inauguraci\u00f3n de su museo que se realiz\u00f3 hoy,\u00a0\u00a0el mismo d\u00eda en que se celebran 98 \u00a0a\u00f1os del natalicio de la cantautora. &nbsp; El\u00a0 recinto ubicado a pasos [&hellip;]"}

Santiago, 4 de Octubre, 2015.- Por fin la multifacética creadora  Violeta Parra podrá ser conocida en profundidad en un privilegiado espacio dedicado especialmente para su obra, con la inauguración de su museo que se realizó hoy,  el mismo día en que se celebran 98  años del natalicio de la cantautora. &nbsp; El  recinto ubicado a pasos [&hellip;]
