{"version":"1.0","provider_name":"Museo Violeta Parra","provider_url":"http:\/\/vientosur.top\/museo","author_name":"admin","author_url":"http:\/\/vientosur.top\/museo\/author\/comunicacionesmvp\/","title":"Museo Violeta Parra se suma a #MuseumWeek este 2019 - Museo Violeta Parra","type":"rich","width":600,"height":338,"html":"<blockquote class=\"wp-embedded-content\" data-secret=\"OeeWXnp37J\"><a href=\"http:\/\/vientosur.top\/museo\/museo-violeta-parra-se-suma-museumweek-este-2019\/\">Museo Violeta Parra se suma a #MuseumWeek este 2019<\/a><\/blockquote><iframe sandbox=\"allow-scripts\" security=\"restricted\" src=\"http:\/\/vientosur.top\/museo\/museo-violeta-parra-se-suma-museumweek-este-2019\/embed\/#?secret=OeeWXnp37J\" width=\"600\" height=\"338\" title=\"\u00abMuseo Violeta Parra se suma a #MuseumWeek este 2019\u00bb \u2014 Museo Violeta Parra\" data-secret=\"OeeWXnp37J\" frameborder=\"0\" marginwidth=\"0\" marginheight=\"0\" scrolling=\"no\" class=\"wp-embedded-content\"><\/iframe><script>\n\/*! This file is auto-generated *\/\n!function(d,l){\"use strict\";l.querySelector&&d.addEventListener&&\"undefined\"!=typeof URL&&(d.wp=d.wp||{},d.wp.receiveEmbedMessage||(d.wp.receiveEmbedMessage=function(e){var t=e.data;if((t||t.secret||t.message||t.value)&&!\/[^a-zA-Z0-9]\/.test(t.secret)){for(var s,r,n,a=l.querySelectorAll('iframe[data-secret=\"'+t.secret+'\"]'),o=l.querySelectorAll('blockquote[data-secret=\"'+t.secret+'\"]'),c=new RegExp(\"^https?:$\",\"i\"),i=0;i<o.length;i++)o[i].style.display=\"none\";for(i=0;i<a.length;i++)s=a[i],e.source===s.contentWindow&&(s.removeAttribute(\"style\"),\"height\"===t.message?(1e3<(r=parseInt(t.value,10))?r=1e3:~~r<200&&(r=200),s.height=r):\"link\"===t.message&&(r=new URL(s.getAttribute(\"src\")),n=new URL(t.value),c.test(n.protocol))&&n.host===r.host&&l.activeElement===s&&(d.top.location.href=t.value))}},d.addEventListener(\"message\",d.wp.receiveEmbedMessage,!1),l.addEventListener(\"DOMContentLoaded\",function(){for(var e,t,s=l.querySelectorAll(\"iframe.wp-embedded-content\"),r=0;r<s.length;r++)(t=(e=s[r]).getAttribute(\"data-secret\"))||(t=Math.random().toString(36).substring(2,12),e.src+=\"#?secret=\"+t,e.setAttribute(\"data-secret\",t)),e.contentWindow.postMessage({message:\"ready\",secret:t},\"*\")},!1)))}(window,document);\n\/\/# sourceURL=http:\/\/vientosur.top\/museo\/wp-includes\/js\/wp-embed.min.js\n<\/script>\n","thumbnail_url":"http:\/\/vientosur.top\/museo\/wp-content\/uploads\/2019\/05\/Museo-Violeta-Parra.jpg","thumbnail_width":2000,"thumbnail_height":1330,"description":"La convocatoria internacional alrededor de la Cultura invita a favorecer experiencias muse\u00edsticas trasversales, l\u00fadicas y educativas, y a comunicarlas a trav\u00e9s de redes sociales.\u00a0 Nuestra programaci\u00f3n especial contempla, adem\u00e1s, conmemorar el D\u00eda Internacional de los Museos con el Taller de Violeta Muse\u00f3loga el s\u00e1bado 18 de mayo. El Museo Violeta Parra se suma este a\u00f1o [&hellip;]"}

La convocatoria internacional alrededor de la Cultura invita a favorecer experiencias museísticas trasversales, lúdicas y educativas, y a comunicarlas a través de redes sociales.  Nuestra programación especial contempla, además, conmemorar el Día Internacional de los Museos con el Taller de Violeta Museóloga el sábado 18 de mayo. El Museo Violeta Parra se suma este año [&hellip;]
