{"version":"1.0","provider_name":"Museo Violeta Parra","provider_url":"http:\/\/vientosur.top\/museo","author_name":"admin","author_url":"http:\/\/vientosur.top\/museo\/author\/comunicacionesmvp\/","title":"Los Celestinos presentaron homenaje a Jorge Far\u00edas - Museo Violeta Parra","type":"rich","width":600,"height":338,"html":"<blockquote class=\"wp-embedded-content\" data-secret=\"kRdz3qYJ3v\"><a href=\"http:\/\/vientosur.top\/museo\/reserva-entrada-gratis-homenaje-jorge-farias-los-celestinos\/\">Los Celestinos presentaron homenaje a Jorge Far\u00edas<\/a><\/blockquote><iframe sandbox=\"allow-scripts\" security=\"restricted\" src=\"http:\/\/vientosur.top\/museo\/reserva-entrada-gratis-homenaje-jorge-farias-los-celestinos\/embed\/#?secret=kRdz3qYJ3v\" width=\"600\" height=\"338\" title=\"\u00abLos Celestinos presentaron homenaje a Jorge Far\u00edas\u00bb \u2014 Museo Violeta Parra\" data-secret=\"kRdz3qYJ3v\" frameborder=\"0\" marginwidth=\"0\" marginheight=\"0\" scrolling=\"no\" class=\"wp-embedded-content\"><\/iframe><script>\n\/*! This file is auto-generated *\/\n!function(d,l){\"use strict\";l.querySelector&&d.addEventListener&&\"undefined\"!=typeof URL&&(d.wp=d.wp||{},d.wp.receiveEmbedMessage||(d.wp.receiveEmbedMessage=function(e){var t=e.data;if((t||t.secret||t.message||t.value)&&!\/[^a-zA-Z0-9]\/.test(t.secret)){for(var s,r,n,a=l.querySelectorAll('iframe[data-secret=\"'+t.secret+'\"]'),o=l.querySelectorAll('blockquote[data-secret=\"'+t.secret+'\"]'),c=new RegExp(\"^https?:$\",\"i\"),i=0;i<o.length;i++)o[i].style.display=\"none\";for(i=0;i<a.length;i++)s=a[i],e.source===s.contentWindow&&(s.removeAttribute(\"style\"),\"height\"===t.message?(1e3<(r=parseInt(t.value,10))?r=1e3:~~r<200&&(r=200),s.height=r):\"link\"===t.message&&(r=new URL(s.getAttribute(\"src\")),n=new URL(t.value),c.test(n.protocol))&&n.host===r.host&&l.activeElement===s&&(d.top.location.href=t.value))}},d.addEventListener(\"message\",d.wp.receiveEmbedMessage,!1),l.addEventListener(\"DOMContentLoaded\",function(){for(var e,t,s=l.querySelectorAll(\"iframe.wp-embedded-content\"),r=0;r<s.length;r++)(t=(e=s[r]).getAttribute(\"data-secret\"))||(t=Math.random().toString(36).substring(2,12),e.src+=\"#?secret=\"+t,e.setAttribute(\"data-secret\",t)),e.contentWindow.postMessage({message:\"ready\",secret:t},\"*\")},!1)))}(window,document);\n\/\/# sourceURL=http:\/\/vientosur.top\/museo\/wp-includes\/js\/wp-embed.min.js\n<\/script>\n","thumbnail_url":"http:\/\/vientosur.top\/museo\/wp-content\/uploads\/2018\/08\/IMG_3321-scaled.jpg","thumbnail_width":2560,"thumbnail_height":1707,"description":"La agrupaci\u00f3n musical ofreci\u00f3 un recital tributo al artista que populariz\u00f3 \u201cLa joya del Pac\u00edfico\u201d.\u00a0 \u201cUna de las \u00faltimas leyendas de la vieja bohemia porte\u00f1a\u201d. As\u00ed defini\u00f3 el diario\u00a0La Estrella\u00a0a Jorge Far\u00edas, tras su muerte el 2007. El cantor porte\u00f1o se hizo famoso, entre otras cosas, por ser quien populariz\u00f3 \u201cLa joya del Pac\u00edfico\u201d, en [&hellip;]"}

Los Celestinos presentaron homenaje a Jorge Farías - Museo Violeta Parra

<blockquote class="wp-embedded-content" data-secret="kRdz3qYJ3v"><a href="http://vientosur.top/museo/reserva-entrada-gratis-homenaje-jorge-farias-los-celestinos/">Los Celestinos presentaron homenaje a Jorge Farías</a></blockquote><iframe sandbox="allow-scripts" security="restricted" src="http://vientosur.top/museo/reserva-entrada-gratis-homenaje-jorge-farias-los-celestinos/embed/#?secret=kRdz3qYJ3v" width="600" height="338" title="«Los Celestinos presentaron homenaje a Jorge Farías» — Museo Violeta Parra" data-secret="kRdz3qYJ3v" frameborder="0" marginwidth="0" marginheight="0" scrolling="no" class="wp-embedded-content"></iframe><script>
/*! This file is auto-generated */
!function(d,l){"use strict";l.querySelector&&d.addEventListener&&"undefined"!=typeof URL&&(d.wp=d.wp||{},d.wp.receiveEmbedMessage||(d.wp.receiveEmbedMessage=function(e){var t=e.data;if((t||t.secret||t.message||t.value)&&!/[^a-zA-Z0-9]/.test(t.secret)){for(var s,r,n,a=l.querySelectorAll('iframe[data-secret="'+t.secret+'"]'),o=l.querySelectorAll('blockquote[data-secret="'+t.secret+'"]'),c=new RegExp("^https?:$","i"),i=0;i<o.length;i++)o[i].style.display="none";for(i=0;i<a.length;i++)s=a[i],e.source===s.contentWindow&&(s.removeAttribute("style"),"height"===t.message?(1e3<(r=parseInt(t.value,10))?r=1e3:~~r<200&&(r=200),s.height=r):"link"===t.message&&(r=new URL(s.getAttribute("src")),n=new URL(t.value),c.test(n.protocol))&&n.host===r.host&&l.activeElement===s&&(d.top.location.href=t.value))}},d.addEventListener("message",d.wp.receiveEmbedMessage,!1),l.addEventListener("DOMContentLoaded",function(){for(var e,t,s=l.querySelectorAll("iframe.wp-embedded-content"),r=0;r<s.length;r++)(t=(e=s[r]).getAttribute("data-secret"))||(t=Math.random().toString(36).substring(2,12),e.src+="#?secret="+t,e.setAttribute("data-secret",t)),e.contentWindow.postMessage({message:"ready",secret:t},"*")},!1)))}(window,document);
//# sourceURL=http://vientosur.top/museo/wp-includes/js/wp-embed.min.js
</script>

La agrupación musical ofreció un recital tributo al artista que popularizó “La joya del Pacífico”.  “Una de las últimas leyendas de la vieja bohemia porteña”. Así definió el diario La Estrella a Jorge Farías, tras su muerte el 2007. El cantor porteño se hizo famoso, entre otras cosas, por ser quien popularizó “La joya del Pacífico”, en [&hellip;]
