{"version":"1.0","provider_name":"Museo Violeta Parra","provider_url":"http:\/\/vientosur.top\/museo","author_name":"admin","author_url":"http:\/\/vientosur.top\/museo\/author\/comunicacionesmvp\/","title":"U2 homenajea a Violeta Parra en concierto - Museo Violeta Parra","type":"rich","width":600,"height":338,"html":"<blockquote class=\"wp-embedded-content\" data-secret=\"FehyRdllxW\"><a href=\"http:\/\/vientosur.top\/museo\/u2-homenajea-a-violeta-parra-en-concierto\/\">U2 homenajea a Violeta Parra en concierto<\/a><\/blockquote><iframe sandbox=\"allow-scripts\" security=\"restricted\" src=\"http:\/\/vientosur.top\/museo\/u2-homenajea-a-violeta-parra-en-concierto\/embed\/#?secret=FehyRdllxW\" width=\"600\" height=\"338\" title=\"\u00abU2 homenajea a Violeta Parra en concierto\u00bb \u2014 Museo Violeta Parra\" data-secret=\"FehyRdllxW\" frameborder=\"0\" marginwidth=\"0\" marginheight=\"0\" scrolling=\"no\" class=\"wp-embedded-content\"><\/iframe><script>\n\/*! This file is auto-generated *\/\n!function(d,l){\"use strict\";l.querySelector&&d.addEventListener&&\"undefined\"!=typeof URL&&(d.wp=d.wp||{},d.wp.receiveEmbedMessage||(d.wp.receiveEmbedMessage=function(e){var t=e.data;if((t||t.secret||t.message||t.value)&&!\/[^a-zA-Z0-9]\/.test(t.secret)){for(var s,r,n,a=l.querySelectorAll('iframe[data-secret=\"'+t.secret+'\"]'),o=l.querySelectorAll('blockquote[data-secret=\"'+t.secret+'\"]'),c=new RegExp(\"^https?:$\",\"i\"),i=0;i<o.length;i++)o[i].style.display=\"none\";for(i=0;i<a.length;i++)s=a[i],e.source===s.contentWindow&&(s.removeAttribute(\"style\"),\"height\"===t.message?(1e3<(r=parseInt(t.value,10))?r=1e3:~~r<200&&(r=200),s.height=r):\"link\"===t.message&&(r=new URL(s.getAttribute(\"src\")),n=new URL(t.value),c.test(n.protocol))&&n.host===r.host&&l.activeElement===s&&(d.top.location.href=t.value))}},d.addEventListener(\"message\",d.wp.receiveEmbedMessage,!1),l.addEventListener(\"DOMContentLoaded\",function(){for(var e,t,s=l.querySelectorAll(\"iframe.wp-embedded-content\"),r=0;r<s.length;r++)(t=(e=s[r]).getAttribute(\"data-secret\"))||(t=Math.random().toString(36).substring(2,12),e.src+=\"#?secret=\"+t,e.setAttribute(\"data-secret\",t)),e.contentWindow.postMessage({message:\"ready\",secret:t},\"*\")},!1)))}(window,document);\n\/\/# sourceURL=http:\/\/vientosur.top\/museo\/wp-includes\/js\/wp-embed.min.js\n<\/script>\n","thumbnail_url":"http:\/\/vientosur.top\/museo\/wp-content\/uploads\/2017\/10\/u2-concierto-portada-1.png","thumbnail_width":1200,"thumbnail_height":1147,"description":"Ante un Estadio Nacional repleto, se present\u00f3 la banda U2. En medio de la canci\u00f3n \u201cBad\u201d, sorprendi\u00f3 al p\u00fablico al introducir parte de la canci\u00f3n \u201cGracias a la vida\u201d, culminando con la frase \u201cFeliz cumplea\u00f1os Violeta Parra. One hundred years!\u201d , mientras aparec\u00eda la imagen de la artista en la pantalla gigante. Revisa aqu\u00ed las [&hellip;]"}

Ante un Estadio Nacional repleto, se presentó la banda U2. En medio de la canción “Bad”, sorprendió al público al introducir parte de la canción “Gracias a la vida”, culminando con la frase “Feliz cumpleaños Violeta Parra. One hundred years!” , mientras aparecía la imagen de la artista en la pantalla gigante. Revisa aquí las [&hellip;]
