{"id":23919,"date":"2020-12-02T19:37:39","date_gmt":"2020-12-02T19:37:39","guid":{"rendered":"http:\/\/vientosur.top\/museo\/?post_type=agenda&#038;p=23919"},"modified":"2020-12-09T01:48:18","modified_gmt":"2020-12-09T01:48:18","slug":"taller-como-cuidar-a-mi-suculenta-museo-verde","status":"publish","type":"agenda","link":"http:\/\/vientosur.top\/museo\/agenda\/taller-como-cuidar-a-mi-suculenta-museo-verde\/","title":{"rendered":"Taller \u00bfC\u00f3mo cuidar a mi suculenta? (Museo Verde)"},"content":{"rendered":"\n<p><strong>#VioletaEnCasa te invita al&nbsp;Taller \u00bfC\u00f3mo cuidar a mi suculenta? (Museo Verde)<br><\/strong><br>Junto a Evelin Jerez conocer\u00e1s los puntos m\u00e1s importante que se deben considerar a la hora de cultivar suculentas. Las plantas suculentas son poco exigentes con respecto a sus cuidados pero como todo ser vivo necesita dedicaci\u00f3n y compromiso.<br>\u00bfD\u00f3nde ubicarlas?, \u00bfC\u00f3mo y cada cu\u00e1nto regarlas? son algunas de las dudas que siempre surgen y no sabemos qu\u00e9 hacer. No te preocupes, aprender\u00e1s sobre iluminaci\u00f3n, sustrato, riego y algunos tips para que puedas disfrutar su crecimiento y la gran experiencia de tener plantas en casa.<\/p>\n\n\n\n<p>*Esta actividad incorpora Int\u00e9rprete de Lengua de Se\u00f1as Chilena<\/p>\n\n\n\n<p>Para ni\u00f1as, ni\u00f1os y adultos<br>Fecha: Mi\u00e9rcoles 9 de diciembre<br>Horario: 19.00 a 20.00<\/p>\n","protected":false},"author":5,"featured_media":23977,"parent":0,"template":"","meta":{"site-sidebar-layout":"default","site-content-layout":"","ast-site-content-layout":"default","site-content-style":"default","site-sidebar-style":"default","ast-global-header-display":"","ast-banner-title-visibility":"","ast-main-header-display":"","ast-hfb-above-header-display":"","ast-hfb-below-header-display":"","ast-hfb-mobile-header-display":"","site-post-title":"","ast-breadcrumbs-content":"","ast-featured-img":"","footer-sml-layout":"","theme-transparent-header-meta":"","adv-header-id-meta":"","stick-header-meta":"","header-above-stick-meta":"","header-main-stick-meta":"","header-below-stick-meta":"","astra-migrate-meta-layouts":"default","ast-page-background-enabled":"default","ast-page-background-meta":{"desktop":{"background-color":"var(--ast-global-color-4)","background-image":"","background-repeat":"repeat","background-position":"center center","background-size":"auto","background-attachment":"scroll","background-type":"","background-media":"","overlay-type":"","overlay-color":"","overlay-opacity":"","overlay-gradient":""},"tablet":{"background-color":"","background-image":"","background-repeat":"repeat","background-position":"center center","background-size":"auto","background-attachment":"scroll","background-type":"","background-media":"","overlay-type":"","overlay-color":"","overlay-opacity":"","overlay-gradient":""},"mobile":{"background-color":"","background-image":"","background-repeat":"repeat","background-position":"center center","background-size":"auto","background-attachment":"scroll","background-type":"","background-media":"","overlay-type":"","overlay-color":"","overlay-opacity":"","overlay-gradient":""}},"ast-content-background-meta":{"desktop":{"background-color":"var(--ast-global-color-5)","background-image":"","background-repeat":"repeat","background-position":"center center","background-size":"auto","background-attachment":"scroll","background-type":"","background-media":"","overlay-type":"","overlay-color":"","overlay-opacity":"","overlay-gradient":""},"tablet":{"background-color":"var(--ast-global-color-5)","background-image":"","background-repeat":"repeat","background-position":"center center","background-size":"auto","background-attachment":"scroll","background-type":"","background-media":"","overlay-type":"","overlay-color":"","overlay-opacity":"","overlay-gradient":""},"mobile":{"background-color":"var(--ast-global-color-5)","background-image":"","background-repeat":"repeat","background-position":"center center","background-size":"auto","background-attachment":"scroll","background-type":"","background-media":"","overlay-type":"","overlay-color":"","overlay-opacity":"","overlay-gradient":""}}},"tipo-de-actividad":[27],"class_list":["post-23919","agenda","type-agenda","status-publish","has-post-thumbnail","hentry","tipo-de-actividad-talleres"],"yoast_head":"<!-- This site is optimized with the Yoast SEO plugin v25.4 - https:\/\/yoast.com\/wordpress\/plugins\/seo\/ -->\n<title>Taller \u00bfC\u00f3mo cuidar a mi suculenta? (Museo Verde) - Museo Violeta Parra<\/title>\n<meta name=\"description\" content=\"Junto a Evelin Jerez conocer\u00e1s los puntos m\u00e1s importante que se deben considerar a la hora de cultivar suculentas. Las plantas suculentas son poco exigentes con respecto a sus cuidados pero como todo ser vivo necesita dedicaci\u00f3n y compromiso.\" \/>\n<meta name=\"robots\" content=\"index, follow, max-snippet:-1, max-image-preview:large, max-video-preview:-1\" \/>\n<link rel=\"canonical\" href=\"http:\/\/vientosur.top\/museo\/agenda\/taller-como-cuidar-a-mi-suculenta-museo-verde\/\" \/>\n<meta property=\"og:locale\" content=\"es_ES\" \/>\n<meta property=\"og:type\" content=\"article\" \/>\n<meta property=\"og:title\" content=\"Taller \u00bfC\u00f3mo cuidar a mi suculenta? (Museo Verde) - Museo Violeta Parra\" \/>\n<meta property=\"og:description\" content=\"Junto a Evelin Jerez conocer\u00e1s los puntos m\u00e1s importante que se deben considerar a la hora de cultivar suculentas. Las plantas suculentas son poco exigentes con respecto a sus cuidados pero como todo ser vivo necesita dedicaci\u00f3n y compromiso.\" \/>\n<meta property=\"og:url\" content=\"http:\/\/vientosur.top\/museo\/agenda\/taller-como-cuidar-a-mi-suculenta-museo-verde\/\" \/>\n<meta property=\"og:site_name\" content=\"Museo Violeta Parra\" \/>\n<meta property=\"article:modified_time\" content=\"2020-12-09T01:48:18+00:00\" \/>\n<meta property=\"og:image\" content=\"http:\/\/vientosur.top\/museo\/wp-content\/uploads\/2020\/12\/Como-cuidar-mi-suculenta.jpg\" \/>\n\t<meta property=\"og:image:width\" content=\"1095\" \/>\n\t<meta property=\"og:image:height\" content=\"800\" \/>\n\t<meta property=\"og:image:type\" content=\"image\/jpeg\" \/>\n<meta name=\"twitter:card\" content=\"summary_large_image\" \/>\n<meta name=\"twitter:label1\" content=\"Tiempo de lectura\" \/>\n\t<meta name=\"twitter:data1\" content=\"1 minuto\" \/>\n<script type=\"application\/ld+json\" class=\"yoast-schema-graph\">{\"@context\":\"https:\/\/schema.org\",\"@graph\":[{\"@type\":\"WebPage\",\"@id\":\"http:\/\/vientosur.top\/museo\/agenda\/taller-como-cuidar-a-mi-suculenta-museo-verde\/\",\"url\":\"http:\/\/vientosur.top\/museo\/agenda\/taller-como-cuidar-a-mi-suculenta-museo-verde\/\",\"name\":\"Taller \u00bfC\u00f3mo cuidar a mi suculenta? (Museo Verde) - Museo Violeta Parra\",\"isPartOf\":{\"@id\":\"http:\/\/vientosur.top\/museo\/#website\"},\"primaryImageOfPage\":{\"@id\":\"http:\/\/vientosur.top\/museo\/agenda\/taller-como-cuidar-a-mi-suculenta-museo-verde\/#primaryimage\"},\"image\":{\"@id\":\"http:\/\/vientosur.top\/museo\/agenda\/taller-como-cuidar-a-mi-suculenta-museo-verde\/#primaryimage\"},\"thumbnailUrl\":\"http:\/\/vientosur.top\/museo\/wp-content\/uploads\/2020\/12\/Como-cuidar-mi-suculenta.jpg\",\"datePublished\":\"2020-12-02T19:37:39+00:00\",\"dateModified\":\"2020-12-09T01:48:18+00:00\",\"description\":\"Junto a Evelin Jerez conocer\u00e1s los puntos m\u00e1s importante que se deben considerar a la hora de cultivar suculentas. Las plantas suculentas son poco exigentes con respecto a sus cuidados pero como todo ser vivo necesita dedicaci\u00f3n y compromiso.\",\"breadcrumb\":{\"@id\":\"http:\/\/vientosur.top\/museo\/agenda\/taller-como-cuidar-a-mi-suculenta-museo-verde\/#breadcrumb\"},\"inLanguage\":\"es\",\"potentialAction\":[{\"@type\":\"ReadAction\",\"target\":[\"http:\/\/vientosur.top\/museo\/agenda\/taller-como-cuidar-a-mi-suculenta-museo-verde\/\"]}]},{\"@type\":\"ImageObject\",\"inLanguage\":\"es\",\"@id\":\"http:\/\/vientosur.top\/museo\/agenda\/taller-como-cuidar-a-mi-suculenta-museo-verde\/#primaryimage\",\"url\":\"http:\/\/vientosur.top\/museo\/wp-content\/uploads\/2020\/12\/Como-cuidar-mi-suculenta.jpg\",\"contentUrl\":\"http:\/\/vientosur.top\/museo\/wp-content\/uploads\/2020\/12\/Como-cuidar-mi-suculenta.jpg\",\"width\":1095,\"height\":800},{\"@type\":\"BreadcrumbList\",\"@id\":\"http:\/\/vientosur.top\/museo\/agenda\/taller-como-cuidar-a-mi-suculenta-museo-verde\/#breadcrumb\",\"itemListElement\":[{\"@type\":\"ListItem\",\"position\":1,\"name\":\"Portada\",\"item\":\"http:\/\/vientosur.top\/museo\/\"},{\"@type\":\"ListItem\",\"position\":2,\"name\":\"Agenda\",\"item\":\"http:\/\/vientosur.top\/museo\/agenda\/\"},{\"@type\":\"ListItem\",\"position\":3,\"name\":\"Taller \u00bfC\u00f3mo cuidar a mi suculenta? (Museo Verde)\"}]},{\"@type\":\"WebSite\",\"@id\":\"http:\/\/vientosur.top\/museo\/#website\",\"url\":\"http:\/\/vientosur.top\/museo\/\",\"name\":\"Museo Violeta Parra\",\"description\":\"Espacio que alberga tanto la memoria y legado creativo de la artista\",\"potentialAction\":[{\"@type\":\"SearchAction\",\"target\":{\"@type\":\"EntryPoint\",\"urlTemplate\":\"http:\/\/vientosur.top\/museo\/?s={search_term_string}\"},\"query-input\":{\"@type\":\"PropertyValueSpecification\",\"valueRequired\":true,\"valueName\":\"search_term_string\"}}],\"inLanguage\":\"es\"}]}<\/script>\n<!-- \/ Yoast SEO plugin. -->","yoast_head_json":{"title":"Taller \u00bfC\u00f3mo cuidar a mi suculenta? (Museo Verde) - Museo Violeta Parra","description":"Junto a Evelin Jerez conocer\u00e1s los puntos m\u00e1s importante que se deben considerar a la hora de cultivar suculentas. Las plantas suculentas son poco exigentes con respecto a sus cuidados pero como todo ser vivo necesita dedicaci\u00f3n y compromiso.","robots":{"index":"index","follow":"follow","max-snippet":"max-snippet:-1","max-image-preview":"max-image-preview:large","max-video-preview":"max-video-preview:-1"},"canonical":"http:\/\/vientosur.top\/museo\/agenda\/taller-como-cuidar-a-mi-suculenta-museo-verde\/","og_locale":"es_ES","og_type":"article","og_title":"Taller \u00bfC\u00f3mo cuidar a mi suculenta? (Museo Verde) - Museo Violeta Parra","og_description":"Junto a Evelin Jerez conocer\u00e1s los puntos m\u00e1s importante que se deben considerar a la hora de cultivar suculentas. Las plantas suculentas son poco exigentes con respecto a sus cuidados pero como todo ser vivo necesita dedicaci\u00f3n y compromiso.","og_url":"http:\/\/vientosur.top\/museo\/agenda\/taller-como-cuidar-a-mi-suculenta-museo-verde\/","og_site_name":"Museo Violeta Parra","article_modified_time":"2020-12-09T01:48:18+00:00","og_image":[{"width":1095,"height":800,"url":"http:\/\/vientosur.top\/museo\/wp-content\/uploads\/2020\/12\/Como-cuidar-mi-suculenta.jpg","type":"image\/jpeg"}],"twitter_card":"summary_large_image","twitter_misc":{"Tiempo de lectura":"1 minuto"},"schema":{"@context":"https:\/\/schema.org","@graph":[{"@type":"WebPage","@id":"http:\/\/vientosur.top\/museo\/agenda\/taller-como-cuidar-a-mi-suculenta-museo-verde\/","url":"http:\/\/vientosur.top\/museo\/agenda\/taller-como-cuidar-a-mi-suculenta-museo-verde\/","name":"Taller \u00bfC\u00f3mo cuidar a mi suculenta? (Museo Verde) - Museo Violeta Parra","isPartOf":{"@id":"http:\/\/vientosur.top\/museo\/#website"},"primaryImageOfPage":{"@id":"http:\/\/vientosur.top\/museo\/agenda\/taller-como-cuidar-a-mi-suculenta-museo-verde\/#primaryimage"},"image":{"@id":"http:\/\/vientosur.top\/museo\/agenda\/taller-como-cuidar-a-mi-suculenta-museo-verde\/#primaryimage"},"thumbnailUrl":"http:\/\/vientosur.top\/museo\/wp-content\/uploads\/2020\/12\/Como-cuidar-mi-suculenta.jpg","datePublished":"2020-12-02T19:37:39+00:00","dateModified":"2020-12-09T01:48:18+00:00","description":"Junto a Evelin Jerez conocer\u00e1s los puntos m\u00e1s importante que se deben considerar a la hora de cultivar suculentas. Las plantas suculentas son poco exigentes con respecto a sus cuidados pero como todo ser vivo necesita dedicaci\u00f3n y compromiso.","breadcrumb":{"@id":"http:\/\/vientosur.top\/museo\/agenda\/taller-como-cuidar-a-mi-suculenta-museo-verde\/#breadcrumb"},"inLanguage":"es","potentialAction":[{"@type":"ReadAction","target":["http:\/\/vientosur.top\/museo\/agenda\/taller-como-cuidar-a-mi-suculenta-museo-verde\/"]}]},{"@type":"ImageObject","inLanguage":"es","@id":"http:\/\/vientosur.top\/museo\/agenda\/taller-como-cuidar-a-mi-suculenta-museo-verde\/#primaryimage","url":"http:\/\/vientosur.top\/museo\/wp-content\/uploads\/2020\/12\/Como-cuidar-mi-suculenta.jpg","contentUrl":"http:\/\/vientosur.top\/museo\/wp-content\/uploads\/2020\/12\/Como-cuidar-mi-suculenta.jpg","width":1095,"height":800},{"@type":"BreadcrumbList","@id":"http:\/\/vientosur.top\/museo\/agenda\/taller-como-cuidar-a-mi-suculenta-museo-verde\/#breadcrumb","itemListElement":[{"@type":"ListItem","position":1,"name":"Portada","item":"http:\/\/vientosur.top\/museo\/"},{"@type":"ListItem","position":2,"name":"Agenda","item":"http:\/\/vientosur.top\/museo\/agenda\/"},{"@type":"ListItem","position":3,"name":"Taller \u00bfC\u00f3mo cuidar a mi suculenta? (Museo Verde)"}]},{"@type":"WebSite","@id":"http:\/\/vientosur.top\/museo\/#website","url":"http:\/\/vientosur.top\/museo\/","name":"Museo Violeta Parra","description":"Espacio que alberga tanto la memoria y legado creativo de la artista","potentialAction":[{"@type":"SearchAction","target":{"@type":"EntryPoint","urlTemplate":"http:\/\/vientosur.top\/museo\/?s={search_term_string}"},"query-input":{"@type":"PropertyValueSpecification","valueRequired":true,"valueName":"search_term_string"}}],"inLanguage":"es"}]}},"_links":{"self":[{"href":"http:\/\/vientosur.top\/museo\/wp-json\/wp\/v2\/agenda\/23919","targetHints":{"allow":["GET"]}}],"collection":[{"href":"http:\/\/vientosur.top\/museo\/wp-json\/wp\/v2\/agenda"}],"about":[{"href":"http:\/\/vientosur.top\/museo\/wp-json\/wp\/v2\/types\/agenda"}],"author":[{"embeddable":true,"href":"http:\/\/vientosur.top\/museo\/wp-json\/wp\/v2\/users\/5"}],"wp:featuredmedia":[{"embeddable":true,"href":"http:\/\/vientosur.top\/museo\/wp-json\/wp\/v2\/media\/23977"}],"wp:attachment":[{"href":"http:\/\/vientosur.top\/museo\/wp-json\/wp\/v2\/media?parent=23919"}],"wp:term":[{"taxonomy":"tipo-de-actividad","embeddable":true,"href":"http:\/\/vientosur.top\/museo\/wp-json\/wp\/v2\/tipo-de-actividad?post=23919"}],"curies":[{"name":"wp","href":"https:\/\/api.w.org\/{rel}","templated":true}]}}

Taller ¿Cómo cuidar a mi suculenta? (Museo Verde)

<p><strong>#VioletaEnCasa te invita al&nbsp;Taller ¿Cómo cuidar a mi suculenta? (Museo Verde)<br></strong><br>Junto a Evelin Jerez conocerás los puntos más importante que se deben considerar a la hora de cultivar suculentas. Las plantas suculentas son poco exigentes con respecto a sus cuidados pero como todo ser vivo necesita dedicación y compromiso.<br>¿Dónde ubicarlas?, ¿Cómo y cada cuánto regarlas? son algunas de las dudas que siempre surgen y no sabemos qué hacer. No te preocupes, aprenderás sobre iluminación, sustrato, riego y algunos tips para que puedas disfrutar su crecimiento y la gran experiencia de tener plantas en casa.</p>



<p>*Esta actividad incorpora Intérprete de Lengua de Señas Chilena</p>



<p>Para niñas, niños y adultos<br>Fecha: Miércoles 9 de diciembre<br>Horario: 19.00 a 20.00</p>

<!-- This site is optimized with the Yoast SEO plugin v25.4 - https://yoast.com/wordpress/plugins/seo/ -->
<title>Taller ¿Cómo cuidar a mi suculenta? (Museo Verde) - Museo Violeta Parra</title>
<meta name="description" content="Junto a Evelin Jerez conocerás los puntos más importante que se deben considerar a la hora de cultivar suculentas. Las plantas suculentas son poco exigentes con respecto a sus cuidados pero como todo ser vivo necesita dedicación y compromiso." />
<meta name="robots" content="index, follow, max-snippet:-1, max-image-preview:large, max-video-preview:-1" />
<link rel="canonical" href="http://vientosur.top/museo/agenda/taller-como-cuidar-a-mi-suculenta-museo-verde/" />
<meta property="og:locale" content="es_ES" />
<meta property="og:type" content="article" />
<meta property="og:title" content="Taller ¿Cómo cuidar a mi suculenta? (Museo Verde) - Museo Violeta Parra" />
<meta property="og:description" content="Junto a Evelin Jerez conocerás los puntos más importante que se deben considerar a la hora de cultivar suculentas. Las plantas suculentas son poco exigentes con respecto a sus cuidados pero como todo ser vivo necesita dedicación y compromiso." />
<meta property="og:url" content="http://vientosur.top/museo/agenda/taller-como-cuidar-a-mi-suculenta-museo-verde/" />
<meta property="og:site_name" content="Museo Violeta Parra" />
<meta property="article:modified_time" content="2020-12-09T01:48:18+00:00" />
<meta property="og:image" content="http://vientosur.top/museo/wp-content/uploads/2020/12/Como-cuidar-mi-suculenta.jpg" />
	<meta property="og:image:width" content="1095" />
	<meta property="og:image:height" content="800" />
	<meta property="og:image:type" content="image/jpeg" />
<meta name="twitter:card" content="summary_large_image" />
<meta name="twitter:label1" content="Tiempo de lectura" />
	<meta name="twitter:data1" content="1 minuto" />
<script type="application/ld+json" class="yoast-schema-graph">{"@context":"https://schema.org","@graph":[{"@type":"WebPage","@id":"http://vientosur.top/museo/agenda/taller-como-cuidar-a-mi-suculenta-museo-verde/","url":"http://vientosur.top/museo/agenda/taller-como-cuidar-a-mi-suculenta-museo-verde/","name":"Taller ¿Cómo cuidar a mi suculenta? (Museo Verde) - Museo Violeta Parra","isPartOf":{"@id":"http://vientosur.top/museo/#website"},"primaryImageOfPage":{"@id":"http://vientosur.top/museo/agenda/taller-como-cuidar-a-mi-suculenta-museo-verde/#primaryimage"},"image":{"@id":"http://vientosur.top/museo/agenda/taller-como-cuidar-a-mi-suculenta-museo-verde/#primaryimage"},"thumbnailUrl":"http://vientosur.top/museo/wp-content/uploads/2020/12/Como-cuidar-mi-suculenta.jpg","datePublished":"2020-12-02T19:37:39+00:00","dateModified":"2020-12-09T01:48:18+00:00","description":"Junto a Evelin Jerez conocerás los puntos más importante que se deben considerar a la hora de cultivar suculentas. Las plantas suculentas son poco exigentes con respecto a sus cuidados pero como todo ser vivo necesita dedicación y compromiso.","breadcrumb":{"@id":"http://vientosur.top/museo/agenda/taller-como-cuidar-a-mi-suculenta-museo-verde/#breadcrumb"},"inLanguage":"es","potentialAction":[{"@type":"ReadAction","target":["http://vientosur.top/museo/agenda/taller-como-cuidar-a-mi-suculenta-museo-verde/"]}]},{"@type":"ImageObject","inLanguage":"es","@id":"http://vientosur.top/museo/agenda/taller-como-cuidar-a-mi-suculenta-museo-verde/#primaryimage","url":"http://vientosur.top/museo/wp-content/uploads/2020/12/Como-cuidar-mi-suculenta.jpg","contentUrl":"http://vientosur.top/museo/wp-content/uploads/2020/12/Como-cuidar-mi-suculenta.jpg","width":1095,"height":800},{"@type":"BreadcrumbList","@id":"http://vientosur.top/museo/agenda/taller-como-cuidar-a-mi-suculenta-museo-verde/#breadcrumb","itemListElement":[{"@type":"ListItem","position":1,"name":"Portada","item":"http://vientosur.top/museo/"},{"@type":"ListItem","position":2,"name":"Agenda","item":"http://vientosur.top/museo/agenda/"},{"@type":"ListItem","position":3,"name":"Taller ¿Cómo cuidar a mi suculenta? (Museo Verde)"}]},{"@type":"WebSite","@id":"http://vientosur.top/museo/#website","url":"http://vientosur.top/museo/","name":"Museo Violeta Parra","description":"Espacio que alberga tanto la memoria y legado creativo de la artista","potentialAction":[{"@type":"SearchAction","target":{"@type":"EntryPoint","urlTemplate":"http://vientosur.top/museo/?s={search_term_string}"},"query-input":{"@type":"PropertyValueSpecification","valueRequired":true,"valueName":"search_term_string"}}],"inLanguage":"es"}]}</script>
<!-- / Yoast SEO plugin. -->

Taller ¿Cómo cuidar a mi suculenta? (Museo Verde) - Museo Violeta Parra

Junto a Evelin Jerez conocerás los puntos más importante que se deben considerar a la hora de cultivar suculentas. Las plantas suculentas son poco exigentes con respecto a sus cuidados pero como todo ser vivo necesita dedicación y compromiso.
