{"id":26109,"date":"2021-09-01T17:03:51","date_gmt":"2021-09-01T17:03:51","guid":{"rendered":"http:\/\/vientosur.top\/museo\/?post_type=agenda&#038;p=26109"},"modified":"2021-09-01T17:03:52","modified_gmt":"2021-09-01T17:03:52","slug":"ciclo-de-cuecas-concierto-de-los-metayponga","status":"publish","type":"agenda","link":"http:\/\/vientosur.top\/museo\/agenda\/ciclo-de-cuecas-concierto-de-los-metayponga\/","title":{"rendered":"Ciclo de Cuecas: Concierto de Los MetayPonga"},"content":{"rendered":"\n<p><strong>#VioletaEnCasa presenta a Los MetayPonga en concierto, en el marco de nuestro Ciclo de Cuecas. <\/strong><\/p>\n\n\n\n<p>Los MetayPonga parten en el a\u00f1o 2011, de la mano de m\u00fasicos apegados al sonido de la Cueca Chilenera.<\/p>\n\n\n\n<p>Entre la creaci\u00f3n, el trabajo y el fiato musical, una de las cosas importantes que los une es el legado y estilo del Barrio Estaci\u00f3n Central, en donde han cultivado el canto con referentes de la cueca como El Perico Chilenero, Hern\u00e1n \u201cNano\u201d N\u00fa\u00f1ez, Luis Araneda \u201cEl Baucha\u201d, Manolo Santis, Osvaldo Cerda \u201cEl Buey\u201d, entre otros, y aliment\u00e1ndose tambi\u00e9n de tradici\u00f3n oral con exponentes y personajes del mismo lugar.<\/p>\n\n\n\n<p>En el a\u00f1o 2014, graban su primer disco \u201cCon Caldo y Papas\u201d, incorporando cuecas de su propia autor\u00eda y logrando con \u00e9l la consolidaci\u00f3n del grupo.<\/p>\n\n\n\n<p>Los MetayPonga cuentan con una segunda producci\u00f3n grabada el a\u00f1o 2017 y que lleva por nombre \u201cCon el Alma en la Carpeta\u201d. Hoy se encuentran trabajando en una tercera producci\u00f3n.<\/p>\n","protected":false},"author":5,"featured_media":26121,"parent":0,"template":"","meta":{"site-sidebar-layout":"default","site-content-layout":"","ast-site-content-layout":"default","site-content-style":"default","site-sidebar-style":"default","ast-global-header-display":"","ast-banner-title-visibility":"","ast-main-header-display":"","ast-hfb-above-header-display":"","ast-hfb-below-header-display":"","ast-hfb-mobile-header-display":"","site-post-title":"","ast-breadcrumbs-content":"","ast-featured-img":"","footer-sml-layout":"","theme-transparent-header-meta":"","adv-header-id-meta":"","stick-header-meta":"","header-above-stick-meta":"","header-main-stick-meta":"","header-below-stick-meta":"","astra-migrate-meta-layouts":"default","ast-page-background-enabled":"default","ast-page-background-meta":{"desktop":{"background-color":"var(--ast-global-color-4)","background-image":"","background-repeat":"repeat","background-position":"center center","background-size":"auto","background-attachment":"scroll","background-type":"","background-media":"","overlay-type":"","overlay-color":"","overlay-opacity":"","overlay-gradient":""},"tablet":{"background-color":"","background-image":"","background-repeat":"repeat","background-position":"center center","background-size":"auto","background-attachment":"scroll","background-type":"","background-media":"","overlay-type":"","overlay-color":"","overlay-opacity":"","overlay-gradient":""},"mobile":{"background-color":"","background-image":"","background-repeat":"repeat","background-position":"center center","background-size":"auto","background-attachment":"scroll","background-type":"","background-media":"","overlay-type":"","overlay-color":"","overlay-opacity":"","overlay-gradient":""}},"ast-content-background-meta":{"desktop":{"background-color":"var(--ast-global-color-5)","background-image":"","background-repeat":"repeat","background-position":"center center","background-size":"auto","background-attachment":"scroll","background-type":"","background-media":"","overlay-type":"","overlay-color":"","overlay-opacity":"","overlay-gradient":""},"tablet":{"background-color":"var(--ast-global-color-5)","background-image":"","background-repeat":"repeat","background-position":"center center","background-size":"auto","background-attachment":"scroll","background-type":"","background-media":"","overlay-type":"","overlay-color":"","overlay-opacity":"","overlay-gradient":""},"mobile":{"background-color":"var(--ast-global-color-5)","background-image":"","background-repeat":"repeat","background-position":"center center","background-size":"auto","background-attachment":"scroll","background-type":"","background-media":"","overlay-type":"","overlay-color":"","overlay-opacity":"","overlay-gradient":""}}},"tipo-de-actividad":[28],"class_list":["post-26109","agenda","type-agenda","status-publish","has-post-thumbnail","hentry","tipo-de-actividad-conciertos"],"yoast_head":"<!-- This site is optimized with the Yoast SEO plugin v25.4 - https:\/\/yoast.com\/wordpress\/plugins\/seo\/ -->\n<title>Ciclo de Cuecas: Concierto de Los MetayPonga - Museo Violeta Parra<\/title>\n<meta name=\"robots\" content=\"index, follow, max-snippet:-1, max-image-preview:large, max-video-preview:-1\" \/>\n<link rel=\"canonical\" href=\"http:\/\/vientosur.top\/museo\/agenda\/ciclo-de-cuecas-concierto-de-los-metayponga\/\" \/>\n<meta property=\"og:locale\" content=\"es_ES\" \/>\n<meta property=\"og:type\" content=\"article\" \/>\n<meta property=\"og:title\" content=\"Ciclo de Cuecas: Concierto de Los MetayPonga - Museo Violeta Parra\" \/>\n<meta property=\"og:description\" content=\"#VioletaEnCasa presenta a Los MetayPonga en concierto, en el marco de nuestro Ciclo de Cuecas. Los MetayPonga parten en el a\u00f1o 2011, de la mano de m\u00fasicos apegados al sonido de la Cueca Chilenera. Entre la creaci\u00f3n, el trabajo y el fiato musical, una de las cosas importantes que los une es el legado y [&hellip;]\" \/>\n<meta property=\"og:url\" content=\"http:\/\/vientosur.top\/museo\/agenda\/ciclo-de-cuecas-concierto-de-los-metayponga\/\" \/>\n<meta property=\"og:site_name\" content=\"Museo Violeta Parra\" \/>\n<meta property=\"article:modified_time\" content=\"2021-09-01T17:03:52+00:00\" \/>\n<meta property=\"og:image\" content=\"http:\/\/vientosur.top\/museo\/wp-content\/uploads\/2021\/09\/Foto-Grupo-LMYP-e1630515694911.jpg\" \/>\n\t<meta property=\"og:image:width\" content=\"1097\" \/>\n\t<meta property=\"og:image:height\" content=\"800\" \/>\n\t<meta property=\"og:image:type\" content=\"image\/jpeg\" \/>\n<meta name=\"twitter:card\" content=\"summary_large_image\" \/>\n<meta name=\"twitter:label1\" content=\"Tiempo de lectura\" \/>\n\t<meta name=\"twitter:data1\" content=\"1 minuto\" \/>\n<script type=\"application\/ld+json\" class=\"yoast-schema-graph\">{\"@context\":\"https:\/\/schema.org\",\"@graph\":[{\"@type\":\"WebPage\",\"@id\":\"http:\/\/vientosur.top\/museo\/agenda\/ciclo-de-cuecas-concierto-de-los-metayponga\/\",\"url\":\"http:\/\/vientosur.top\/museo\/agenda\/ciclo-de-cuecas-concierto-de-los-metayponga\/\",\"name\":\"Ciclo de Cuecas: Concierto de Los MetayPonga - Museo Violeta Parra\",\"isPartOf\":{\"@id\":\"http:\/\/vientosur.top\/museo\/#website\"},\"primaryImageOfPage\":{\"@id\":\"http:\/\/vientosur.top\/museo\/agenda\/ciclo-de-cuecas-concierto-de-los-metayponga\/#primaryimage\"},\"image\":{\"@id\":\"http:\/\/vientosur.top\/museo\/agenda\/ciclo-de-cuecas-concierto-de-los-metayponga\/#primaryimage\"},\"thumbnailUrl\":\"http:\/\/vientosur.top\/museo\/wp-content\/uploads\/2021\/09\/Foto-Grupo-LMYP-e1630515694911.jpg\",\"datePublished\":\"2021-09-01T17:03:51+00:00\",\"dateModified\":\"2021-09-01T17:03:52+00:00\",\"breadcrumb\":{\"@id\":\"http:\/\/vientosur.top\/museo\/agenda\/ciclo-de-cuecas-concierto-de-los-metayponga\/#breadcrumb\"},\"inLanguage\":\"es\",\"potentialAction\":[{\"@type\":\"ReadAction\",\"target\":[\"http:\/\/vientosur.top\/museo\/agenda\/ciclo-de-cuecas-concierto-de-los-metayponga\/\"]}]},{\"@type\":\"ImageObject\",\"inLanguage\":\"es\",\"@id\":\"http:\/\/vientosur.top\/museo\/agenda\/ciclo-de-cuecas-concierto-de-los-metayponga\/#primaryimage\",\"url\":\"http:\/\/vientosur.top\/museo\/wp-content\/uploads\/2021\/09\/Foto-Grupo-LMYP-e1630515694911.jpg\",\"contentUrl\":\"http:\/\/vientosur.top\/museo\/wp-content\/uploads\/2021\/09\/Foto-Grupo-LMYP-e1630515694911.jpg\",\"width\":1097,\"height\":800},{\"@type\":\"BreadcrumbList\",\"@id\":\"http:\/\/vientosur.top\/museo\/agenda\/ciclo-de-cuecas-concierto-de-los-metayponga\/#breadcrumb\",\"itemListElement\":[{\"@type\":\"ListItem\",\"position\":1,\"name\":\"Portada\",\"item\":\"http:\/\/vientosur.top\/museo\/\"},{\"@type\":\"ListItem\",\"position\":2,\"name\":\"Agenda\",\"item\":\"http:\/\/vientosur.top\/museo\/agenda\/\"},{\"@type\":\"ListItem\",\"position\":3,\"name\":\"Ciclo de Cuecas: Concierto de Los MetayPonga\"}]},{\"@type\":\"WebSite\",\"@id\":\"http:\/\/vientosur.top\/museo\/#website\",\"url\":\"http:\/\/vientosur.top\/museo\/\",\"name\":\"Museo Violeta Parra\",\"description\":\"Espacio que alberga tanto la memoria y legado creativo de la artista\",\"potentialAction\":[{\"@type\":\"SearchAction\",\"target\":{\"@type\":\"EntryPoint\",\"urlTemplate\":\"http:\/\/vientosur.top\/museo\/?s={search_term_string}\"},\"query-input\":{\"@type\":\"PropertyValueSpecification\",\"valueRequired\":true,\"valueName\":\"search_term_string\"}}],\"inLanguage\":\"es\"}]}<\/script>\n<!-- \/ Yoast SEO plugin. -->","yoast_head_json":{"title":"Ciclo de Cuecas: Concierto de Los MetayPonga - Museo Violeta Parra","robots":{"index":"index","follow":"follow","max-snippet":"max-snippet:-1","max-image-preview":"max-image-preview:large","max-video-preview":"max-video-preview:-1"},"canonical":"http:\/\/vientosur.top\/museo\/agenda\/ciclo-de-cuecas-concierto-de-los-metayponga\/","og_locale":"es_ES","og_type":"article","og_title":"Ciclo de Cuecas: Concierto de Los MetayPonga - Museo Violeta Parra","og_description":"#VioletaEnCasa presenta a Los MetayPonga en concierto, en el marco de nuestro Ciclo de Cuecas. Los MetayPonga parten en el a\u00f1o 2011, de la mano de m\u00fasicos apegados al sonido de la Cueca Chilenera. Entre la creaci\u00f3n, el trabajo y el fiato musical, una de las cosas importantes que los une es el legado y [&hellip;]","og_url":"http:\/\/vientosur.top\/museo\/agenda\/ciclo-de-cuecas-concierto-de-los-metayponga\/","og_site_name":"Museo Violeta Parra","article_modified_time":"2021-09-01T17:03:52+00:00","og_image":[{"width":1097,"height":800,"url":"http:\/\/vientosur.top\/museo\/wp-content\/uploads\/2021\/09\/Foto-Grupo-LMYP-e1630515694911.jpg","type":"image\/jpeg"}],"twitter_card":"summary_large_image","twitter_misc":{"Tiempo de lectura":"1 minuto"},"schema":{"@context":"https:\/\/schema.org","@graph":[{"@type":"WebPage","@id":"http:\/\/vientosur.top\/museo\/agenda\/ciclo-de-cuecas-concierto-de-los-metayponga\/","url":"http:\/\/vientosur.top\/museo\/agenda\/ciclo-de-cuecas-concierto-de-los-metayponga\/","name":"Ciclo de Cuecas: Concierto de Los MetayPonga - Museo Violeta Parra","isPartOf":{"@id":"http:\/\/vientosur.top\/museo\/#website"},"primaryImageOfPage":{"@id":"http:\/\/vientosur.top\/museo\/agenda\/ciclo-de-cuecas-concierto-de-los-metayponga\/#primaryimage"},"image":{"@id":"http:\/\/vientosur.top\/museo\/agenda\/ciclo-de-cuecas-concierto-de-los-metayponga\/#primaryimage"},"thumbnailUrl":"http:\/\/vientosur.top\/museo\/wp-content\/uploads\/2021\/09\/Foto-Grupo-LMYP-e1630515694911.jpg","datePublished":"2021-09-01T17:03:51+00:00","dateModified":"2021-09-01T17:03:52+00:00","breadcrumb":{"@id":"http:\/\/vientosur.top\/museo\/agenda\/ciclo-de-cuecas-concierto-de-los-metayponga\/#breadcrumb"},"inLanguage":"es","potentialAction":[{"@type":"ReadAction","target":["http:\/\/vientosur.top\/museo\/agenda\/ciclo-de-cuecas-concierto-de-los-metayponga\/"]}]},{"@type":"ImageObject","inLanguage":"es","@id":"http:\/\/vientosur.top\/museo\/agenda\/ciclo-de-cuecas-concierto-de-los-metayponga\/#primaryimage","url":"http:\/\/vientosur.top\/museo\/wp-content\/uploads\/2021\/09\/Foto-Grupo-LMYP-e1630515694911.jpg","contentUrl":"http:\/\/vientosur.top\/museo\/wp-content\/uploads\/2021\/09\/Foto-Grupo-LMYP-e1630515694911.jpg","width":1097,"height":800},{"@type":"BreadcrumbList","@id":"http:\/\/vientosur.top\/museo\/agenda\/ciclo-de-cuecas-concierto-de-los-metayponga\/#breadcrumb","itemListElement":[{"@type":"ListItem","position":1,"name":"Portada","item":"http:\/\/vientosur.top\/museo\/"},{"@type":"ListItem","position":2,"name":"Agenda","item":"http:\/\/vientosur.top\/museo\/agenda\/"},{"@type":"ListItem","position":3,"name":"Ciclo de Cuecas: Concierto de Los MetayPonga"}]},{"@type":"WebSite","@id":"http:\/\/vientosur.top\/museo\/#website","url":"http:\/\/vientosur.top\/museo\/","name":"Museo Violeta Parra","description":"Espacio que alberga tanto la memoria y legado creativo de la artista","potentialAction":[{"@type":"SearchAction","target":{"@type":"EntryPoint","urlTemplate":"http:\/\/vientosur.top\/museo\/?s={search_term_string}"},"query-input":{"@type":"PropertyValueSpecification","valueRequired":true,"valueName":"search_term_string"}}],"inLanguage":"es"}]}},"_links":{"self":[{"href":"http:\/\/vientosur.top\/museo\/wp-json\/wp\/v2\/agenda\/26109","targetHints":{"allow":["GET"]}}],"collection":[{"href":"http:\/\/vientosur.top\/museo\/wp-json\/wp\/v2\/agenda"}],"about":[{"href":"http:\/\/vientosur.top\/museo\/wp-json\/wp\/v2\/types\/agenda"}],"author":[{"embeddable":true,"href":"http:\/\/vientosur.top\/museo\/wp-json\/wp\/v2\/users\/5"}],"wp:featuredmedia":[{"embeddable":true,"href":"http:\/\/vientosur.top\/museo\/wp-json\/wp\/v2\/media\/26121"}],"wp:attachment":[{"href":"http:\/\/vientosur.top\/museo\/wp-json\/wp\/v2\/media?parent=26109"}],"wp:term":[{"taxonomy":"tipo-de-actividad","embeddable":true,"href":"http:\/\/vientosur.top\/museo\/wp-json\/wp\/v2\/tipo-de-actividad?post=26109"}],"curies":[{"name":"wp","href":"https:\/\/api.w.org\/{rel}","templated":true}]}}

<p><strong>#VioletaEnCasa presenta a Los MetayPonga en concierto, en el marco de nuestro Ciclo de Cuecas. </strong></p>



<p>Los MetayPonga parten en el año 2011, de la mano de músicos apegados al sonido de la Cueca Chilenera.</p>



<p>Entre la creación, el trabajo y el fiato musical, una de las cosas importantes que los une es el legado y estilo del Barrio Estación Central, en donde han cultivado el canto con referentes de la cueca como El Perico Chilenero, Hernán “Nano” Núñez, Luis Araneda “El Baucha”, Manolo Santis, Osvaldo Cerda “El Buey”, entre otros, y alimentándose también de tradición oral con exponentes y personajes del mismo lugar.</p>



<p>En el año 2014, graban su primer disco “Con Caldo y Papas”, incorporando cuecas de su propia autoría y logrando con él la consolidación del grupo.</p>



<p>Los MetayPonga cuentan con una segunda producción grabada el año 2017 y que lleva por nombre “Con el Alma en la Carpeta”. Hoy se encuentran trabajando en una tercera producción.</p>

<!-- This site is optimized with the Yoast SEO plugin v25.4 - https://yoast.com/wordpress/plugins/seo/ -->
<title>Ciclo de Cuecas: Concierto de Los MetayPonga - Museo Violeta Parra</title>
<meta name="robots" content="index, follow, max-snippet:-1, max-image-preview:large, max-video-preview:-1" />
<link rel="canonical" href="http://vientosur.top/museo/agenda/ciclo-de-cuecas-concierto-de-los-metayponga/" />
<meta property="og:locale" content="es_ES" />
<meta property="og:type" content="article" />
<meta property="og:title" content="Ciclo de Cuecas: Concierto de Los MetayPonga - Museo Violeta Parra" />
<meta property="og:description" content="#VioletaEnCasa presenta a Los MetayPonga en concierto, en el marco de nuestro Ciclo de Cuecas. Los MetayPonga parten en el año 2011, de la mano de músicos apegados al sonido de la Cueca Chilenera. Entre la creación, el trabajo y el fiato musical, una de las cosas importantes que los une es el legado y [&hellip;]" />
<meta property="og:url" content="http://vientosur.top/museo/agenda/ciclo-de-cuecas-concierto-de-los-metayponga/" />
<meta property="og:site_name" content="Museo Violeta Parra" />
<meta property="article:modified_time" content="2021-09-01T17:03:52+00:00" />
<meta property="og:image" content="http://vientosur.top/museo/wp-content/uploads/2021/09/Foto-Grupo-LMYP-e1630515694911.jpg" />
	<meta property="og:image:width" content="1097" />
	<meta property="og:image:height" content="800" />
	<meta property="og:image:type" content="image/jpeg" />
<meta name="twitter:card" content="summary_large_image" />
<meta name="twitter:label1" content="Tiempo de lectura" />
	<meta name="twitter:data1" content="1 minuto" />
<script type="application/ld+json" class="yoast-schema-graph">{"@context":"https://schema.org","@graph":[{"@type":"WebPage","@id":"http://vientosur.top/museo/agenda/ciclo-de-cuecas-concierto-de-los-metayponga/","url":"http://vientosur.top/museo/agenda/ciclo-de-cuecas-concierto-de-los-metayponga/","name":"Ciclo de Cuecas: Concierto de Los MetayPonga - Museo Violeta Parra","isPartOf":{"@id":"http://vientosur.top/museo/#website"},"primaryImageOfPage":{"@id":"http://vientosur.top/museo/agenda/ciclo-de-cuecas-concierto-de-los-metayponga/#primaryimage"},"image":{"@id":"http://vientosur.top/museo/agenda/ciclo-de-cuecas-concierto-de-los-metayponga/#primaryimage"},"thumbnailUrl":"http://vientosur.top/museo/wp-content/uploads/2021/09/Foto-Grupo-LMYP-e1630515694911.jpg","datePublished":"2021-09-01T17:03:51+00:00","dateModified":"2021-09-01T17:03:52+00:00","breadcrumb":{"@id":"http://vientosur.top/museo/agenda/ciclo-de-cuecas-concierto-de-los-metayponga/#breadcrumb"},"inLanguage":"es","potentialAction":[{"@type":"ReadAction","target":["http://vientosur.top/museo/agenda/ciclo-de-cuecas-concierto-de-los-metayponga/"]}]},{"@type":"ImageObject","inLanguage":"es","@id":"http://vientosur.top/museo/agenda/ciclo-de-cuecas-concierto-de-los-metayponga/#primaryimage","url":"http://vientosur.top/museo/wp-content/uploads/2021/09/Foto-Grupo-LMYP-e1630515694911.jpg","contentUrl":"http://vientosur.top/museo/wp-content/uploads/2021/09/Foto-Grupo-LMYP-e1630515694911.jpg","width":1097,"height":800},{"@type":"BreadcrumbList","@id":"http://vientosur.top/museo/agenda/ciclo-de-cuecas-concierto-de-los-metayponga/#breadcrumb","itemListElement":[{"@type":"ListItem","position":1,"name":"Portada","item":"http://vientosur.top/museo/"},{"@type":"ListItem","position":2,"name":"Agenda","item":"http://vientosur.top/museo/agenda/"},{"@type":"ListItem","position":3,"name":"Ciclo de Cuecas: Concierto de Los MetayPonga"}]},{"@type":"WebSite","@id":"http://vientosur.top/museo/#website","url":"http://vientosur.top/museo/","name":"Museo Violeta Parra","description":"Espacio que alberga tanto la memoria y legado creativo de la artista","potentialAction":[{"@type":"SearchAction","target":{"@type":"EntryPoint","urlTemplate":"http://vientosur.top/museo/?s={search_term_string}"},"query-input":{"@type":"PropertyValueSpecification","valueRequired":true,"valueName":"search_term_string"}}],"inLanguage":"es"}]}</script>
<!-- / Yoast SEO plugin. -->

#VioletaEnCasa presenta a Los MetayPonga en concierto, en el marco de nuestro Ciclo de Cuecas. Los MetayPonga parten en el año 2011, de la mano de músicos apegados al sonido de la Cueca Chilenera. Entre la creación, el trabajo y el fiato musical, una de las cosas importantes que los une es el legado y [&hellip;]
