{"id":26132,"date":"2021-09-01T17:19:27","date_gmt":"2021-09-01T17:19:27","guid":{"rendered":"http:\/\/vientosur.top\/museo\/?post_type=agenda&#038;p=26132"},"modified":"2021-09-01T18:10:10","modified_gmt":"2021-09-01T18:10:10","slug":"concierto-de-andrea-andreu","status":"publish","type":"agenda","link":"http:\/\/vientosur.top\/museo\/agenda\/concierto-de-andrea-andreu\/","title":{"rendered":"Concierto de Andrea Andreu"},"content":{"rendered":"\n<p><strong>#VioletaEnCasa presenta a Andrea Andreu en concierto<\/strong>.<\/p>\n\n\n\n<p>Andrea Andreu Mu\u00f1oz es cantautora e int\u00e9rprete de m\u00fasica tradicional y de ra\u00edz folcl\u00f3rica. Posee una amplia preparaci\u00f3n acad\u00e9mica, la que ha sabido poner al servicio de ciertos conocimientos expresivos-musicales que pertenecen a la sabidur\u00eda oral.<\/p>\n\n\n\n<p>El a\u00f1o 2003, fue condecorada por la Rector\u00eda de la Universidad de Chile como \u201cMujer Generaci\u00f3n Siglo XXI\u201d. Disc\u00edpula de la compositora y folclorista Margot Loyola, ha publicado tres producciones fonogr\u00e1ficas: \u201cLegado\u201d, \u00e1lbum realizado junto a Margot Loyola, su maestra fundamental; \u201cRa\u00edz\u201d, un disco de creaci\u00f3n inspirado en los paisajes sonoros de Chile; y \u201cLa guitarra y sus temples en Chile, Per\u00fa y Argentina\u201d, dedicado a la guitarra traspuesta, el que est\u00e1 acompa\u00f1ado de un librillo. Su constante trabajo la ha llevado a ofrecer conciertos did\u00e1cticos, talleres y clases magistrales, en reiteradas ocasiones, en distintos territorios de Chile y pa\u00edses de Am\u00e9rica y Europa.&nbsp;<\/p>\n\n\n\n<p>Fecha: S\u00e1bado 11 de septiembre <\/p>\n\n\n\n<p>Horario: 19.00 a 20.00&nbsp;&nbsp;&nbsp;&nbsp;&nbsp;&nbsp;&nbsp;<\/p>\n","protected":false},"author":5,"featured_media":26135,"parent":0,"template":"","meta":{"site-sidebar-layout":"default","site-content-layout":"","ast-site-content-layout":"default","site-content-style":"default","site-sidebar-style":"default","ast-global-header-display":"","ast-banner-title-visibility":"","ast-main-header-display":"","ast-hfb-above-header-display":"","ast-hfb-below-header-display":"","ast-hfb-mobile-header-display":"","site-post-title":"","ast-breadcrumbs-content":"","ast-featured-img":"","footer-sml-layout":"","theme-transparent-header-meta":"","adv-header-id-meta":"","stick-header-meta":"","header-above-stick-meta":"","header-main-stick-meta":"","header-below-stick-meta":"","astra-migrate-meta-layouts":"default","ast-page-background-enabled":"default","ast-page-background-meta":{"desktop":{"background-color":"var(--ast-global-color-4)","background-image":"","background-repeat":"repeat","background-position":"center center","background-size":"auto","background-attachment":"scroll","background-type":"","background-media":"","overlay-type":"","overlay-color":"","overlay-opacity":"","overlay-gradient":""},"tablet":{"background-color":"","background-image":"","background-repeat":"repeat","background-position":"center center","background-size":"auto","background-attachment":"scroll","background-type":"","background-media":"","overlay-type":"","overlay-color":"","overlay-opacity":"","overlay-gradient":""},"mobile":{"background-color":"","background-image":"","background-repeat":"repeat","background-position":"center center","background-size":"auto","background-attachment":"scroll","background-type":"","background-media":"","overlay-type":"","overlay-color":"","overlay-opacity":"","overlay-gradient":""}},"ast-content-background-meta":{"desktop":{"background-color":"var(--ast-global-color-5)","background-image":"","background-repeat":"repeat","background-position":"center center","background-size":"auto","background-attachment":"scroll","background-type":"","background-media":"","overlay-type":"","overlay-color":"","overlay-opacity":"","overlay-gradient":""},"tablet":{"background-color":"var(--ast-global-color-5)","background-image":"","background-repeat":"repeat","background-position":"center center","background-size":"auto","background-attachment":"scroll","background-type":"","background-media":"","overlay-type":"","overlay-color":"","overlay-opacity":"","overlay-gradient":""},"mobile":{"background-color":"var(--ast-global-color-5)","background-image":"","background-repeat":"repeat","background-position":"center center","background-size":"auto","background-attachment":"scroll","background-type":"","background-media":"","overlay-type":"","overlay-color":"","overlay-opacity":"","overlay-gradient":""}}},"tipo-de-actividad":[28],"class_list":["post-26132","agenda","type-agenda","status-publish","has-post-thumbnail","hentry","tipo-de-actividad-conciertos"],"yoast_head":"<!-- This site is optimized with the Yoast SEO plugin v25.4 - https:\/\/yoast.com\/wordpress\/plugins\/seo\/ -->\n<title>Concierto de Andrea Andreu - Museo Violeta Parra<\/title>\n<meta name=\"robots\" content=\"index, follow, max-snippet:-1, max-image-preview:large, max-video-preview:-1\" \/>\n<link rel=\"canonical\" href=\"http:\/\/vientosur.top\/museo\/agenda\/concierto-de-andrea-andreu\/\" \/>\n<meta property=\"og:locale\" content=\"es_ES\" \/>\n<meta property=\"og:type\" content=\"article\" \/>\n<meta property=\"og:title\" content=\"Concierto de Andrea Andreu - Museo Violeta Parra\" \/>\n<meta property=\"og:description\" content=\"#VioletaEnCasa presenta a Andrea Andreu en concierto. Andrea Andreu Mu\u00f1oz es cantautora e int\u00e9rprete de m\u00fasica tradicional y de ra\u00edz folcl\u00f3rica. Posee una amplia preparaci\u00f3n acad\u00e9mica, la que ha sabido poner al servicio de ciertos conocimientos expresivos-musicales que pertenecen a la sabidur\u00eda oral. El a\u00f1o 2003, fue condecorada por la Rector\u00eda de la Universidad de [&hellip;]\" \/>\n<meta property=\"og:url\" content=\"http:\/\/vientosur.top\/museo\/agenda\/concierto-de-andrea-andreu\/\" \/>\n<meta property=\"og:site_name\" content=\"Museo Violeta Parra\" \/>\n<meta property=\"article:modified_time\" content=\"2021-09-01T18:10:10+00:00\" \/>\n<meta property=\"og:image\" content=\"http:\/\/vientosur.top\/museo\/wp-content\/uploads\/2021\/09\/DSC_5021-2-scaled-e1630519733217.jpg\" \/>\n\t<meta property=\"og:image:width\" content=\"1100\" \/>\n\t<meta property=\"og:image:height\" content=\"800\" \/>\n\t<meta property=\"og:image:type\" content=\"image\/jpeg\" \/>\n<meta name=\"twitter:card\" content=\"summary_large_image\" \/>\n<meta name=\"twitter:label1\" content=\"Tiempo de lectura\" \/>\n\t<meta name=\"twitter:data1\" content=\"1 minuto\" \/>\n<script type=\"application\/ld+json\" class=\"yoast-schema-graph\">{\"@context\":\"https:\/\/schema.org\",\"@graph\":[{\"@type\":\"WebPage\",\"@id\":\"http:\/\/vientosur.top\/museo\/agenda\/concierto-de-andrea-andreu\/\",\"url\":\"http:\/\/vientosur.top\/museo\/agenda\/concierto-de-andrea-andreu\/\",\"name\":\"Concierto de Andrea Andreu - Museo Violeta Parra\",\"isPartOf\":{\"@id\":\"http:\/\/vientosur.top\/museo\/#website\"},\"primaryImageOfPage\":{\"@id\":\"http:\/\/vientosur.top\/museo\/agenda\/concierto-de-andrea-andreu\/#primaryimage\"},\"image\":{\"@id\":\"http:\/\/vientosur.top\/museo\/agenda\/concierto-de-andrea-andreu\/#primaryimage\"},\"thumbnailUrl\":\"http:\/\/vientosur.top\/museo\/wp-content\/uploads\/2021\/09\/DSC_5021-2-scaled-e1630519733217.jpg\",\"datePublished\":\"2021-09-01T17:19:27+00:00\",\"dateModified\":\"2021-09-01T18:10:10+00:00\",\"breadcrumb\":{\"@id\":\"http:\/\/vientosur.top\/museo\/agenda\/concierto-de-andrea-andreu\/#breadcrumb\"},\"inLanguage\":\"es\",\"potentialAction\":[{\"@type\":\"ReadAction\",\"target\":[\"http:\/\/vientosur.top\/museo\/agenda\/concierto-de-andrea-andreu\/\"]}]},{\"@type\":\"ImageObject\",\"inLanguage\":\"es\",\"@id\":\"http:\/\/vientosur.top\/museo\/agenda\/concierto-de-andrea-andreu\/#primaryimage\",\"url\":\"http:\/\/vientosur.top\/museo\/wp-content\/uploads\/2021\/09\/DSC_5021-2-scaled-e1630519733217.jpg\",\"contentUrl\":\"http:\/\/vientosur.top\/museo\/wp-content\/uploads\/2021\/09\/DSC_5021-2-scaled-e1630519733217.jpg\",\"width\":1100,\"height\":800},{\"@type\":\"BreadcrumbList\",\"@id\":\"http:\/\/vientosur.top\/museo\/agenda\/concierto-de-andrea-andreu\/#breadcrumb\",\"itemListElement\":[{\"@type\":\"ListItem\",\"position\":1,\"name\":\"Portada\",\"item\":\"http:\/\/vientosur.top\/museo\/\"},{\"@type\":\"ListItem\",\"position\":2,\"name\":\"Agenda\",\"item\":\"http:\/\/vientosur.top\/museo\/agenda\/\"},{\"@type\":\"ListItem\",\"position\":3,\"name\":\"Concierto de Andrea Andreu\"}]},{\"@type\":\"WebSite\",\"@id\":\"http:\/\/vientosur.top\/museo\/#website\",\"url\":\"http:\/\/vientosur.top\/museo\/\",\"name\":\"Museo Violeta Parra\",\"description\":\"Espacio que alberga tanto la memoria y legado creativo de la artista\",\"potentialAction\":[{\"@type\":\"SearchAction\",\"target\":{\"@type\":\"EntryPoint\",\"urlTemplate\":\"http:\/\/vientosur.top\/museo\/?s={search_term_string}\"},\"query-input\":{\"@type\":\"PropertyValueSpecification\",\"valueRequired\":true,\"valueName\":\"search_term_string\"}}],\"inLanguage\":\"es\"}]}<\/script>\n<!-- \/ Yoast SEO plugin. -->","yoast_head_json":{"title":"Concierto de Andrea Andreu - Museo Violeta Parra","robots":{"index":"index","follow":"follow","max-snippet":"max-snippet:-1","max-image-preview":"max-image-preview:large","max-video-preview":"max-video-preview:-1"},"canonical":"http:\/\/vientosur.top\/museo\/agenda\/concierto-de-andrea-andreu\/","og_locale":"es_ES","og_type":"article","og_title":"Concierto de Andrea Andreu - Museo Violeta Parra","og_description":"#VioletaEnCasa presenta a Andrea Andreu en concierto. Andrea Andreu Mu\u00f1oz es cantautora e int\u00e9rprete de m\u00fasica tradicional y de ra\u00edz folcl\u00f3rica. Posee una amplia preparaci\u00f3n acad\u00e9mica, la que ha sabido poner al servicio de ciertos conocimientos expresivos-musicales que pertenecen a la sabidur\u00eda oral. El a\u00f1o 2003, fue condecorada por la Rector\u00eda de la Universidad de [&hellip;]","og_url":"http:\/\/vientosur.top\/museo\/agenda\/concierto-de-andrea-andreu\/","og_site_name":"Museo Violeta Parra","article_modified_time":"2021-09-01T18:10:10+00:00","og_image":[{"width":1100,"height":800,"url":"http:\/\/vientosur.top\/museo\/wp-content\/uploads\/2021\/09\/DSC_5021-2-scaled-e1630519733217.jpg","type":"image\/jpeg"}],"twitter_card":"summary_large_image","twitter_misc":{"Tiempo de lectura":"1 minuto"},"schema":{"@context":"https:\/\/schema.org","@graph":[{"@type":"WebPage","@id":"http:\/\/vientosur.top\/museo\/agenda\/concierto-de-andrea-andreu\/","url":"http:\/\/vientosur.top\/museo\/agenda\/concierto-de-andrea-andreu\/","name":"Concierto de Andrea Andreu - Museo Violeta Parra","isPartOf":{"@id":"http:\/\/vientosur.top\/museo\/#website"},"primaryImageOfPage":{"@id":"http:\/\/vientosur.top\/museo\/agenda\/concierto-de-andrea-andreu\/#primaryimage"},"image":{"@id":"http:\/\/vientosur.top\/museo\/agenda\/concierto-de-andrea-andreu\/#primaryimage"},"thumbnailUrl":"http:\/\/vientosur.top\/museo\/wp-content\/uploads\/2021\/09\/DSC_5021-2-scaled-e1630519733217.jpg","datePublished":"2021-09-01T17:19:27+00:00","dateModified":"2021-09-01T18:10:10+00:00","breadcrumb":{"@id":"http:\/\/vientosur.top\/museo\/agenda\/concierto-de-andrea-andreu\/#breadcrumb"},"inLanguage":"es","potentialAction":[{"@type":"ReadAction","target":["http:\/\/vientosur.top\/museo\/agenda\/concierto-de-andrea-andreu\/"]}]},{"@type":"ImageObject","inLanguage":"es","@id":"http:\/\/vientosur.top\/museo\/agenda\/concierto-de-andrea-andreu\/#primaryimage","url":"http:\/\/vientosur.top\/museo\/wp-content\/uploads\/2021\/09\/DSC_5021-2-scaled-e1630519733217.jpg","contentUrl":"http:\/\/vientosur.top\/museo\/wp-content\/uploads\/2021\/09\/DSC_5021-2-scaled-e1630519733217.jpg","width":1100,"height":800},{"@type":"BreadcrumbList","@id":"http:\/\/vientosur.top\/museo\/agenda\/concierto-de-andrea-andreu\/#breadcrumb","itemListElement":[{"@type":"ListItem","position":1,"name":"Portada","item":"http:\/\/vientosur.top\/museo\/"},{"@type":"ListItem","position":2,"name":"Agenda","item":"http:\/\/vientosur.top\/museo\/agenda\/"},{"@type":"ListItem","position":3,"name":"Concierto de Andrea Andreu"}]},{"@type":"WebSite","@id":"http:\/\/vientosur.top\/museo\/#website","url":"http:\/\/vientosur.top\/museo\/","name":"Museo Violeta Parra","description":"Espacio que alberga tanto la memoria y legado creativo de la artista","potentialAction":[{"@type":"SearchAction","target":{"@type":"EntryPoint","urlTemplate":"http:\/\/vientosur.top\/museo\/?s={search_term_string}"},"query-input":{"@type":"PropertyValueSpecification","valueRequired":true,"valueName":"search_term_string"}}],"inLanguage":"es"}]}},"_links":{"self":[{"href":"http:\/\/vientosur.top\/museo\/wp-json\/wp\/v2\/agenda\/26132","targetHints":{"allow":["GET"]}}],"collection":[{"href":"http:\/\/vientosur.top\/museo\/wp-json\/wp\/v2\/agenda"}],"about":[{"href":"http:\/\/vientosur.top\/museo\/wp-json\/wp\/v2\/types\/agenda"}],"author":[{"embeddable":true,"href":"http:\/\/vientosur.top\/museo\/wp-json\/wp\/v2\/users\/5"}],"wp:featuredmedia":[{"embeddable":true,"href":"http:\/\/vientosur.top\/museo\/wp-json\/wp\/v2\/media\/26135"}],"wp:attachment":[{"href":"http:\/\/vientosur.top\/museo\/wp-json\/wp\/v2\/media?parent=26132"}],"wp:term":[{"taxonomy":"tipo-de-actividad","embeddable":true,"href":"http:\/\/vientosur.top\/museo\/wp-json\/wp\/v2\/tipo-de-actividad?post=26132"}],"curies":[{"name":"wp","href":"https:\/\/api.w.org\/{rel}","templated":true}]}}

<p><strong>#VioletaEnCasa presenta a Andrea Andreu en concierto</strong>.</p>



<p>Andrea Andreu Muñoz es cantautora e intérprete de música tradicional y de raíz folclórica. Posee una amplia preparación académica, la que ha sabido poner al servicio de ciertos conocimientos expresivos-musicales que pertenecen a la sabiduría oral.</p>



<p>El año 2003, fue condecorada por la Rectoría de la Universidad de Chile como “Mujer Generación Siglo XXI”. Discípula de la compositora y folclorista Margot Loyola, ha publicado tres producciones fonográficas: “Legado”, álbum realizado junto a Margot Loyola, su maestra fundamental; “Raíz”, un disco de creación inspirado en los paisajes sonoros de Chile; y “La guitarra y sus temples en Chile, Perú y Argentina”, dedicado a la guitarra traspuesta, el que está acompañado de un librillo. Su constante trabajo la ha llevado a ofrecer conciertos didácticos, talleres y clases magistrales, en reiteradas ocasiones, en distintos territorios de Chile y países de América y Europa.&nbsp;</p>



<p>Fecha: Sábado 11 de septiembre </p>



<p>Horario: 19.00 a 20.00&nbsp;&nbsp;&nbsp;&nbsp;&nbsp;&nbsp;&nbsp;</p>

<!-- This site is optimized with the Yoast SEO plugin v25.4 - https://yoast.com/wordpress/plugins/seo/ -->
<title>Concierto de Andrea Andreu - Museo Violeta Parra</title>
<meta name="robots" content="index, follow, max-snippet:-1, max-image-preview:large, max-video-preview:-1" />
<link rel="canonical" href="http://vientosur.top/museo/agenda/concierto-de-andrea-andreu/" />
<meta property="og:locale" content="es_ES" />
<meta property="og:type" content="article" />
<meta property="og:title" content="Concierto de Andrea Andreu - Museo Violeta Parra" />
<meta property="og:description" content="#VioletaEnCasa presenta a Andrea Andreu en concierto. Andrea Andreu Muñoz es cantautora e intérprete de música tradicional y de raíz folclórica. Posee una amplia preparación académica, la que ha sabido poner al servicio de ciertos conocimientos expresivos-musicales que pertenecen a la sabiduría oral. El año 2003, fue condecorada por la Rectoría de la Universidad de [&hellip;]" />
<meta property="og:url" content="http://vientosur.top/museo/agenda/concierto-de-andrea-andreu/" />
<meta property="og:site_name" content="Museo Violeta Parra" />
<meta property="article:modified_time" content="2021-09-01T18:10:10+00:00" />
<meta property="og:image" content="http://vientosur.top/museo/wp-content/uploads/2021/09/DSC_5021-2-scaled-e1630519733217.jpg" />
	<meta property="og:image:width" content="1100" />
	<meta property="og:image:height" content="800" />
	<meta property="og:image:type" content="image/jpeg" />
<meta name="twitter:card" content="summary_large_image" />
<meta name="twitter:label1" content="Tiempo de lectura" />
	<meta name="twitter:data1" content="1 minuto" />
<script type="application/ld+json" class="yoast-schema-graph">{"@context":"https://schema.org","@graph":[{"@type":"WebPage","@id":"http://vientosur.top/museo/agenda/concierto-de-andrea-andreu/","url":"http://vientosur.top/museo/agenda/concierto-de-andrea-andreu/","name":"Concierto de Andrea Andreu - Museo Violeta Parra","isPartOf":{"@id":"http://vientosur.top/museo/#website"},"primaryImageOfPage":{"@id":"http://vientosur.top/museo/agenda/concierto-de-andrea-andreu/#primaryimage"},"image":{"@id":"http://vientosur.top/museo/agenda/concierto-de-andrea-andreu/#primaryimage"},"thumbnailUrl":"http://vientosur.top/museo/wp-content/uploads/2021/09/DSC_5021-2-scaled-e1630519733217.jpg","datePublished":"2021-09-01T17:19:27+00:00","dateModified":"2021-09-01T18:10:10+00:00","breadcrumb":{"@id":"http://vientosur.top/museo/agenda/concierto-de-andrea-andreu/#breadcrumb"},"inLanguage":"es","potentialAction":[{"@type":"ReadAction","target":["http://vientosur.top/museo/agenda/concierto-de-andrea-andreu/"]}]},{"@type":"ImageObject","inLanguage":"es","@id":"http://vientosur.top/museo/agenda/concierto-de-andrea-andreu/#primaryimage","url":"http://vientosur.top/museo/wp-content/uploads/2021/09/DSC_5021-2-scaled-e1630519733217.jpg","contentUrl":"http://vientosur.top/museo/wp-content/uploads/2021/09/DSC_5021-2-scaled-e1630519733217.jpg","width":1100,"height":800},{"@type":"BreadcrumbList","@id":"http://vientosur.top/museo/agenda/concierto-de-andrea-andreu/#breadcrumb","itemListElement":[{"@type":"ListItem","position":1,"name":"Portada","item":"http://vientosur.top/museo/"},{"@type":"ListItem","position":2,"name":"Agenda","item":"http://vientosur.top/museo/agenda/"},{"@type":"ListItem","position":3,"name":"Concierto de Andrea Andreu"}]},{"@type":"WebSite","@id":"http://vientosur.top/museo/#website","url":"http://vientosur.top/museo/","name":"Museo Violeta Parra","description":"Espacio que alberga tanto la memoria y legado creativo de la artista","potentialAction":[{"@type":"SearchAction","target":{"@type":"EntryPoint","urlTemplate":"http://vientosur.top/museo/?s={search_term_string}"},"query-input":{"@type":"PropertyValueSpecification","valueRequired":true,"valueName":"search_term_string"}}],"inLanguage":"es"}]}</script>
<!-- / Yoast SEO plugin. -->

#VioletaEnCasa presenta a Andrea Andreu en concierto. Andrea Andreu Muñoz es cantautora e intérprete de música tradicional y de raíz folclórica. Posee una amplia preparación académica, la que ha sabido poner al servicio de ciertos conocimientos expresivos-musicales que pertenecen a la sabiduría oral. El año 2003, fue condecorada por la Rectoría de la Universidad de [&hellip;]
