{"id":26400,"date":"2021-09-29T15:44:36","date_gmt":"2021-09-29T15:44:36","guid":{"rendered":"http:\/\/vientosur.top\/museo\/?post_type=agenda&#038;p=26400"},"modified":"2021-10-01T13:36:17","modified_gmt":"2021-10-01T13:36:17","slug":"concierto-homenaje-a-violeta-parra-con-josi-villanueva","status":"publish","type":"agenda","link":"http:\/\/vientosur.top\/museo\/agenda\/concierto-homenaje-a-violeta-parra-con-josi-villanueva\/","title":{"rendered":"Concierto Homenaje a Violeta Parra con Josi Villanueva"},"content":{"rendered":"\n<p><strong>#VioletaEnCasa presenta el<\/strong> <strong>Concierto Homenaje a Violeta Parra con Josi Villanueva<\/strong><\/p>\n\n\n\n<p>Josi Villanueva es cantora, m\u00fasica y compositora. Comenz\u00f3 a esparcir su canto a muy temprana edad, por Chile y el continente americano. Form\u00f3 el d\u00fao Pastoseco, con el que grab\u00f3 su primer disco para presentarlo dentro y fuera del pa\u00eds. Luego se integr\u00f3 a Las Ni\u00f1as (cueca chilena) como cantora, compositora y guitarrista, con quienes edit\u00f3 el EP \u00abSeis chilenas con ali\u00f1o\u00bb.<\/p>\n\n\n\n<p>En el a\u00f1o 2015, comenz\u00f3 a hacer escuela como facilitadora vocal, donde hasta el d\u00eda de hoy entrega sus conocimientos para el empoderamiento femenino, a trav\u00e9s del canto cuequero en su proyecto \u00abEscuela a la chilena\u00bb.<\/p>\n\n\n\n<p>Es, adem\u00e1s, la creadora y directora general de la primera murga cuequera y femenina de Chile, la \u201cMurga Flor de Juanas\u201d, con quienes, adem\u00e1s de instalar un nuevo g\u00e9nero art\u00edstico, ha editado un primer montaje llamado \u00abAprendiz de bruja\u00bb y presentado en Chile, Argentina y Uruguay.<\/p>\n\n\n\n<p>Esta es una actividad colaborativa con el Sindicato de Folkloristas y Guitarristas de Chile.<\/p>\n\n\n\n<p><\/p>\n","protected":false},"author":5,"featured_media":26463,"parent":0,"template":"","meta":{"site-sidebar-layout":"default","site-content-layout":"","ast-site-content-layout":"default","site-content-style":"default","site-sidebar-style":"default","ast-global-header-display":"","ast-banner-title-visibility":"","ast-main-header-display":"","ast-hfb-above-header-display":"","ast-hfb-below-header-display":"","ast-hfb-mobile-header-display":"","site-post-title":"","ast-breadcrumbs-content":"","ast-featured-img":"","footer-sml-layout":"","theme-transparent-header-meta":"","adv-header-id-meta":"","stick-header-meta":"","header-above-stick-meta":"","header-main-stick-meta":"","header-below-stick-meta":"","astra-migrate-meta-layouts":"default","ast-page-background-enabled":"default","ast-page-background-meta":{"desktop":{"background-color":"var(--ast-global-color-4)","background-image":"","background-repeat":"repeat","background-position":"center center","background-size":"auto","background-attachment":"scroll","background-type":"","background-media":"","overlay-type":"","overlay-color":"","overlay-opacity":"","overlay-gradient":""},"tablet":{"background-color":"","background-image":"","background-repeat":"repeat","background-position":"center center","background-size":"auto","background-attachment":"scroll","background-type":"","background-media":"","overlay-type":"","overlay-color":"","overlay-opacity":"","overlay-gradient":""},"mobile":{"background-color":"","background-image":"","background-repeat":"repeat","background-position":"center center","background-size":"auto","background-attachment":"scroll","background-type":"","background-media":"","overlay-type":"","overlay-color":"","overlay-opacity":"","overlay-gradient":""}},"ast-content-background-meta":{"desktop":{"background-color":"var(--ast-global-color-5)","background-image":"","background-repeat":"repeat","background-position":"center center","background-size":"auto","background-attachment":"scroll","background-type":"","background-media":"","overlay-type":"","overlay-color":"","overlay-opacity":"","overlay-gradient":""},"tablet":{"background-color":"var(--ast-global-color-5)","background-image":"","background-repeat":"repeat","background-position":"center center","background-size":"auto","background-attachment":"scroll","background-type":"","background-media":"","overlay-type":"","overlay-color":"","overlay-opacity":"","overlay-gradient":""},"mobile":{"background-color":"var(--ast-global-color-5)","background-image":"","background-repeat":"repeat","background-position":"center center","background-size":"auto","background-attachment":"scroll","background-type":"","background-media":"","overlay-type":"","overlay-color":"","overlay-opacity":"","overlay-gradient":""}}},"tipo-de-actividad":[28],"class_list":["post-26400","agenda","type-agenda","status-publish","has-post-thumbnail","hentry","tipo-de-actividad-conciertos"],"yoast_head":"<!-- This site is optimized with the Yoast SEO plugin v25.4 - https:\/\/yoast.com\/wordpress\/plugins\/seo\/ -->\n<title>Concierto Homenaje a Violeta Parra con Josi Villanueva - Museo Violeta Parra<\/title>\n<meta name=\"robots\" content=\"index, follow, max-snippet:-1, max-image-preview:large, max-video-preview:-1\" \/>\n<link rel=\"canonical\" href=\"http:\/\/vientosur.top\/museo\/agenda\/concierto-homenaje-a-violeta-parra-con-josi-villanueva\/\" \/>\n<meta property=\"og:locale\" content=\"es_ES\" \/>\n<meta property=\"og:type\" content=\"article\" \/>\n<meta property=\"og:title\" content=\"Concierto Homenaje a Violeta Parra con Josi Villanueva - Museo Violeta Parra\" \/>\n<meta property=\"og:description\" content=\"#VioletaEnCasa presenta el Concierto Homenaje a Violeta Parra con Josi Villanueva Josi Villanueva es cantora, m\u00fasica y compositora. Comenz\u00f3 a esparcir su canto a muy temprana edad, por Chile y el continente americano. Form\u00f3 el d\u00fao Pastoseco, con el que grab\u00f3 su primer disco para presentarlo dentro y fuera del pa\u00eds. Luego se integr\u00f3 a [&hellip;]\" \/>\n<meta property=\"og:url\" content=\"http:\/\/vientosur.top\/museo\/agenda\/concierto-homenaje-a-violeta-parra-con-josi-villanueva\/\" \/>\n<meta property=\"og:site_name\" content=\"Museo Violeta Parra\" \/>\n<meta property=\"article:modified_time\" content=\"2021-10-01T13:36:17+00:00\" \/>\n<meta property=\"og:image\" content=\"http:\/\/vientosur.top\/museo\/wp-content\/uploads\/2021\/09\/CFlor_de_Juanas02-e1633095368820.jpg\" \/>\n\t<meta property=\"og:image:width\" content=\"1097\" \/>\n\t<meta property=\"og:image:height\" content=\"798\" \/>\n\t<meta property=\"og:image:type\" content=\"image\/jpeg\" \/>\n<meta name=\"twitter:card\" content=\"summary_large_image\" \/>\n<meta name=\"twitter:label1\" content=\"Tiempo de lectura\" \/>\n\t<meta name=\"twitter:data1\" content=\"1 minuto\" \/>\n<script type=\"application\/ld+json\" class=\"yoast-schema-graph\">{\"@context\":\"https:\/\/schema.org\",\"@graph\":[{\"@type\":\"WebPage\",\"@id\":\"http:\/\/vientosur.top\/museo\/agenda\/concierto-homenaje-a-violeta-parra-con-josi-villanueva\/\",\"url\":\"http:\/\/vientosur.top\/museo\/agenda\/concierto-homenaje-a-violeta-parra-con-josi-villanueva\/\",\"name\":\"Concierto Homenaje a Violeta Parra con Josi Villanueva - Museo Violeta Parra\",\"isPartOf\":{\"@id\":\"http:\/\/vientosur.top\/museo\/#website\"},\"primaryImageOfPage\":{\"@id\":\"http:\/\/vientosur.top\/museo\/agenda\/concierto-homenaje-a-violeta-parra-con-josi-villanueva\/#primaryimage\"},\"image\":{\"@id\":\"http:\/\/vientosur.top\/museo\/agenda\/concierto-homenaje-a-violeta-parra-con-josi-villanueva\/#primaryimage\"},\"thumbnailUrl\":\"http:\/\/vientosur.top\/museo\/wp-content\/uploads\/2021\/09\/CFlor_de_Juanas02-e1633095368820.jpg\",\"datePublished\":\"2021-09-29T15:44:36+00:00\",\"dateModified\":\"2021-10-01T13:36:17+00:00\",\"breadcrumb\":{\"@id\":\"http:\/\/vientosur.top\/museo\/agenda\/concierto-homenaje-a-violeta-parra-con-josi-villanueva\/#breadcrumb\"},\"inLanguage\":\"es\",\"potentialAction\":[{\"@type\":\"ReadAction\",\"target\":[\"http:\/\/vientosur.top\/museo\/agenda\/concierto-homenaje-a-violeta-parra-con-josi-villanueva\/\"]}]},{\"@type\":\"ImageObject\",\"inLanguage\":\"es\",\"@id\":\"http:\/\/vientosur.top\/museo\/agenda\/concierto-homenaje-a-violeta-parra-con-josi-villanueva\/#primaryimage\",\"url\":\"http:\/\/vientosur.top\/museo\/wp-content\/uploads\/2021\/09\/CFlor_de_Juanas02-e1633095368820.jpg\",\"contentUrl\":\"http:\/\/vientosur.top\/museo\/wp-content\/uploads\/2021\/09\/CFlor_de_Juanas02-e1633095368820.jpg\",\"width\":1097,\"height\":798},{\"@type\":\"BreadcrumbList\",\"@id\":\"http:\/\/vientosur.top\/museo\/agenda\/concierto-homenaje-a-violeta-parra-con-josi-villanueva\/#breadcrumb\",\"itemListElement\":[{\"@type\":\"ListItem\",\"position\":1,\"name\":\"Portada\",\"item\":\"http:\/\/vientosur.top\/museo\/\"},{\"@type\":\"ListItem\",\"position\":2,\"name\":\"Agenda\",\"item\":\"http:\/\/vientosur.top\/museo\/agenda\/\"},{\"@type\":\"ListItem\",\"position\":3,\"name\":\"Concierto Homenaje a Violeta Parra con Josi Villanueva\"}]},{\"@type\":\"WebSite\",\"@id\":\"http:\/\/vientosur.top\/museo\/#website\",\"url\":\"http:\/\/vientosur.top\/museo\/\",\"name\":\"Museo Violeta Parra\",\"description\":\"Espacio que alberga tanto la memoria y legado creativo de la artista\",\"potentialAction\":[{\"@type\":\"SearchAction\",\"target\":{\"@type\":\"EntryPoint\",\"urlTemplate\":\"http:\/\/vientosur.top\/museo\/?s={search_term_string}\"},\"query-input\":{\"@type\":\"PropertyValueSpecification\",\"valueRequired\":true,\"valueName\":\"search_term_string\"}}],\"inLanguage\":\"es\"}]}<\/script>\n<!-- \/ Yoast SEO plugin. -->","yoast_head_json":{"title":"Concierto Homenaje a Violeta Parra con Josi Villanueva - Museo Violeta Parra","robots":{"index":"index","follow":"follow","max-snippet":"max-snippet:-1","max-image-preview":"max-image-preview:large","max-video-preview":"max-video-preview:-1"},"canonical":"http:\/\/vientosur.top\/museo\/agenda\/concierto-homenaje-a-violeta-parra-con-josi-villanueva\/","og_locale":"es_ES","og_type":"article","og_title":"Concierto Homenaje a Violeta Parra con Josi Villanueva - Museo Violeta Parra","og_description":"#VioletaEnCasa presenta el Concierto Homenaje a Violeta Parra con Josi Villanueva Josi Villanueva es cantora, m\u00fasica y compositora. Comenz\u00f3 a esparcir su canto a muy temprana edad, por Chile y el continente americano. Form\u00f3 el d\u00fao Pastoseco, con el que grab\u00f3 su primer disco para presentarlo dentro y fuera del pa\u00eds. Luego se integr\u00f3 a [&hellip;]","og_url":"http:\/\/vientosur.top\/museo\/agenda\/concierto-homenaje-a-violeta-parra-con-josi-villanueva\/","og_site_name":"Museo Violeta Parra","article_modified_time":"2021-10-01T13:36:17+00:00","og_image":[{"width":1097,"height":798,"url":"http:\/\/vientosur.top\/museo\/wp-content\/uploads\/2021\/09\/CFlor_de_Juanas02-e1633095368820.jpg","type":"image\/jpeg"}],"twitter_card":"summary_large_image","twitter_misc":{"Tiempo de lectura":"1 minuto"},"schema":{"@context":"https:\/\/schema.org","@graph":[{"@type":"WebPage","@id":"http:\/\/vientosur.top\/museo\/agenda\/concierto-homenaje-a-violeta-parra-con-josi-villanueva\/","url":"http:\/\/vientosur.top\/museo\/agenda\/concierto-homenaje-a-violeta-parra-con-josi-villanueva\/","name":"Concierto Homenaje a Violeta Parra con Josi Villanueva - Museo Violeta Parra","isPartOf":{"@id":"http:\/\/vientosur.top\/museo\/#website"},"primaryImageOfPage":{"@id":"http:\/\/vientosur.top\/museo\/agenda\/concierto-homenaje-a-violeta-parra-con-josi-villanueva\/#primaryimage"},"image":{"@id":"http:\/\/vientosur.top\/museo\/agenda\/concierto-homenaje-a-violeta-parra-con-josi-villanueva\/#primaryimage"},"thumbnailUrl":"http:\/\/vientosur.top\/museo\/wp-content\/uploads\/2021\/09\/CFlor_de_Juanas02-e1633095368820.jpg","datePublished":"2021-09-29T15:44:36+00:00","dateModified":"2021-10-01T13:36:17+00:00","breadcrumb":{"@id":"http:\/\/vientosur.top\/museo\/agenda\/concierto-homenaje-a-violeta-parra-con-josi-villanueva\/#breadcrumb"},"inLanguage":"es","potentialAction":[{"@type":"ReadAction","target":["http:\/\/vientosur.top\/museo\/agenda\/concierto-homenaje-a-violeta-parra-con-josi-villanueva\/"]}]},{"@type":"ImageObject","inLanguage":"es","@id":"http:\/\/vientosur.top\/museo\/agenda\/concierto-homenaje-a-violeta-parra-con-josi-villanueva\/#primaryimage","url":"http:\/\/vientosur.top\/museo\/wp-content\/uploads\/2021\/09\/CFlor_de_Juanas02-e1633095368820.jpg","contentUrl":"http:\/\/vientosur.top\/museo\/wp-content\/uploads\/2021\/09\/CFlor_de_Juanas02-e1633095368820.jpg","width":1097,"height":798},{"@type":"BreadcrumbList","@id":"http:\/\/vientosur.top\/museo\/agenda\/concierto-homenaje-a-violeta-parra-con-josi-villanueva\/#breadcrumb","itemListElement":[{"@type":"ListItem","position":1,"name":"Portada","item":"http:\/\/vientosur.top\/museo\/"},{"@type":"ListItem","position":2,"name":"Agenda","item":"http:\/\/vientosur.top\/museo\/agenda\/"},{"@type":"ListItem","position":3,"name":"Concierto Homenaje a Violeta Parra con Josi Villanueva"}]},{"@type":"WebSite","@id":"http:\/\/vientosur.top\/museo\/#website","url":"http:\/\/vientosur.top\/museo\/","name":"Museo Violeta Parra","description":"Espacio que alberga tanto la memoria y legado creativo de la artista","potentialAction":[{"@type":"SearchAction","target":{"@type":"EntryPoint","urlTemplate":"http:\/\/vientosur.top\/museo\/?s={search_term_string}"},"query-input":{"@type":"PropertyValueSpecification","valueRequired":true,"valueName":"search_term_string"}}],"inLanguage":"es"}]}},"_links":{"self":[{"href":"http:\/\/vientosur.top\/museo\/wp-json\/wp\/v2\/agenda\/26400","targetHints":{"allow":["GET"]}}],"collection":[{"href":"http:\/\/vientosur.top\/museo\/wp-json\/wp\/v2\/agenda"}],"about":[{"href":"http:\/\/vientosur.top\/museo\/wp-json\/wp\/v2\/types\/agenda"}],"author":[{"embeddable":true,"href":"http:\/\/vientosur.top\/museo\/wp-json\/wp\/v2\/users\/5"}],"wp:featuredmedia":[{"embeddable":true,"href":"http:\/\/vientosur.top\/museo\/wp-json\/wp\/v2\/media\/26463"}],"wp:attachment":[{"href":"http:\/\/vientosur.top\/museo\/wp-json\/wp\/v2\/media?parent=26400"}],"wp:term":[{"taxonomy":"tipo-de-actividad","embeddable":true,"href":"http:\/\/vientosur.top\/museo\/wp-json\/wp\/v2\/tipo-de-actividad?post=26400"}],"curies":[{"name":"wp","href":"https:\/\/api.w.org\/{rel}","templated":true}]}}

<p><strong>#VioletaEnCasa presenta el</strong> <strong>Concierto Homenaje a Violeta Parra con Josi Villanueva</strong></p>



<p>Josi Villanueva es cantora, música y compositora. Comenzó a esparcir su canto a muy temprana edad, por Chile y el continente americano. Formó el dúo Pastoseco, con el que grabó su primer disco para presentarlo dentro y fuera del país. Luego se integró a Las Niñas (cueca chilena) como cantora, compositora y guitarrista, con quienes editó el EP «Seis chilenas con aliño».</p>



<p>En el año 2015, comenzó a hacer escuela como facilitadora vocal, donde hasta el día de hoy entrega sus conocimientos para el empoderamiento femenino, a través del canto cuequero en su proyecto «Escuela a la chilena».</p>



<p>Es, además, la creadora y directora general de la primera murga cuequera y femenina de Chile, la “Murga Flor de Juanas”, con quienes, además de instalar un nuevo género artístico, ha editado un primer montaje llamado «Aprendiz de bruja» y presentado en Chile, Argentina y Uruguay.</p>



<p>Esta es una actividad colaborativa con el Sindicato de Folkloristas y Guitarristas de Chile.</p>



<p></p>

<!-- This site is optimized with the Yoast SEO plugin v25.4 - https://yoast.com/wordpress/plugins/seo/ -->
<title>Concierto Homenaje a Violeta Parra con Josi Villanueva - Museo Violeta Parra</title>
<meta name="robots" content="index, follow, max-snippet:-1, max-image-preview:large, max-video-preview:-1" />
<link rel="canonical" href="http://vientosur.top/museo/agenda/concierto-homenaje-a-violeta-parra-con-josi-villanueva/" />
<meta property="og:locale" content="es_ES" />
<meta property="og:type" content="article" />
<meta property="og:title" content="Concierto Homenaje a Violeta Parra con Josi Villanueva - Museo Violeta Parra" />
<meta property="og:description" content="#VioletaEnCasa presenta el Concierto Homenaje a Violeta Parra con Josi Villanueva Josi Villanueva es cantora, música y compositora. Comenzó a esparcir su canto a muy temprana edad, por Chile y el continente americano. Formó el dúo Pastoseco, con el que grabó su primer disco para presentarlo dentro y fuera del país. Luego se integró a [&hellip;]" />
<meta property="og:url" content="http://vientosur.top/museo/agenda/concierto-homenaje-a-violeta-parra-con-josi-villanueva/" />
<meta property="og:site_name" content="Museo Violeta Parra" />
<meta property="article:modified_time" content="2021-10-01T13:36:17+00:00" />
<meta property="og:image" content="http://vientosur.top/museo/wp-content/uploads/2021/09/CFlor_de_Juanas02-e1633095368820.jpg" />
	<meta property="og:image:width" content="1097" />
	<meta property="og:image:height" content="798" />
	<meta property="og:image:type" content="image/jpeg" />
<meta name="twitter:card" content="summary_large_image" />
<meta name="twitter:label1" content="Tiempo de lectura" />
	<meta name="twitter:data1" content="1 minuto" />
<script type="application/ld+json" class="yoast-schema-graph">{"@context":"https://schema.org","@graph":[{"@type":"WebPage","@id":"http://vientosur.top/museo/agenda/concierto-homenaje-a-violeta-parra-con-josi-villanueva/","url":"http://vientosur.top/museo/agenda/concierto-homenaje-a-violeta-parra-con-josi-villanueva/","name":"Concierto Homenaje a Violeta Parra con Josi Villanueva - Museo Violeta Parra","isPartOf":{"@id":"http://vientosur.top/museo/#website"},"primaryImageOfPage":{"@id":"http://vientosur.top/museo/agenda/concierto-homenaje-a-violeta-parra-con-josi-villanueva/#primaryimage"},"image":{"@id":"http://vientosur.top/museo/agenda/concierto-homenaje-a-violeta-parra-con-josi-villanueva/#primaryimage"},"thumbnailUrl":"http://vientosur.top/museo/wp-content/uploads/2021/09/CFlor_de_Juanas02-e1633095368820.jpg","datePublished":"2021-09-29T15:44:36+00:00","dateModified":"2021-10-01T13:36:17+00:00","breadcrumb":{"@id":"http://vientosur.top/museo/agenda/concierto-homenaje-a-violeta-parra-con-josi-villanueva/#breadcrumb"},"inLanguage":"es","potentialAction":[{"@type":"ReadAction","target":["http://vientosur.top/museo/agenda/concierto-homenaje-a-violeta-parra-con-josi-villanueva/"]}]},{"@type":"ImageObject","inLanguage":"es","@id":"http://vientosur.top/museo/agenda/concierto-homenaje-a-violeta-parra-con-josi-villanueva/#primaryimage","url":"http://vientosur.top/museo/wp-content/uploads/2021/09/CFlor_de_Juanas02-e1633095368820.jpg","contentUrl":"http://vientosur.top/museo/wp-content/uploads/2021/09/CFlor_de_Juanas02-e1633095368820.jpg","width":1097,"height":798},{"@type":"BreadcrumbList","@id":"http://vientosur.top/museo/agenda/concierto-homenaje-a-violeta-parra-con-josi-villanueva/#breadcrumb","itemListElement":[{"@type":"ListItem","position":1,"name":"Portada","item":"http://vientosur.top/museo/"},{"@type":"ListItem","position":2,"name":"Agenda","item":"http://vientosur.top/museo/agenda/"},{"@type":"ListItem","position":3,"name":"Concierto Homenaje a Violeta Parra con Josi Villanueva"}]},{"@type":"WebSite","@id":"http://vientosur.top/museo/#website","url":"http://vientosur.top/museo/","name":"Museo Violeta Parra","description":"Espacio que alberga tanto la memoria y legado creativo de la artista","potentialAction":[{"@type":"SearchAction","target":{"@type":"EntryPoint","urlTemplate":"http://vientosur.top/museo/?s={search_term_string}"},"query-input":{"@type":"PropertyValueSpecification","valueRequired":true,"valueName":"search_term_string"}}],"inLanguage":"es"}]}</script>
<!-- / Yoast SEO plugin. -->

#VioletaEnCasa presenta el Concierto Homenaje a Violeta Parra con Josi Villanueva Josi Villanueva es cantora, música y compositora. Comenzó a esparcir su canto a muy temprana edad, por Chile y el continente americano. Formó el dúo Pastoseco, con el que grabó su primer disco para presentarlo dentro y fuera del país. Luego se integró a [&hellip;]
