{"id":26417,"date":"2021-09-29T16:28:46","date_gmt":"2021-09-29T16:28:46","guid":{"rendered":"http:\/\/vientosur.top\/museo\/?post_type=agenda&#038;p=26417"},"modified":"2021-10-01T13:31:31","modified_gmt":"2021-10-01T13:31:31","slug":"festival-sureal-3-encuentro-de-cantoras-de-los-rios-2021","status":"publish","type":"agenda","link":"http:\/\/vientosur.top\/museo\/agenda\/festival-sureal-3-encuentro-de-cantoras-de-los-rios-2021\/","title":{"rendered":"Festival SuReal: 3\u00b0 Encuentro de Cantoras de Los R\u00edos 2021"},"content":{"rendered":"\n<p><strong>#VioletaEnCasa presenta el Festival SuReal: 3\u00b0 Encuentro de Cantoras de Los R\u00edos 2021<\/strong>.<\/p>\n\n\n\n<p>Este 9 de octubre, se llevar\u00e1 a cabo la tercera versi\u00f3n del Festival SuReal 2021, en el que se encontrar\u00e1n cantoras, cantautoras y compositoras de la Regi\u00f3n de Los R\u00edos y nacionales. La actividad se llevar\u00e1 a cabo v\u00eda streaming por las plataformas virtuales Facebook y YouTube de Cantoras Populares de Los R\u00edos, el Museo Violeta Parra y el Teatro Regional Cervantes de Valdivia.<\/p>\n\n\n\n<p>\u201cSomos mirada sur y \u00e9sta es la br\u00fajula que nos gu\u00eda\u201d.<\/p>\n\n\n\n<p>Organiza: Proyecto Cantoras Populares de Los R\u00edos<\/p>\n\n\n\n<p>Financia: Ministerio de Las Culturas Las Artes y el Patrimonio<\/p>\n\n\n\n<p>Colabora: Museo Violeta Parra, Gestoras en Red, Teatro Regional Cervantes y Asociaci\u00f3n Patrimonial Cultural, Valdivia.<\/p>\n\n\n\n<p><\/p>\n","protected":false},"author":5,"featured_media":26461,"parent":0,"template":"","meta":{"site-sidebar-layout":"default","site-content-layout":"","ast-site-content-layout":"default","site-content-style":"default","site-sidebar-style":"default","ast-global-header-display":"","ast-banner-title-visibility":"","ast-main-header-display":"","ast-hfb-above-header-display":"","ast-hfb-below-header-display":"","ast-hfb-mobile-header-display":"","site-post-title":"","ast-breadcrumbs-content":"","ast-featured-img":"","footer-sml-layout":"","theme-transparent-header-meta":"","adv-header-id-meta":"","stick-header-meta":"","header-above-stick-meta":"","header-main-stick-meta":"","header-below-stick-meta":"","astra-migrate-meta-layouts":"default","ast-page-background-enabled":"default","ast-page-background-meta":{"desktop":{"background-color":"var(--ast-global-color-4)","background-image":"","background-repeat":"repeat","background-position":"center center","background-size":"auto","background-attachment":"scroll","background-type":"","background-media":"","overlay-type":"","overlay-color":"","overlay-opacity":"","overlay-gradient":""},"tablet":{"background-color":"","background-image":"","background-repeat":"repeat","background-position":"center center","background-size":"auto","background-attachment":"scroll","background-type":"","background-media":"","overlay-type":"","overlay-color":"","overlay-opacity":"","overlay-gradient":""},"mobile":{"background-color":"","background-image":"","background-repeat":"repeat","background-position":"center center","background-size":"auto","background-attachment":"scroll","background-type":"","background-media":"","overlay-type":"","overlay-color":"","overlay-opacity":"","overlay-gradient":""}},"ast-content-background-meta":{"desktop":{"background-color":"var(--ast-global-color-5)","background-image":"","background-repeat":"repeat","background-position":"center center","background-size":"auto","background-attachment":"scroll","background-type":"","background-media":"","overlay-type":"","overlay-color":"","overlay-opacity":"","overlay-gradient":""},"tablet":{"background-color":"var(--ast-global-color-5)","background-image":"","background-repeat":"repeat","background-position":"center center","background-size":"auto","background-attachment":"scroll","background-type":"","background-media":"","overlay-type":"","overlay-color":"","overlay-opacity":"","overlay-gradient":""},"mobile":{"background-color":"var(--ast-global-color-5)","background-image":"","background-repeat":"repeat","background-position":"center center","background-size":"auto","background-attachment":"scroll","background-type":"","background-media":"","overlay-type":"","overlay-color":"","overlay-opacity":"","overlay-gradient":""}}},"tipo-de-actividad":[28],"class_list":["post-26417","agenda","type-agenda","status-publish","has-post-thumbnail","hentry","tipo-de-actividad-conciertos"],"yoast_head":"<!-- This site is optimized with the Yoast SEO plugin v25.4 - https:\/\/yoast.com\/wordpress\/plugins\/seo\/ -->\n<title>Festival SuReal: 3\u00b0 Encuentro de Cantoras de Los R\u00edos 2021 - Museo Violeta Parra<\/title>\n<meta name=\"robots\" content=\"index, follow, max-snippet:-1, max-image-preview:large, max-video-preview:-1\" \/>\n<link rel=\"canonical\" href=\"http:\/\/vientosur.top\/museo\/agenda\/festival-sureal-3-encuentro-de-cantoras-de-los-rios-2021\/\" \/>\n<meta property=\"og:locale\" content=\"es_ES\" \/>\n<meta property=\"og:type\" content=\"article\" \/>\n<meta property=\"og:title\" content=\"Festival SuReal: 3\u00b0 Encuentro de Cantoras de Los R\u00edos 2021 - Museo Violeta Parra\" \/>\n<meta property=\"og:description\" content=\"#VioletaEnCasa presenta el Festival SuReal: 3\u00b0 Encuentro de Cantoras de Los R\u00edos 2021. Este 9 de octubre, se llevar\u00e1 a cabo la tercera versi\u00f3n del Festival SuReal 2021, en el que se encontrar\u00e1n cantoras, cantautoras y compositoras de la Regi\u00f3n de Los R\u00edos y nacionales. La actividad se llevar\u00e1 a cabo v\u00eda streaming por las [&hellip;]\" \/>\n<meta property=\"og:url\" content=\"http:\/\/vientosur.top\/museo\/agenda\/festival-sureal-3-encuentro-de-cantoras-de-los-rios-2021\/\" \/>\n<meta property=\"og:site_name\" content=\"Museo Violeta Parra\" \/>\n<meta property=\"article:modified_time\" content=\"2021-10-01T13:31:31+00:00\" \/>\n<meta property=\"og:image\" content=\"http:\/\/vientosur.top\/museo\/wp-content\/uploads\/2021\/09\/AFICHE-OFICIAL-CANTORAS-DE-LOS-RIOS-scaled-e1634050545173.jpg\" \/>\n\t<meta property=\"og:image:width\" content=\"1097\" \/>\n\t<meta property=\"og:image:height\" content=\"800\" \/>\n\t<meta property=\"og:image:type\" content=\"image\/jpeg\" \/>\n<meta name=\"twitter:card\" content=\"summary_large_image\" \/>\n<meta name=\"twitter:label1\" content=\"Tiempo de lectura\" \/>\n\t<meta name=\"twitter:data1\" content=\"1 minuto\" \/>\n<script type=\"application\/ld+json\" class=\"yoast-schema-graph\">{\"@context\":\"https:\/\/schema.org\",\"@graph\":[{\"@type\":\"WebPage\",\"@id\":\"http:\/\/vientosur.top\/museo\/agenda\/festival-sureal-3-encuentro-de-cantoras-de-los-rios-2021\/\",\"url\":\"http:\/\/vientosur.top\/museo\/agenda\/festival-sureal-3-encuentro-de-cantoras-de-los-rios-2021\/\",\"name\":\"Festival SuReal: 3\u00b0 Encuentro de Cantoras de Los R\u00edos 2021 - Museo Violeta Parra\",\"isPartOf\":{\"@id\":\"http:\/\/vientosur.top\/museo\/#website\"},\"primaryImageOfPage\":{\"@id\":\"http:\/\/vientosur.top\/museo\/agenda\/festival-sureal-3-encuentro-de-cantoras-de-los-rios-2021\/#primaryimage\"},\"image\":{\"@id\":\"http:\/\/vientosur.top\/museo\/agenda\/festival-sureal-3-encuentro-de-cantoras-de-los-rios-2021\/#primaryimage\"},\"thumbnailUrl\":\"http:\/\/vientosur.top\/museo\/wp-content\/uploads\/2021\/09\/AFICHE-OFICIAL-CANTORAS-DE-LOS-RIOS-scaled-e1634050545173.jpg\",\"datePublished\":\"2021-09-29T16:28:46+00:00\",\"dateModified\":\"2021-10-01T13:31:31+00:00\",\"breadcrumb\":{\"@id\":\"http:\/\/vientosur.top\/museo\/agenda\/festival-sureal-3-encuentro-de-cantoras-de-los-rios-2021\/#breadcrumb\"},\"inLanguage\":\"es\",\"potentialAction\":[{\"@type\":\"ReadAction\",\"target\":[\"http:\/\/vientosur.top\/museo\/agenda\/festival-sureal-3-encuentro-de-cantoras-de-los-rios-2021\/\"]}]},{\"@type\":\"ImageObject\",\"inLanguage\":\"es\",\"@id\":\"http:\/\/vientosur.top\/museo\/agenda\/festival-sureal-3-encuentro-de-cantoras-de-los-rios-2021\/#primaryimage\",\"url\":\"http:\/\/vientosur.top\/museo\/wp-content\/uploads\/2021\/09\/AFICHE-OFICIAL-CANTORAS-DE-LOS-RIOS-scaled-e1634050545173.jpg\",\"contentUrl\":\"http:\/\/vientosur.top\/museo\/wp-content\/uploads\/2021\/09\/AFICHE-OFICIAL-CANTORAS-DE-LOS-RIOS-scaled-e1634050545173.jpg\",\"width\":1097,\"height\":800},{\"@type\":\"BreadcrumbList\",\"@id\":\"http:\/\/vientosur.top\/museo\/agenda\/festival-sureal-3-encuentro-de-cantoras-de-los-rios-2021\/#breadcrumb\",\"itemListElement\":[{\"@type\":\"ListItem\",\"position\":1,\"name\":\"Portada\",\"item\":\"http:\/\/vientosur.top\/museo\/\"},{\"@type\":\"ListItem\",\"position\":2,\"name\":\"Agenda\",\"item\":\"http:\/\/vientosur.top\/museo\/agenda\/\"},{\"@type\":\"ListItem\",\"position\":3,\"name\":\"Festival SuReal: 3\u00b0 Encuentro de Cantoras de Los R\u00edos 2021\"}]},{\"@type\":\"WebSite\",\"@id\":\"http:\/\/vientosur.top\/museo\/#website\",\"url\":\"http:\/\/vientosur.top\/museo\/\",\"name\":\"Museo Violeta Parra\",\"description\":\"Espacio que alberga tanto la memoria y legado creativo de la artista\",\"potentialAction\":[{\"@type\":\"SearchAction\",\"target\":{\"@type\":\"EntryPoint\",\"urlTemplate\":\"http:\/\/vientosur.top\/museo\/?s={search_term_string}\"},\"query-input\":{\"@type\":\"PropertyValueSpecification\",\"valueRequired\":true,\"valueName\":\"search_term_string\"}}],\"inLanguage\":\"es\"}]}<\/script>\n<!-- \/ Yoast SEO plugin. -->","yoast_head_json":{"title":"Festival SuReal: 3\u00b0 Encuentro de Cantoras de Los R\u00edos 2021 - Museo Violeta Parra","robots":{"index":"index","follow":"follow","max-snippet":"max-snippet:-1","max-image-preview":"max-image-preview:large","max-video-preview":"max-video-preview:-1"},"canonical":"http:\/\/vientosur.top\/museo\/agenda\/festival-sureal-3-encuentro-de-cantoras-de-los-rios-2021\/","og_locale":"es_ES","og_type":"article","og_title":"Festival SuReal: 3\u00b0 Encuentro de Cantoras de Los R\u00edos 2021 - Museo Violeta Parra","og_description":"#VioletaEnCasa presenta el Festival SuReal: 3\u00b0 Encuentro de Cantoras de Los R\u00edos 2021. Este 9 de octubre, se llevar\u00e1 a cabo la tercera versi\u00f3n del Festival SuReal 2021, en el que se encontrar\u00e1n cantoras, cantautoras y compositoras de la Regi\u00f3n de Los R\u00edos y nacionales. La actividad se llevar\u00e1 a cabo v\u00eda streaming por las [&hellip;]","og_url":"http:\/\/vientosur.top\/museo\/agenda\/festival-sureal-3-encuentro-de-cantoras-de-los-rios-2021\/","og_site_name":"Museo Violeta Parra","article_modified_time":"2021-10-01T13:31:31+00:00","og_image":[{"width":1097,"height":800,"url":"http:\/\/vientosur.top\/museo\/wp-content\/uploads\/2021\/09\/AFICHE-OFICIAL-CANTORAS-DE-LOS-RIOS-scaled-e1634050545173.jpg","type":"image\/jpeg"}],"twitter_card":"summary_large_image","twitter_misc":{"Tiempo de lectura":"1 minuto"},"schema":{"@context":"https:\/\/schema.org","@graph":[{"@type":"WebPage","@id":"http:\/\/vientosur.top\/museo\/agenda\/festival-sureal-3-encuentro-de-cantoras-de-los-rios-2021\/","url":"http:\/\/vientosur.top\/museo\/agenda\/festival-sureal-3-encuentro-de-cantoras-de-los-rios-2021\/","name":"Festival SuReal: 3\u00b0 Encuentro de Cantoras de Los R\u00edos 2021 - Museo Violeta Parra","isPartOf":{"@id":"http:\/\/vientosur.top\/museo\/#website"},"primaryImageOfPage":{"@id":"http:\/\/vientosur.top\/museo\/agenda\/festival-sureal-3-encuentro-de-cantoras-de-los-rios-2021\/#primaryimage"},"image":{"@id":"http:\/\/vientosur.top\/museo\/agenda\/festival-sureal-3-encuentro-de-cantoras-de-los-rios-2021\/#primaryimage"},"thumbnailUrl":"http:\/\/vientosur.top\/museo\/wp-content\/uploads\/2021\/09\/AFICHE-OFICIAL-CANTORAS-DE-LOS-RIOS-scaled-e1634050545173.jpg","datePublished":"2021-09-29T16:28:46+00:00","dateModified":"2021-10-01T13:31:31+00:00","breadcrumb":{"@id":"http:\/\/vientosur.top\/museo\/agenda\/festival-sureal-3-encuentro-de-cantoras-de-los-rios-2021\/#breadcrumb"},"inLanguage":"es","potentialAction":[{"@type":"ReadAction","target":["http:\/\/vientosur.top\/museo\/agenda\/festival-sureal-3-encuentro-de-cantoras-de-los-rios-2021\/"]}]},{"@type":"ImageObject","inLanguage":"es","@id":"http:\/\/vientosur.top\/museo\/agenda\/festival-sureal-3-encuentro-de-cantoras-de-los-rios-2021\/#primaryimage","url":"http:\/\/vientosur.top\/museo\/wp-content\/uploads\/2021\/09\/AFICHE-OFICIAL-CANTORAS-DE-LOS-RIOS-scaled-e1634050545173.jpg","contentUrl":"http:\/\/vientosur.top\/museo\/wp-content\/uploads\/2021\/09\/AFICHE-OFICIAL-CANTORAS-DE-LOS-RIOS-scaled-e1634050545173.jpg","width":1097,"height":800},{"@type":"BreadcrumbList","@id":"http:\/\/vientosur.top\/museo\/agenda\/festival-sureal-3-encuentro-de-cantoras-de-los-rios-2021\/#breadcrumb","itemListElement":[{"@type":"ListItem","position":1,"name":"Portada","item":"http:\/\/vientosur.top\/museo\/"},{"@type":"ListItem","position":2,"name":"Agenda","item":"http:\/\/vientosur.top\/museo\/agenda\/"},{"@type":"ListItem","position":3,"name":"Festival SuReal: 3\u00b0 Encuentro de Cantoras de Los R\u00edos 2021"}]},{"@type":"WebSite","@id":"http:\/\/vientosur.top\/museo\/#website","url":"http:\/\/vientosur.top\/museo\/","name":"Museo Violeta Parra","description":"Espacio que alberga tanto la memoria y legado creativo de la artista","potentialAction":[{"@type":"SearchAction","target":{"@type":"EntryPoint","urlTemplate":"http:\/\/vientosur.top\/museo\/?s={search_term_string}"},"query-input":{"@type":"PropertyValueSpecification","valueRequired":true,"valueName":"search_term_string"}}],"inLanguage":"es"}]}},"_links":{"self":[{"href":"http:\/\/vientosur.top\/museo\/wp-json\/wp\/v2\/agenda\/26417","targetHints":{"allow":["GET"]}}],"collection":[{"href":"http:\/\/vientosur.top\/museo\/wp-json\/wp\/v2\/agenda"}],"about":[{"href":"http:\/\/vientosur.top\/museo\/wp-json\/wp\/v2\/types\/agenda"}],"author":[{"embeddable":true,"href":"http:\/\/vientosur.top\/museo\/wp-json\/wp\/v2\/users\/5"}],"wp:featuredmedia":[{"embeddable":true,"href":"http:\/\/vientosur.top\/museo\/wp-json\/wp\/v2\/media\/26461"}],"wp:attachment":[{"href":"http:\/\/vientosur.top\/museo\/wp-json\/wp\/v2\/media?parent=26417"}],"wp:term":[{"taxonomy":"tipo-de-actividad","embeddable":true,"href":"http:\/\/vientosur.top\/museo\/wp-json\/wp\/v2\/tipo-de-actividad?post=26417"}],"curies":[{"name":"wp","href":"https:\/\/api.w.org\/{rel}","templated":true}]}}

Festival SuReal: 3° Encuentro de Cantoras de Los Ríos 2021

<p><strong>#VioletaEnCasa presenta el Festival SuReal: 3° Encuentro de Cantoras de Los Ríos 2021</strong>.</p>



<p>Este 9 de octubre, se llevará a cabo la tercera versión del Festival SuReal 2021, en el que se encontrarán cantoras, cantautoras y compositoras de la Región de Los Ríos y nacionales. La actividad se llevará a cabo vía streaming por las plataformas virtuales Facebook y YouTube de Cantoras Populares de Los Ríos, el Museo Violeta Parra y el Teatro Regional Cervantes de Valdivia.</p>



<p>“Somos mirada sur y ésta es la brújula que nos guía”.</p>



<p>Organiza: Proyecto Cantoras Populares de Los Ríos</p>



<p>Financia: Ministerio de Las Culturas Las Artes y el Patrimonio</p>



<p>Colabora: Museo Violeta Parra, Gestoras en Red, Teatro Regional Cervantes y Asociación Patrimonial Cultural, Valdivia.</p>



<p></p>

<!-- This site is optimized with the Yoast SEO plugin v25.4 - https://yoast.com/wordpress/plugins/seo/ -->
<title>Festival SuReal: 3° Encuentro de Cantoras de Los Ríos 2021 - Museo Violeta Parra</title>
<meta name="robots" content="index, follow, max-snippet:-1, max-image-preview:large, max-video-preview:-1" />
<link rel="canonical" href="http://vientosur.top/museo/agenda/festival-sureal-3-encuentro-de-cantoras-de-los-rios-2021/" />
<meta property="og:locale" content="es_ES" />
<meta property="og:type" content="article" />
<meta property="og:title" content="Festival SuReal: 3° Encuentro de Cantoras de Los Ríos 2021 - Museo Violeta Parra" />
<meta property="og:description" content="#VioletaEnCasa presenta el Festival SuReal: 3° Encuentro de Cantoras de Los Ríos 2021. Este 9 de octubre, se llevará a cabo la tercera versión del Festival SuReal 2021, en el que se encontrarán cantoras, cantautoras y compositoras de la Región de Los Ríos y nacionales. La actividad se llevará a cabo vía streaming por las [&hellip;]" />
<meta property="og:url" content="http://vientosur.top/museo/agenda/festival-sureal-3-encuentro-de-cantoras-de-los-rios-2021/" />
<meta property="og:site_name" content="Museo Violeta Parra" />
<meta property="article:modified_time" content="2021-10-01T13:31:31+00:00" />
<meta property="og:image" content="http://vientosur.top/museo/wp-content/uploads/2021/09/AFICHE-OFICIAL-CANTORAS-DE-LOS-RIOS-scaled-e1634050545173.jpg" />
	<meta property="og:image:width" content="1097" />
	<meta property="og:image:height" content="800" />
	<meta property="og:image:type" content="image/jpeg" />
<meta name="twitter:card" content="summary_large_image" />
<meta name="twitter:label1" content="Tiempo de lectura" />
	<meta name="twitter:data1" content="1 minuto" />
<script type="application/ld+json" class="yoast-schema-graph">{"@context":"https://schema.org","@graph":[{"@type":"WebPage","@id":"http://vientosur.top/museo/agenda/festival-sureal-3-encuentro-de-cantoras-de-los-rios-2021/","url":"http://vientosur.top/museo/agenda/festival-sureal-3-encuentro-de-cantoras-de-los-rios-2021/","name":"Festival SuReal: 3° Encuentro de Cantoras de Los Ríos 2021 - Museo Violeta Parra","isPartOf":{"@id":"http://vientosur.top/museo/#website"},"primaryImageOfPage":{"@id":"http://vientosur.top/museo/agenda/festival-sureal-3-encuentro-de-cantoras-de-los-rios-2021/#primaryimage"},"image":{"@id":"http://vientosur.top/museo/agenda/festival-sureal-3-encuentro-de-cantoras-de-los-rios-2021/#primaryimage"},"thumbnailUrl":"http://vientosur.top/museo/wp-content/uploads/2021/09/AFICHE-OFICIAL-CANTORAS-DE-LOS-RIOS-scaled-e1634050545173.jpg","datePublished":"2021-09-29T16:28:46+00:00","dateModified":"2021-10-01T13:31:31+00:00","breadcrumb":{"@id":"http://vientosur.top/museo/agenda/festival-sureal-3-encuentro-de-cantoras-de-los-rios-2021/#breadcrumb"},"inLanguage":"es","potentialAction":[{"@type":"ReadAction","target":["http://vientosur.top/museo/agenda/festival-sureal-3-encuentro-de-cantoras-de-los-rios-2021/"]}]},{"@type":"ImageObject","inLanguage":"es","@id":"http://vientosur.top/museo/agenda/festival-sureal-3-encuentro-de-cantoras-de-los-rios-2021/#primaryimage","url":"http://vientosur.top/museo/wp-content/uploads/2021/09/AFICHE-OFICIAL-CANTORAS-DE-LOS-RIOS-scaled-e1634050545173.jpg","contentUrl":"http://vientosur.top/museo/wp-content/uploads/2021/09/AFICHE-OFICIAL-CANTORAS-DE-LOS-RIOS-scaled-e1634050545173.jpg","width":1097,"height":800},{"@type":"BreadcrumbList","@id":"http://vientosur.top/museo/agenda/festival-sureal-3-encuentro-de-cantoras-de-los-rios-2021/#breadcrumb","itemListElement":[{"@type":"ListItem","position":1,"name":"Portada","item":"http://vientosur.top/museo/"},{"@type":"ListItem","position":2,"name":"Agenda","item":"http://vientosur.top/museo/agenda/"},{"@type":"ListItem","position":3,"name":"Festival SuReal: 3° Encuentro de Cantoras de Los Ríos 2021"}]},{"@type":"WebSite","@id":"http://vientosur.top/museo/#website","url":"http://vientosur.top/museo/","name":"Museo Violeta Parra","description":"Espacio que alberga tanto la memoria y legado creativo de la artista","potentialAction":[{"@type":"SearchAction","target":{"@type":"EntryPoint","urlTemplate":"http://vientosur.top/museo/?s={search_term_string}"},"query-input":{"@type":"PropertyValueSpecification","valueRequired":true,"valueName":"search_term_string"}}],"inLanguage":"es"}]}</script>
<!-- / Yoast SEO plugin. -->

Festival SuReal: 3° Encuentro de Cantoras de Los Ríos 2021 - Museo Violeta Parra

#VioletaEnCasa presenta el Festival SuReal: 3° Encuentro de Cantoras de Los Ríos 2021. Este 9 de octubre, se llevará a cabo la tercera versión del Festival SuReal 2021, en el que se encontrarán cantoras, cantautoras y compositoras de la Región de Los Ríos y nacionales. La actividad se llevará a cabo vía streaming por las [&hellip;]
