{"id":26500,"date":"2021-10-04T15:04:36","date_gmt":"2021-10-04T15:04:36","guid":{"rendered":"http:\/\/vientosur.top\/museo\/?post_type=agenda&#038;p=26500"},"modified":"2021-10-04T15:04:38","modified_gmt":"2021-10-04T15:04:38","slug":"concierto-de-gardenia-negra-ciclo-una","status":"publish","type":"agenda","link":"http:\/\/vientosur.top\/museo\/agenda\/concierto-de-gardenia-negra-ciclo-una\/","title":{"rendered":"Concierto de Gardenia Negra (Ciclo UNA)"},"content":{"rendered":"\n<p><strong>#VioletaEnCasa presenta a Gardenia Negra en concierto (Ciclo UNA).<\/strong><\/p>\n\n\n\n<p>Gardenia Negra tiene una enredadera que tiene ra\u00edz hace m\u00e1s de 10 a\u00f1os. En esa tierra hace un recorrido por Latinoam\u00e9rica, combinando con sonidos cada cultura que ha marcado la historia.<\/p>\n\n\n\n<p>Su m\u00fasica se define como una reconstrucci\u00f3n del pasado original, ocupando la Nueva Canci\u00f3n y el canto popular como el traspaso de la memoria que siempre es necesaria para lidiar con la vor\u00e1gine de la contingencia de estos tiempos.<\/p>\n\n\n\n<p>Vive de la poes\u00eda y la cr\u00f3nica de esos detalles que marcan diferencia en las generaciones, y en eso se basan sus composiciones y los arreglos originales de temas nunca tan olvidados. Cruza por boleros, land\u00f3, zamba argentina, candombe, murga, samba brasilera, bossa nova, tango, tonada, entre otros, que definen nuestra m\u00fasica originaria.<\/p>\n\n\n\n<p>Con un disco a cuesta, del que a\u00fan est\u00e1 pendiente su lanzamiento, recaba con cada canci\u00f3n un mundo, una historia: las guardadas ilusiones de aquellos implacables autores que nos recuerdan que nuestro futuro est\u00e1 en la memoria de nuestra ra\u00edz latinoamericana.<\/p>\n\n\n\n<p>Este concierto es realizado en colaboraci\u00f3n con la Uni\u00f3n de Artistas Nacionales UNA.<\/p>\n","protected":false},"author":5,"featured_media":26502,"parent":0,"template":"","meta":{"site-sidebar-layout":"default","site-content-layout":"","ast-site-content-layout":"default","site-content-style":"default","site-sidebar-style":"default","ast-global-header-display":"","ast-banner-title-visibility":"","ast-main-header-display":"","ast-hfb-above-header-display":"","ast-hfb-below-header-display":"","ast-hfb-mobile-header-display":"","site-post-title":"","ast-breadcrumbs-content":"","ast-featured-img":"","footer-sml-layout":"","theme-transparent-header-meta":"","adv-header-id-meta":"","stick-header-meta":"","header-above-stick-meta":"","header-main-stick-meta":"","header-below-stick-meta":"","astra-migrate-meta-layouts":"default","ast-page-background-enabled":"default","ast-page-background-meta":{"desktop":{"background-color":"var(--ast-global-color-4)","background-image":"","background-repeat":"repeat","background-position":"center center","background-size":"auto","background-attachment":"scroll","background-type":"","background-media":"","overlay-type":"","overlay-color":"","overlay-opacity":"","overlay-gradient":""},"tablet":{"background-color":"","background-image":"","background-repeat":"repeat","background-position":"center center","background-size":"auto","background-attachment":"scroll","background-type":"","background-media":"","overlay-type":"","overlay-color":"","overlay-opacity":"","overlay-gradient":""},"mobile":{"background-color":"","background-image":"","background-repeat":"repeat","background-position":"center center","background-size":"auto","background-attachment":"scroll","background-type":"","background-media":"","overlay-type":"","overlay-color":"","overlay-opacity":"","overlay-gradient":""}},"ast-content-background-meta":{"desktop":{"background-color":"var(--ast-global-color-5)","background-image":"","background-repeat":"repeat","background-position":"center center","background-size":"auto","background-attachment":"scroll","background-type":"","background-media":"","overlay-type":"","overlay-color":"","overlay-opacity":"","overlay-gradient":""},"tablet":{"background-color":"var(--ast-global-color-5)","background-image":"","background-repeat":"repeat","background-position":"center center","background-size":"auto","background-attachment":"scroll","background-type":"","background-media":"","overlay-type":"","overlay-color":"","overlay-opacity":"","overlay-gradient":""},"mobile":{"background-color":"var(--ast-global-color-5)","background-image":"","background-repeat":"repeat","background-position":"center center","background-size":"auto","background-attachment":"scroll","background-type":"","background-media":"","overlay-type":"","overlay-color":"","overlay-opacity":"","overlay-gradient":""}}},"tipo-de-actividad":[28],"class_list":["post-26500","agenda","type-agenda","status-publish","has-post-thumbnail","hentry","tipo-de-actividad-conciertos"],"yoast_head":"<!-- This site is optimized with the Yoast SEO plugin v25.4 - https:\/\/yoast.com\/wordpress\/plugins\/seo\/ -->\n<title>Concierto de Gardenia Negra (Ciclo UNA) - Museo Violeta Parra<\/title>\n<meta name=\"robots\" content=\"index, follow, max-snippet:-1, max-image-preview:large, max-video-preview:-1\" \/>\n<link rel=\"canonical\" href=\"http:\/\/vientosur.top\/museo\/agenda\/concierto-de-gardenia-negra-ciclo-una\/\" \/>\n<meta property=\"og:locale\" content=\"es_ES\" \/>\n<meta property=\"og:type\" content=\"article\" \/>\n<meta property=\"og:title\" content=\"Concierto de Gardenia Negra (Ciclo UNA) - Museo Violeta Parra\" \/>\n<meta property=\"og:description\" content=\"#VioletaEnCasa presenta a Gardenia Negra en concierto (Ciclo UNA). Gardenia Negra tiene una enredadera que tiene ra\u00edz hace m\u00e1s de 10 a\u00f1os. En esa tierra hace un recorrido por Latinoam\u00e9rica, combinando con sonidos cada cultura que ha marcado la historia. Su m\u00fasica se define como una reconstrucci\u00f3n del pasado original, ocupando la Nueva Canci\u00f3n y [&hellip;]\" \/>\n<meta property=\"og:url\" content=\"http:\/\/vientosur.top\/museo\/agenda\/concierto-de-gardenia-negra-ciclo-una\/\" \/>\n<meta property=\"og:site_name\" content=\"Museo Violeta Parra\" \/>\n<meta property=\"article:modified_time\" content=\"2021-10-04T15:04:38+00:00\" \/>\n<meta property=\"og:image\" content=\"http:\/\/vientosur.top\/museo\/wp-content\/uploads\/2021\/10\/esta-scaled-e1633359861628.jpg\" \/>\n\t<meta property=\"og:image:width\" content=\"774\" \/>\n\t<meta property=\"og:image:height\" content=\"562\" \/>\n\t<meta property=\"og:image:type\" content=\"image\/jpeg\" \/>\n<meta name=\"twitter:card\" content=\"summary_large_image\" \/>\n<meta name=\"twitter:label1\" content=\"Tiempo de lectura\" \/>\n\t<meta name=\"twitter:data1\" content=\"1 minuto\" \/>\n<script type=\"application\/ld+json\" class=\"yoast-schema-graph\">{\"@context\":\"https:\/\/schema.org\",\"@graph\":[{\"@type\":\"WebPage\",\"@id\":\"http:\/\/vientosur.top\/museo\/agenda\/concierto-de-gardenia-negra-ciclo-una\/\",\"url\":\"http:\/\/vientosur.top\/museo\/agenda\/concierto-de-gardenia-negra-ciclo-una\/\",\"name\":\"Concierto de Gardenia Negra (Ciclo UNA) - Museo Violeta Parra\",\"isPartOf\":{\"@id\":\"http:\/\/vientosur.top\/museo\/#website\"},\"primaryImageOfPage\":{\"@id\":\"http:\/\/vientosur.top\/museo\/agenda\/concierto-de-gardenia-negra-ciclo-una\/#primaryimage\"},\"image\":{\"@id\":\"http:\/\/vientosur.top\/museo\/agenda\/concierto-de-gardenia-negra-ciclo-una\/#primaryimage\"},\"thumbnailUrl\":\"http:\/\/vientosur.top\/museo\/wp-content\/uploads\/2021\/10\/esta-scaled-e1633359861628.jpg\",\"datePublished\":\"2021-10-04T15:04:36+00:00\",\"dateModified\":\"2021-10-04T15:04:38+00:00\",\"breadcrumb\":{\"@id\":\"http:\/\/vientosur.top\/museo\/agenda\/concierto-de-gardenia-negra-ciclo-una\/#breadcrumb\"},\"inLanguage\":\"es\",\"potentialAction\":[{\"@type\":\"ReadAction\",\"target\":[\"http:\/\/vientosur.top\/museo\/agenda\/concierto-de-gardenia-negra-ciclo-una\/\"]}]},{\"@type\":\"ImageObject\",\"inLanguage\":\"es\",\"@id\":\"http:\/\/vientosur.top\/museo\/agenda\/concierto-de-gardenia-negra-ciclo-una\/#primaryimage\",\"url\":\"http:\/\/vientosur.top\/museo\/wp-content\/uploads\/2021\/10\/esta-scaled-e1633359861628.jpg\",\"contentUrl\":\"http:\/\/vientosur.top\/museo\/wp-content\/uploads\/2021\/10\/esta-scaled-e1633359861628.jpg\",\"width\":774,\"height\":562},{\"@type\":\"BreadcrumbList\",\"@id\":\"http:\/\/vientosur.top\/museo\/agenda\/concierto-de-gardenia-negra-ciclo-una\/#breadcrumb\",\"itemListElement\":[{\"@type\":\"ListItem\",\"position\":1,\"name\":\"Portada\",\"item\":\"http:\/\/vientosur.top\/museo\/\"},{\"@type\":\"ListItem\",\"position\":2,\"name\":\"Agenda\",\"item\":\"http:\/\/vientosur.top\/museo\/agenda\/\"},{\"@type\":\"ListItem\",\"position\":3,\"name\":\"Concierto de Gardenia Negra (Ciclo UNA)\"}]},{\"@type\":\"WebSite\",\"@id\":\"http:\/\/vientosur.top\/museo\/#website\",\"url\":\"http:\/\/vientosur.top\/museo\/\",\"name\":\"Museo Violeta Parra\",\"description\":\"Espacio que alberga tanto la memoria y legado creativo de la artista\",\"potentialAction\":[{\"@type\":\"SearchAction\",\"target\":{\"@type\":\"EntryPoint\",\"urlTemplate\":\"http:\/\/vientosur.top\/museo\/?s={search_term_string}\"},\"query-input\":{\"@type\":\"PropertyValueSpecification\",\"valueRequired\":true,\"valueName\":\"search_term_string\"}}],\"inLanguage\":\"es\"}]}<\/script>\n<!-- \/ Yoast SEO plugin. -->","yoast_head_json":{"title":"Concierto de Gardenia Negra (Ciclo UNA) - Museo Violeta Parra","robots":{"index":"index","follow":"follow","max-snippet":"max-snippet:-1","max-image-preview":"max-image-preview:large","max-video-preview":"max-video-preview:-1"},"canonical":"http:\/\/vientosur.top\/museo\/agenda\/concierto-de-gardenia-negra-ciclo-una\/","og_locale":"es_ES","og_type":"article","og_title":"Concierto de Gardenia Negra (Ciclo UNA) - Museo Violeta Parra","og_description":"#VioletaEnCasa presenta a Gardenia Negra en concierto (Ciclo UNA). Gardenia Negra tiene una enredadera que tiene ra\u00edz hace m\u00e1s de 10 a\u00f1os. En esa tierra hace un recorrido por Latinoam\u00e9rica, combinando con sonidos cada cultura que ha marcado la historia. Su m\u00fasica se define como una reconstrucci\u00f3n del pasado original, ocupando la Nueva Canci\u00f3n y [&hellip;]","og_url":"http:\/\/vientosur.top\/museo\/agenda\/concierto-de-gardenia-negra-ciclo-una\/","og_site_name":"Museo Violeta Parra","article_modified_time":"2021-10-04T15:04:38+00:00","og_image":[{"width":774,"height":562,"url":"http:\/\/vientosur.top\/museo\/wp-content\/uploads\/2021\/10\/esta-scaled-e1633359861628.jpg","type":"image\/jpeg"}],"twitter_card":"summary_large_image","twitter_misc":{"Tiempo de lectura":"1 minuto"},"schema":{"@context":"https:\/\/schema.org","@graph":[{"@type":"WebPage","@id":"http:\/\/vientosur.top\/museo\/agenda\/concierto-de-gardenia-negra-ciclo-una\/","url":"http:\/\/vientosur.top\/museo\/agenda\/concierto-de-gardenia-negra-ciclo-una\/","name":"Concierto de Gardenia Negra (Ciclo UNA) - Museo Violeta Parra","isPartOf":{"@id":"http:\/\/vientosur.top\/museo\/#website"},"primaryImageOfPage":{"@id":"http:\/\/vientosur.top\/museo\/agenda\/concierto-de-gardenia-negra-ciclo-una\/#primaryimage"},"image":{"@id":"http:\/\/vientosur.top\/museo\/agenda\/concierto-de-gardenia-negra-ciclo-una\/#primaryimage"},"thumbnailUrl":"http:\/\/vientosur.top\/museo\/wp-content\/uploads\/2021\/10\/esta-scaled-e1633359861628.jpg","datePublished":"2021-10-04T15:04:36+00:00","dateModified":"2021-10-04T15:04:38+00:00","breadcrumb":{"@id":"http:\/\/vientosur.top\/museo\/agenda\/concierto-de-gardenia-negra-ciclo-una\/#breadcrumb"},"inLanguage":"es","potentialAction":[{"@type":"ReadAction","target":["http:\/\/vientosur.top\/museo\/agenda\/concierto-de-gardenia-negra-ciclo-una\/"]}]},{"@type":"ImageObject","inLanguage":"es","@id":"http:\/\/vientosur.top\/museo\/agenda\/concierto-de-gardenia-negra-ciclo-una\/#primaryimage","url":"http:\/\/vientosur.top\/museo\/wp-content\/uploads\/2021\/10\/esta-scaled-e1633359861628.jpg","contentUrl":"http:\/\/vientosur.top\/museo\/wp-content\/uploads\/2021\/10\/esta-scaled-e1633359861628.jpg","width":774,"height":562},{"@type":"BreadcrumbList","@id":"http:\/\/vientosur.top\/museo\/agenda\/concierto-de-gardenia-negra-ciclo-una\/#breadcrumb","itemListElement":[{"@type":"ListItem","position":1,"name":"Portada","item":"http:\/\/vientosur.top\/museo\/"},{"@type":"ListItem","position":2,"name":"Agenda","item":"http:\/\/vientosur.top\/museo\/agenda\/"},{"@type":"ListItem","position":3,"name":"Concierto de Gardenia Negra (Ciclo UNA)"}]},{"@type":"WebSite","@id":"http:\/\/vientosur.top\/museo\/#website","url":"http:\/\/vientosur.top\/museo\/","name":"Museo Violeta Parra","description":"Espacio que alberga tanto la memoria y legado creativo de la artista","potentialAction":[{"@type":"SearchAction","target":{"@type":"EntryPoint","urlTemplate":"http:\/\/vientosur.top\/museo\/?s={search_term_string}"},"query-input":{"@type":"PropertyValueSpecification","valueRequired":true,"valueName":"search_term_string"}}],"inLanguage":"es"}]}},"_links":{"self":[{"href":"http:\/\/vientosur.top\/museo\/wp-json\/wp\/v2\/agenda\/26500","targetHints":{"allow":["GET"]}}],"collection":[{"href":"http:\/\/vientosur.top\/museo\/wp-json\/wp\/v2\/agenda"}],"about":[{"href":"http:\/\/vientosur.top\/museo\/wp-json\/wp\/v2\/types\/agenda"}],"author":[{"embeddable":true,"href":"http:\/\/vientosur.top\/museo\/wp-json\/wp\/v2\/users\/5"}],"wp:featuredmedia":[{"embeddable":true,"href":"http:\/\/vientosur.top\/museo\/wp-json\/wp\/v2\/media\/26502"}],"wp:attachment":[{"href":"http:\/\/vientosur.top\/museo\/wp-json\/wp\/v2\/media?parent=26500"}],"wp:term":[{"taxonomy":"tipo-de-actividad","embeddable":true,"href":"http:\/\/vientosur.top\/museo\/wp-json\/wp\/v2\/tipo-de-actividad?post=26500"}],"curies":[{"name":"wp","href":"https:\/\/api.w.org\/{rel}","templated":true}]}}

<p><strong>#VioletaEnCasa presenta a Gardenia Negra en concierto (Ciclo UNA).</strong></p>



<p>Gardenia Negra tiene una enredadera que tiene raíz hace más de 10 años. En esa tierra hace un recorrido por Latinoamérica, combinando con sonidos cada cultura que ha marcado la historia.</p>



<p>Su música se define como una reconstrucción del pasado original, ocupando la Nueva Canción y el canto popular como el traspaso de la memoria que siempre es necesaria para lidiar con la vorágine de la contingencia de estos tiempos.</p>



<p>Vive de la poesía y la crónica de esos detalles que marcan diferencia en las generaciones, y en eso se basan sus composiciones y los arreglos originales de temas nunca tan olvidados. Cruza por boleros, landó, zamba argentina, candombe, murga, samba brasilera, bossa nova, tango, tonada, entre otros, que definen nuestra música originaria.</p>



<p>Con un disco a cuesta, del que aún está pendiente su lanzamiento, recaba con cada canción un mundo, una historia: las guardadas ilusiones de aquellos implacables autores que nos recuerdan que nuestro futuro está en la memoria de nuestra raíz latinoamericana.</p>



<p>Este concierto es realizado en colaboración con la Unión de Artistas Nacionales UNA.</p>

<!-- This site is optimized with the Yoast SEO plugin v25.4 - https://yoast.com/wordpress/plugins/seo/ -->
<title>Concierto de Gardenia Negra (Ciclo UNA) - Museo Violeta Parra</title>
<meta name="robots" content="index, follow, max-snippet:-1, max-image-preview:large, max-video-preview:-1" />
<link rel="canonical" href="http://vientosur.top/museo/agenda/concierto-de-gardenia-negra-ciclo-una/" />
<meta property="og:locale" content="es_ES" />
<meta property="og:type" content="article" />
<meta property="og:title" content="Concierto de Gardenia Negra (Ciclo UNA) - Museo Violeta Parra" />
<meta property="og:description" content="#VioletaEnCasa presenta a Gardenia Negra en concierto (Ciclo UNA). Gardenia Negra tiene una enredadera que tiene raíz hace más de 10 años. En esa tierra hace un recorrido por Latinoamérica, combinando con sonidos cada cultura que ha marcado la historia. Su música se define como una reconstrucción del pasado original, ocupando la Nueva Canción y [&hellip;]" />
<meta property="og:url" content="http://vientosur.top/museo/agenda/concierto-de-gardenia-negra-ciclo-una/" />
<meta property="og:site_name" content="Museo Violeta Parra" />
<meta property="article:modified_time" content="2021-10-04T15:04:38+00:00" />
<meta property="og:image" content="http://vientosur.top/museo/wp-content/uploads/2021/10/esta-scaled-e1633359861628.jpg" />
	<meta property="og:image:width" content="774" />
	<meta property="og:image:height" content="562" />
	<meta property="og:image:type" content="image/jpeg" />
<meta name="twitter:card" content="summary_large_image" />
<meta name="twitter:label1" content="Tiempo de lectura" />
	<meta name="twitter:data1" content="1 minuto" />
<script type="application/ld+json" class="yoast-schema-graph">{"@context":"https://schema.org","@graph":[{"@type":"WebPage","@id":"http://vientosur.top/museo/agenda/concierto-de-gardenia-negra-ciclo-una/","url":"http://vientosur.top/museo/agenda/concierto-de-gardenia-negra-ciclo-una/","name":"Concierto de Gardenia Negra (Ciclo UNA) - Museo Violeta Parra","isPartOf":{"@id":"http://vientosur.top/museo/#website"},"primaryImageOfPage":{"@id":"http://vientosur.top/museo/agenda/concierto-de-gardenia-negra-ciclo-una/#primaryimage"},"image":{"@id":"http://vientosur.top/museo/agenda/concierto-de-gardenia-negra-ciclo-una/#primaryimage"},"thumbnailUrl":"http://vientosur.top/museo/wp-content/uploads/2021/10/esta-scaled-e1633359861628.jpg","datePublished":"2021-10-04T15:04:36+00:00","dateModified":"2021-10-04T15:04:38+00:00","breadcrumb":{"@id":"http://vientosur.top/museo/agenda/concierto-de-gardenia-negra-ciclo-una/#breadcrumb"},"inLanguage":"es","potentialAction":[{"@type":"ReadAction","target":["http://vientosur.top/museo/agenda/concierto-de-gardenia-negra-ciclo-una/"]}]},{"@type":"ImageObject","inLanguage":"es","@id":"http://vientosur.top/museo/agenda/concierto-de-gardenia-negra-ciclo-una/#primaryimage","url":"http://vientosur.top/museo/wp-content/uploads/2021/10/esta-scaled-e1633359861628.jpg","contentUrl":"http://vientosur.top/museo/wp-content/uploads/2021/10/esta-scaled-e1633359861628.jpg","width":774,"height":562},{"@type":"BreadcrumbList","@id":"http://vientosur.top/museo/agenda/concierto-de-gardenia-negra-ciclo-una/#breadcrumb","itemListElement":[{"@type":"ListItem","position":1,"name":"Portada","item":"http://vientosur.top/museo/"},{"@type":"ListItem","position":2,"name":"Agenda","item":"http://vientosur.top/museo/agenda/"},{"@type":"ListItem","position":3,"name":"Concierto de Gardenia Negra (Ciclo UNA)"}]},{"@type":"WebSite","@id":"http://vientosur.top/museo/#website","url":"http://vientosur.top/museo/","name":"Museo Violeta Parra","description":"Espacio que alberga tanto la memoria y legado creativo de la artista","potentialAction":[{"@type":"SearchAction","target":{"@type":"EntryPoint","urlTemplate":"http://vientosur.top/museo/?s={search_term_string}"},"query-input":{"@type":"PropertyValueSpecification","valueRequired":true,"valueName":"search_term_string"}}],"inLanguage":"es"}]}</script>
<!-- / Yoast SEO plugin. -->

#VioletaEnCasa presenta a Gardenia Negra en concierto (Ciclo UNA). Gardenia Negra tiene una enredadera que tiene raíz hace más de 10 años. En esa tierra hace un recorrido por Latinoamérica, combinando con sonidos cada cultura que ha marcado la historia. Su música se define como una reconstrucción del pasado original, ocupando la Nueva Canción y [&hellip;]
