{"id":26662,"date":"2021-10-29T14:39:48","date_gmt":"2021-10-29T14:39:48","guid":{"rendered":"http:\/\/vientosur.top\/museo\/?post_type=agenda&#038;p=26662"},"modified":"2021-10-29T14:39:49","modified_gmt":"2021-10-29T14:39:49","slug":"concierto-carmen-prieto-monreal-ciclo-una","status":"publish","type":"agenda","link":"http:\/\/vientosur.top\/museo\/agenda\/concierto-carmen-prieto-monreal-ciclo-una\/","title":{"rendered":"Concierto Carmen Prieto Monreal (Ciclo UNA)"},"content":{"rendered":"\n<p><strong>#VioletaEnCasa presenta a Carmen Prieto Monreal en concierto<\/strong>,<strong> en el marco del Ciclo UNA. <\/strong><\/p>\n\n\n\n<p>Carmen Prieto Monreal es cantante y actriz con 12 discos publicados, giras y presentaciones por Colombia, Cuba, Venezuela, M\u00e9xico, Panam\u00e1, Ecuador, Bolivia, Argentina, Uruguay, Espa\u00f1a, Grecia y Estados Unidos.<\/p>\n\n\n\n<p>Fue ganadora del Premio Apes 1993 a Mejor Int\u00e9rprete Femenina por su disco \u201cMe Desordeno\u201d. Tambi\u00e9n obtuvo el Premio Carmen del Teatro Musical Chileno CONATEMUCH por su rol protag\u00f3nico femenino en la obra \u201cEl vendedor de p\u00e1jaros\u201d (2019).<\/p>\n\n\n\n<p>Reconocida en Chile y Am\u00e9rica Latina por ser la voz chilena del bolero desde 1990, tambi\u00e9n ha cultivado el tango, el vals peruano y el son cubano.<\/p>\n\n\n\n<p><\/p>\n","protected":false},"author":5,"featured_media":26664,"parent":0,"template":"","meta":{"site-sidebar-layout":"default","site-content-layout":"","ast-site-content-layout":"default","site-content-style":"default","site-sidebar-style":"default","ast-global-header-display":"","ast-banner-title-visibility":"","ast-main-header-display":"","ast-hfb-above-header-display":"","ast-hfb-below-header-display":"","ast-hfb-mobile-header-display":"","site-post-title":"","ast-breadcrumbs-content":"","ast-featured-img":"","footer-sml-layout":"","theme-transparent-header-meta":"","adv-header-id-meta":"","stick-header-meta":"","header-above-stick-meta":"","header-main-stick-meta":"","header-below-stick-meta":"","astra-migrate-meta-layouts":"default","ast-page-background-enabled":"default","ast-page-background-meta":{"desktop":{"background-color":"var(--ast-global-color-4)","background-image":"","background-repeat":"repeat","background-position":"center center","background-size":"auto","background-attachment":"scroll","background-type":"","background-media":"","overlay-type":"","overlay-color":"","overlay-opacity":"","overlay-gradient":""},"tablet":{"background-color":"","background-image":"","background-repeat":"repeat","background-position":"center center","background-size":"auto","background-attachment":"scroll","background-type":"","background-media":"","overlay-type":"","overlay-color":"","overlay-opacity":"","overlay-gradient":""},"mobile":{"background-color":"","background-image":"","background-repeat":"repeat","background-position":"center center","background-size":"auto","background-attachment":"scroll","background-type":"","background-media":"","overlay-type":"","overlay-color":"","overlay-opacity":"","overlay-gradient":""}},"ast-content-background-meta":{"desktop":{"background-color":"var(--ast-global-color-5)","background-image":"","background-repeat":"repeat","background-position":"center center","background-size":"auto","background-attachment":"scroll","background-type":"","background-media":"","overlay-type":"","overlay-color":"","overlay-opacity":"","overlay-gradient":""},"tablet":{"background-color":"var(--ast-global-color-5)","background-image":"","background-repeat":"repeat","background-position":"center center","background-size":"auto","background-attachment":"scroll","background-type":"","background-media":"","overlay-type":"","overlay-color":"","overlay-opacity":"","overlay-gradient":""},"mobile":{"background-color":"var(--ast-global-color-5)","background-image":"","background-repeat":"repeat","background-position":"center center","background-size":"auto","background-attachment":"scroll","background-type":"","background-media":"","overlay-type":"","overlay-color":"","overlay-opacity":"","overlay-gradient":""}}},"tipo-de-actividad":[28],"class_list":["post-26662","agenda","type-agenda","status-publish","has-post-thumbnail","hentry","tipo-de-actividad-conciertos"],"yoast_head":"<!-- This site is optimized with the Yoast SEO plugin v25.4 - https:\/\/yoast.com\/wordpress\/plugins\/seo\/ -->\n<title>Concierto Carmen Prieto Monreal (Ciclo UNA) - Museo Violeta Parra<\/title>\n<meta name=\"robots\" content=\"index, follow, max-snippet:-1, max-image-preview:large, max-video-preview:-1\" \/>\n<link rel=\"canonical\" href=\"http:\/\/vientosur.top\/museo\/agenda\/concierto-carmen-prieto-monreal-ciclo-una\/\" \/>\n<meta property=\"og:locale\" content=\"es_ES\" \/>\n<meta property=\"og:type\" content=\"article\" \/>\n<meta property=\"og:title\" content=\"Concierto Carmen Prieto Monreal (Ciclo UNA) - Museo Violeta Parra\" \/>\n<meta property=\"og:description\" content=\"#VioletaEnCasa presenta a Carmen Prieto Monreal en concierto, en el marco del Ciclo UNA. Carmen Prieto Monreal es cantante y actriz con 12 discos publicados, giras y presentaciones por Colombia, Cuba, Venezuela, M\u00e9xico, Panam\u00e1, Ecuador, Bolivia, Argentina, Uruguay, Espa\u00f1a, Grecia y Estados Unidos. Fue ganadora del Premio Apes 1993 a Mejor Int\u00e9rprete Femenina por su [&hellip;]\" \/>\n<meta property=\"og:url\" content=\"http:\/\/vientosur.top\/museo\/agenda\/concierto-carmen-prieto-monreal-ciclo-una\/\" \/>\n<meta property=\"og:site_name\" content=\"Museo Violeta Parra\" \/>\n<meta property=\"article:modified_time\" content=\"2021-10-29T14:39:49+00:00\" \/>\n<meta property=\"og:image\" content=\"http:\/\/vientosur.top\/museo\/wp-content\/uploads\/2021\/10\/DSC00771-scaled-e1635518366274.jpg\" \/>\n\t<meta property=\"og:image:width\" content=\"1100\" \/>\n\t<meta property=\"og:image:height\" content=\"800\" \/>\n\t<meta property=\"og:image:type\" content=\"image\/jpeg\" \/>\n<meta name=\"twitter:card\" content=\"summary_large_image\" \/>\n<meta name=\"twitter:label1\" content=\"Tiempo de lectura\" \/>\n\t<meta name=\"twitter:data1\" content=\"1 minuto\" \/>\n<script type=\"application\/ld+json\" class=\"yoast-schema-graph\">{\"@context\":\"https:\/\/schema.org\",\"@graph\":[{\"@type\":\"WebPage\",\"@id\":\"http:\/\/vientosur.top\/museo\/agenda\/concierto-carmen-prieto-monreal-ciclo-una\/\",\"url\":\"http:\/\/vientosur.top\/museo\/agenda\/concierto-carmen-prieto-monreal-ciclo-una\/\",\"name\":\"Concierto Carmen Prieto Monreal (Ciclo UNA) - Museo Violeta Parra\",\"isPartOf\":{\"@id\":\"http:\/\/vientosur.top\/museo\/#website\"},\"primaryImageOfPage\":{\"@id\":\"http:\/\/vientosur.top\/museo\/agenda\/concierto-carmen-prieto-monreal-ciclo-una\/#primaryimage\"},\"image\":{\"@id\":\"http:\/\/vientosur.top\/museo\/agenda\/concierto-carmen-prieto-monreal-ciclo-una\/#primaryimage\"},\"thumbnailUrl\":\"http:\/\/vientosur.top\/museo\/wp-content\/uploads\/2021\/10\/DSC00771-scaled-e1635518366274.jpg\",\"datePublished\":\"2021-10-29T14:39:48+00:00\",\"dateModified\":\"2021-10-29T14:39:49+00:00\",\"breadcrumb\":{\"@id\":\"http:\/\/vientosur.top\/museo\/agenda\/concierto-carmen-prieto-monreal-ciclo-una\/#breadcrumb\"},\"inLanguage\":\"es\",\"potentialAction\":[{\"@type\":\"ReadAction\",\"target\":[\"http:\/\/vientosur.top\/museo\/agenda\/concierto-carmen-prieto-monreal-ciclo-una\/\"]}]},{\"@type\":\"ImageObject\",\"inLanguage\":\"es\",\"@id\":\"http:\/\/vientosur.top\/museo\/agenda\/concierto-carmen-prieto-monreal-ciclo-una\/#primaryimage\",\"url\":\"http:\/\/vientosur.top\/museo\/wp-content\/uploads\/2021\/10\/DSC00771-scaled-e1635518366274.jpg\",\"contentUrl\":\"http:\/\/vientosur.top\/museo\/wp-content\/uploads\/2021\/10\/DSC00771-scaled-e1635518366274.jpg\",\"width\":1100,\"height\":800},{\"@type\":\"BreadcrumbList\",\"@id\":\"http:\/\/vientosur.top\/museo\/agenda\/concierto-carmen-prieto-monreal-ciclo-una\/#breadcrumb\",\"itemListElement\":[{\"@type\":\"ListItem\",\"position\":1,\"name\":\"Portada\",\"item\":\"http:\/\/vientosur.top\/museo\/\"},{\"@type\":\"ListItem\",\"position\":2,\"name\":\"Agenda\",\"item\":\"http:\/\/vientosur.top\/museo\/agenda\/\"},{\"@type\":\"ListItem\",\"position\":3,\"name\":\"Concierto Carmen Prieto Monreal (Ciclo UNA)\"}]},{\"@type\":\"WebSite\",\"@id\":\"http:\/\/vientosur.top\/museo\/#website\",\"url\":\"http:\/\/vientosur.top\/museo\/\",\"name\":\"Museo Violeta Parra\",\"description\":\"Espacio que alberga tanto la memoria y legado creativo de la artista\",\"potentialAction\":[{\"@type\":\"SearchAction\",\"target\":{\"@type\":\"EntryPoint\",\"urlTemplate\":\"http:\/\/vientosur.top\/museo\/?s={search_term_string}\"},\"query-input\":{\"@type\":\"PropertyValueSpecification\",\"valueRequired\":true,\"valueName\":\"search_term_string\"}}],\"inLanguage\":\"es\"}]}<\/script>\n<!-- \/ Yoast SEO plugin. -->","yoast_head_json":{"title":"Concierto Carmen Prieto Monreal (Ciclo UNA) - Museo Violeta Parra","robots":{"index":"index","follow":"follow","max-snippet":"max-snippet:-1","max-image-preview":"max-image-preview:large","max-video-preview":"max-video-preview:-1"},"canonical":"http:\/\/vientosur.top\/museo\/agenda\/concierto-carmen-prieto-monreal-ciclo-una\/","og_locale":"es_ES","og_type":"article","og_title":"Concierto Carmen Prieto Monreal (Ciclo UNA) - Museo Violeta Parra","og_description":"#VioletaEnCasa presenta a Carmen Prieto Monreal en concierto, en el marco del Ciclo UNA. Carmen Prieto Monreal es cantante y actriz con 12 discos publicados, giras y presentaciones por Colombia, Cuba, Venezuela, M\u00e9xico, Panam\u00e1, Ecuador, Bolivia, Argentina, Uruguay, Espa\u00f1a, Grecia y Estados Unidos. Fue ganadora del Premio Apes 1993 a Mejor Int\u00e9rprete Femenina por su [&hellip;]","og_url":"http:\/\/vientosur.top\/museo\/agenda\/concierto-carmen-prieto-monreal-ciclo-una\/","og_site_name":"Museo Violeta Parra","article_modified_time":"2021-10-29T14:39:49+00:00","og_image":[{"width":1100,"height":800,"url":"http:\/\/vientosur.top\/museo\/wp-content\/uploads\/2021\/10\/DSC00771-scaled-e1635518366274.jpg","type":"image\/jpeg"}],"twitter_card":"summary_large_image","twitter_misc":{"Tiempo de lectura":"1 minuto"},"schema":{"@context":"https:\/\/schema.org","@graph":[{"@type":"WebPage","@id":"http:\/\/vientosur.top\/museo\/agenda\/concierto-carmen-prieto-monreal-ciclo-una\/","url":"http:\/\/vientosur.top\/museo\/agenda\/concierto-carmen-prieto-monreal-ciclo-una\/","name":"Concierto Carmen Prieto Monreal (Ciclo UNA) - Museo Violeta Parra","isPartOf":{"@id":"http:\/\/vientosur.top\/museo\/#website"},"primaryImageOfPage":{"@id":"http:\/\/vientosur.top\/museo\/agenda\/concierto-carmen-prieto-monreal-ciclo-una\/#primaryimage"},"image":{"@id":"http:\/\/vientosur.top\/museo\/agenda\/concierto-carmen-prieto-monreal-ciclo-una\/#primaryimage"},"thumbnailUrl":"http:\/\/vientosur.top\/museo\/wp-content\/uploads\/2021\/10\/DSC00771-scaled-e1635518366274.jpg","datePublished":"2021-10-29T14:39:48+00:00","dateModified":"2021-10-29T14:39:49+00:00","breadcrumb":{"@id":"http:\/\/vientosur.top\/museo\/agenda\/concierto-carmen-prieto-monreal-ciclo-una\/#breadcrumb"},"inLanguage":"es","potentialAction":[{"@type":"ReadAction","target":["http:\/\/vientosur.top\/museo\/agenda\/concierto-carmen-prieto-monreal-ciclo-una\/"]}]},{"@type":"ImageObject","inLanguage":"es","@id":"http:\/\/vientosur.top\/museo\/agenda\/concierto-carmen-prieto-monreal-ciclo-una\/#primaryimage","url":"http:\/\/vientosur.top\/museo\/wp-content\/uploads\/2021\/10\/DSC00771-scaled-e1635518366274.jpg","contentUrl":"http:\/\/vientosur.top\/museo\/wp-content\/uploads\/2021\/10\/DSC00771-scaled-e1635518366274.jpg","width":1100,"height":800},{"@type":"BreadcrumbList","@id":"http:\/\/vientosur.top\/museo\/agenda\/concierto-carmen-prieto-monreal-ciclo-una\/#breadcrumb","itemListElement":[{"@type":"ListItem","position":1,"name":"Portada","item":"http:\/\/vientosur.top\/museo\/"},{"@type":"ListItem","position":2,"name":"Agenda","item":"http:\/\/vientosur.top\/museo\/agenda\/"},{"@type":"ListItem","position":3,"name":"Concierto Carmen Prieto Monreal (Ciclo UNA)"}]},{"@type":"WebSite","@id":"http:\/\/vientosur.top\/museo\/#website","url":"http:\/\/vientosur.top\/museo\/","name":"Museo Violeta Parra","description":"Espacio que alberga tanto la memoria y legado creativo de la artista","potentialAction":[{"@type":"SearchAction","target":{"@type":"EntryPoint","urlTemplate":"http:\/\/vientosur.top\/museo\/?s={search_term_string}"},"query-input":{"@type":"PropertyValueSpecification","valueRequired":true,"valueName":"search_term_string"}}],"inLanguage":"es"}]}},"_links":{"self":[{"href":"http:\/\/vientosur.top\/museo\/wp-json\/wp\/v2\/agenda\/26662","targetHints":{"allow":["GET"]}}],"collection":[{"href":"http:\/\/vientosur.top\/museo\/wp-json\/wp\/v2\/agenda"}],"about":[{"href":"http:\/\/vientosur.top\/museo\/wp-json\/wp\/v2\/types\/agenda"}],"author":[{"embeddable":true,"href":"http:\/\/vientosur.top\/museo\/wp-json\/wp\/v2\/users\/5"}],"wp:featuredmedia":[{"embeddable":true,"href":"http:\/\/vientosur.top\/museo\/wp-json\/wp\/v2\/media\/26664"}],"wp:attachment":[{"href":"http:\/\/vientosur.top\/museo\/wp-json\/wp\/v2\/media?parent=26662"}],"wp:term":[{"taxonomy":"tipo-de-actividad","embeddable":true,"href":"http:\/\/vientosur.top\/museo\/wp-json\/wp\/v2\/tipo-de-actividad?post=26662"}],"curies":[{"name":"wp","href":"https:\/\/api.w.org\/{rel}","templated":true}]}}

<p><strong>#VioletaEnCasa presenta a Carmen Prieto Monreal en concierto</strong>,<strong> en el marco del Ciclo UNA. </strong></p>



<p>Carmen Prieto Monreal es cantante y actriz con 12 discos publicados, giras y presentaciones por Colombia, Cuba, Venezuela, México, Panamá, Ecuador, Bolivia, Argentina, Uruguay, España, Grecia y Estados Unidos.</p>



<p>Fue ganadora del Premio Apes 1993 a Mejor Intérprete Femenina por su disco “Me Desordeno”. También obtuvo el Premio Carmen del Teatro Musical Chileno CONATEMUCH por su rol protagónico femenino en la obra “El vendedor de pájaros” (2019).</p>



<p>Reconocida en Chile y América Latina por ser la voz chilena del bolero desde 1990, también ha cultivado el tango, el vals peruano y el son cubano.</p>



<p></p>

<!-- This site is optimized with the Yoast SEO plugin v25.4 - https://yoast.com/wordpress/plugins/seo/ -->
<title>Concierto Carmen Prieto Monreal (Ciclo UNA) - Museo Violeta Parra</title>
<meta name="robots" content="index, follow, max-snippet:-1, max-image-preview:large, max-video-preview:-1" />
<link rel="canonical" href="http://vientosur.top/museo/agenda/concierto-carmen-prieto-monreal-ciclo-una/" />
<meta property="og:locale" content="es_ES" />
<meta property="og:type" content="article" />
<meta property="og:title" content="Concierto Carmen Prieto Monreal (Ciclo UNA) - Museo Violeta Parra" />
<meta property="og:description" content="#VioletaEnCasa presenta a Carmen Prieto Monreal en concierto, en el marco del Ciclo UNA. Carmen Prieto Monreal es cantante y actriz con 12 discos publicados, giras y presentaciones por Colombia, Cuba, Venezuela, México, Panamá, Ecuador, Bolivia, Argentina, Uruguay, España, Grecia y Estados Unidos. Fue ganadora del Premio Apes 1993 a Mejor Intérprete Femenina por su [&hellip;]" />
<meta property="og:url" content="http://vientosur.top/museo/agenda/concierto-carmen-prieto-monreal-ciclo-una/" />
<meta property="og:site_name" content="Museo Violeta Parra" />
<meta property="article:modified_time" content="2021-10-29T14:39:49+00:00" />
<meta property="og:image" content="http://vientosur.top/museo/wp-content/uploads/2021/10/DSC00771-scaled-e1635518366274.jpg" />
	<meta property="og:image:width" content="1100" />
	<meta property="og:image:height" content="800" />
	<meta property="og:image:type" content="image/jpeg" />
<meta name="twitter:card" content="summary_large_image" />
<meta name="twitter:label1" content="Tiempo de lectura" />
	<meta name="twitter:data1" content="1 minuto" />
<script type="application/ld+json" class="yoast-schema-graph">{"@context":"https://schema.org","@graph":[{"@type":"WebPage","@id":"http://vientosur.top/museo/agenda/concierto-carmen-prieto-monreal-ciclo-una/","url":"http://vientosur.top/museo/agenda/concierto-carmen-prieto-monreal-ciclo-una/","name":"Concierto Carmen Prieto Monreal (Ciclo UNA) - Museo Violeta Parra","isPartOf":{"@id":"http://vientosur.top/museo/#website"},"primaryImageOfPage":{"@id":"http://vientosur.top/museo/agenda/concierto-carmen-prieto-monreal-ciclo-una/#primaryimage"},"image":{"@id":"http://vientosur.top/museo/agenda/concierto-carmen-prieto-monreal-ciclo-una/#primaryimage"},"thumbnailUrl":"http://vientosur.top/museo/wp-content/uploads/2021/10/DSC00771-scaled-e1635518366274.jpg","datePublished":"2021-10-29T14:39:48+00:00","dateModified":"2021-10-29T14:39:49+00:00","breadcrumb":{"@id":"http://vientosur.top/museo/agenda/concierto-carmen-prieto-monreal-ciclo-una/#breadcrumb"},"inLanguage":"es","potentialAction":[{"@type":"ReadAction","target":["http://vientosur.top/museo/agenda/concierto-carmen-prieto-monreal-ciclo-una/"]}]},{"@type":"ImageObject","inLanguage":"es","@id":"http://vientosur.top/museo/agenda/concierto-carmen-prieto-monreal-ciclo-una/#primaryimage","url":"http://vientosur.top/museo/wp-content/uploads/2021/10/DSC00771-scaled-e1635518366274.jpg","contentUrl":"http://vientosur.top/museo/wp-content/uploads/2021/10/DSC00771-scaled-e1635518366274.jpg","width":1100,"height":800},{"@type":"BreadcrumbList","@id":"http://vientosur.top/museo/agenda/concierto-carmen-prieto-monreal-ciclo-una/#breadcrumb","itemListElement":[{"@type":"ListItem","position":1,"name":"Portada","item":"http://vientosur.top/museo/"},{"@type":"ListItem","position":2,"name":"Agenda","item":"http://vientosur.top/museo/agenda/"},{"@type":"ListItem","position":3,"name":"Concierto Carmen Prieto Monreal (Ciclo UNA)"}]},{"@type":"WebSite","@id":"http://vientosur.top/museo/#website","url":"http://vientosur.top/museo/","name":"Museo Violeta Parra","description":"Espacio que alberga tanto la memoria y legado creativo de la artista","potentialAction":[{"@type":"SearchAction","target":{"@type":"EntryPoint","urlTemplate":"http://vientosur.top/museo/?s={search_term_string}"},"query-input":{"@type":"PropertyValueSpecification","valueRequired":true,"valueName":"search_term_string"}}],"inLanguage":"es"}]}</script>
<!-- / Yoast SEO plugin. -->

#VioletaEnCasa presenta a Carmen Prieto Monreal en concierto, en el marco del Ciclo UNA. Carmen Prieto Monreal es cantante y actriz con 12 discos publicados, giras y presentaciones por Colombia, Cuba, Venezuela, México, Panamá, Ecuador, Bolivia, Argentina, Uruguay, España, Grecia y Estados Unidos. Fue ganadora del Premio Apes 1993 a Mejor Intérprete Femenina por su [&hellip;]
