{"id":31942,"date":"2023-04-11T17:02:52","date_gmt":"2023-04-11T17:02:52","guid":{"rendered":"http:\/\/vientosur.top\/museo\/?post_type=agenda&#038;p=31942"},"modified":"2023-04-11T17:02:54","modified_gmt":"2023-04-11T17:02:54","slug":"concierto-de-nancy-torrealba","status":"publish","type":"agenda","link":"http:\/\/vientosur.top\/museo\/agenda\/concierto-de-nancy-torrealba\/","title":{"rendered":"<strong>Concierto de Nancy Torrealba<\/strong>"},"content":{"rendered":"\n<p>Nancy Torrealba es una cantautora de 61 a\u00f1os proveniente de una familia de m\u00fasicos. Comenz\u00f3 a los 15 a\u00f1os a cantar folklore especialmente de Violeta Parra y su legado.&nbsp;<\/p>\n\n\n\n<p>Esta base folkl\u00f3rica le permiti\u00f3 evolucionar hacia sus propias composiciones, logrando proyectar su propia realidad social, rescatando personajes populares.&nbsp;<\/p>\n\n\n\n<p>En su extensa trayectoria art\u00edstica ha desarrollado proyectos como la Edu-Canci\u00f3n que quiere decir educar con la canci\u00f3n;&nbsp; El Canto Hablado que responde al proceso entre int\u00e9rprete y cantautora (declamaciones), logrando un estilo propio.&nbsp;<\/p>\n","protected":false},"author":5,"featured_media":31943,"parent":0,"template":"","meta":{"site-sidebar-layout":"default","site-content-layout":"","ast-site-content-layout":"default","site-content-style":"default","site-sidebar-style":"default","ast-global-header-display":"","ast-banner-title-visibility":"","ast-main-header-display":"","ast-hfb-above-header-display":"","ast-hfb-below-header-display":"","ast-hfb-mobile-header-display":"","site-post-title":"","ast-breadcrumbs-content":"","ast-featured-img":"","footer-sml-layout":"","theme-transparent-header-meta":"","adv-header-id-meta":"","stick-header-meta":"","header-above-stick-meta":"","header-main-stick-meta":"","header-below-stick-meta":"","astra-migrate-meta-layouts":"default","ast-page-background-enabled":"default","ast-page-background-meta":{"desktop":{"background-color":"var(--ast-global-color-4)","background-image":"","background-repeat":"repeat","background-position":"center center","background-size":"auto","background-attachment":"scroll","background-type":"","background-media":"","overlay-type":"","overlay-color":"","overlay-opacity":"","overlay-gradient":""},"tablet":{"background-color":"","background-image":"","background-repeat":"repeat","background-position":"center center","background-size":"auto","background-attachment":"scroll","background-type":"","background-media":"","overlay-type":"","overlay-color":"","overlay-opacity":"","overlay-gradient":""},"mobile":{"background-color":"","background-image":"","background-repeat":"repeat","background-position":"center center","background-size":"auto","background-attachment":"scroll","background-type":"","background-media":"","overlay-type":"","overlay-color":"","overlay-opacity":"","overlay-gradient":""}},"ast-content-background-meta":{"desktop":{"background-color":"var(--ast-global-color-5)","background-image":"","background-repeat":"repeat","background-position":"center center","background-size":"auto","background-attachment":"scroll","background-type":"","background-media":"","overlay-type":"","overlay-color":"","overlay-opacity":"","overlay-gradient":""},"tablet":{"background-color":"var(--ast-global-color-5)","background-image":"","background-repeat":"repeat","background-position":"center center","background-size":"auto","background-attachment":"scroll","background-type":"","background-media":"","overlay-type":"","overlay-color":"","overlay-opacity":"","overlay-gradient":""},"mobile":{"background-color":"var(--ast-global-color-5)","background-image":"","background-repeat":"repeat","background-position":"center center","background-size":"auto","background-attachment":"scroll","background-type":"","background-media":"","overlay-type":"","overlay-color":"","overlay-opacity":"","overlay-gradient":""}}},"tipo-de-actividad":[28],"class_list":["post-31942","agenda","type-agenda","status-publish","has-post-thumbnail","hentry","tipo-de-actividad-conciertos"],"yoast_head":"<!-- This site is optimized with the Yoast SEO plugin v25.4 - https:\/\/yoast.com\/wordpress\/plugins\/seo\/ -->\n<title>Concierto de Nancy Torrealba - Museo Violeta Parra<\/title>\n<meta name=\"robots\" content=\"index, follow, max-snippet:-1, max-image-preview:large, max-video-preview:-1\" \/>\n<link rel=\"canonical\" href=\"http:\/\/vientosur.top\/museo\/agenda\/concierto-de-nancy-torrealba\/\" \/>\n<meta property=\"og:locale\" content=\"es_ES\" \/>\n<meta property=\"og:type\" content=\"article\" \/>\n<meta property=\"og:title\" content=\"Concierto de Nancy Torrealba - Museo Violeta Parra\" \/>\n<meta property=\"og:description\" content=\"Nancy Torrealba es una cantautora de 61 a\u00f1os proveniente de una familia de m\u00fasicos. Comenz\u00f3 a los 15 a\u00f1os a cantar folklore especialmente de Violeta Parra y su legado.&nbsp; Esta base folkl\u00f3rica le permiti\u00f3 evolucionar hacia sus propias composiciones, logrando proyectar su propia realidad social, rescatando personajes populares.&nbsp; En su extensa trayectoria art\u00edstica ha desarrollado [&hellip;]\" \/>\n<meta property=\"og:url\" content=\"http:\/\/vientosur.top\/museo\/agenda\/concierto-de-nancy-torrealba\/\" \/>\n<meta property=\"og:site_name\" content=\"Museo Violeta Parra\" \/>\n<meta property=\"article:modified_time\" content=\"2023-04-11T17:02:54+00:00\" \/>\n<meta property=\"og:image\" content=\"http:\/\/vientosur.top\/museo\/wp-content\/uploads\/2023\/04\/Nancy-Torrealba-e1681232552767.jpg\" \/>\n\t<meta property=\"og:image:width\" content=\"1280\" \/>\n\t<meta property=\"og:image:height\" content=\"720\" \/>\n\t<meta property=\"og:image:type\" content=\"image\/jpeg\" \/>\n<meta name=\"twitter:card\" content=\"summary_large_image\" \/>\n<meta name=\"twitter:label1\" content=\"Tiempo de lectura\" \/>\n\t<meta name=\"twitter:data1\" content=\"1 minuto\" \/>\n<script type=\"application\/ld+json\" class=\"yoast-schema-graph\">{\"@context\":\"https:\/\/schema.org\",\"@graph\":[{\"@type\":\"WebPage\",\"@id\":\"http:\/\/vientosur.top\/museo\/agenda\/concierto-de-nancy-torrealba\/\",\"url\":\"http:\/\/vientosur.top\/museo\/agenda\/concierto-de-nancy-torrealba\/\",\"name\":\"Concierto de Nancy Torrealba - Museo Violeta Parra\",\"isPartOf\":{\"@id\":\"http:\/\/vientosur.top\/museo\/#website\"},\"primaryImageOfPage\":{\"@id\":\"http:\/\/vientosur.top\/museo\/agenda\/concierto-de-nancy-torrealba\/#primaryimage\"},\"image\":{\"@id\":\"http:\/\/vientosur.top\/museo\/agenda\/concierto-de-nancy-torrealba\/#primaryimage\"},\"thumbnailUrl\":\"http:\/\/vientosur.top\/museo\/wp-content\/uploads\/2023\/04\/Nancy-Torrealba-e1681232552767.jpg\",\"datePublished\":\"2023-04-11T17:02:52+00:00\",\"dateModified\":\"2023-04-11T17:02:54+00:00\",\"breadcrumb\":{\"@id\":\"http:\/\/vientosur.top\/museo\/agenda\/concierto-de-nancy-torrealba\/#breadcrumb\"},\"inLanguage\":\"es\",\"potentialAction\":[{\"@type\":\"ReadAction\",\"target\":[\"http:\/\/vientosur.top\/museo\/agenda\/concierto-de-nancy-torrealba\/\"]}]},{\"@type\":\"ImageObject\",\"inLanguage\":\"es\",\"@id\":\"http:\/\/vientosur.top\/museo\/agenda\/concierto-de-nancy-torrealba\/#primaryimage\",\"url\":\"http:\/\/vientosur.top\/museo\/wp-content\/uploads\/2023\/04\/Nancy-Torrealba-e1681232552767.jpg\",\"contentUrl\":\"http:\/\/vientosur.top\/museo\/wp-content\/uploads\/2023\/04\/Nancy-Torrealba-e1681232552767.jpg\",\"width\":1280,\"height\":720},{\"@type\":\"BreadcrumbList\",\"@id\":\"http:\/\/vientosur.top\/museo\/agenda\/concierto-de-nancy-torrealba\/#breadcrumb\",\"itemListElement\":[{\"@type\":\"ListItem\",\"position\":1,\"name\":\"Portada\",\"item\":\"http:\/\/vientosur.top\/museo\/\"},{\"@type\":\"ListItem\",\"position\":2,\"name\":\"Agenda\",\"item\":\"http:\/\/vientosur.top\/museo\/agenda\/\"},{\"@type\":\"ListItem\",\"position\":3,\"name\":\"Concierto de Nancy Torrealba\"}]},{\"@type\":\"WebSite\",\"@id\":\"http:\/\/vientosur.top\/museo\/#website\",\"url\":\"http:\/\/vientosur.top\/museo\/\",\"name\":\"Museo Violeta Parra\",\"description\":\"Espacio que alberga tanto la memoria y legado creativo de la artista\",\"potentialAction\":[{\"@type\":\"SearchAction\",\"target\":{\"@type\":\"EntryPoint\",\"urlTemplate\":\"http:\/\/vientosur.top\/museo\/?s={search_term_string}\"},\"query-input\":{\"@type\":\"PropertyValueSpecification\",\"valueRequired\":true,\"valueName\":\"search_term_string\"}}],\"inLanguage\":\"es\"}]}<\/script>\n<!-- \/ Yoast SEO plugin. -->","yoast_head_json":{"title":"Concierto de Nancy Torrealba - Museo Violeta Parra","robots":{"index":"index","follow":"follow","max-snippet":"max-snippet:-1","max-image-preview":"max-image-preview:large","max-video-preview":"max-video-preview:-1"},"canonical":"http:\/\/vientosur.top\/museo\/agenda\/concierto-de-nancy-torrealba\/","og_locale":"es_ES","og_type":"article","og_title":"Concierto de Nancy Torrealba - Museo Violeta Parra","og_description":"Nancy Torrealba es una cantautora de 61 a\u00f1os proveniente de una familia de m\u00fasicos. Comenz\u00f3 a los 15 a\u00f1os a cantar folklore especialmente de Violeta Parra y su legado.&nbsp; Esta base folkl\u00f3rica le permiti\u00f3 evolucionar hacia sus propias composiciones, logrando proyectar su propia realidad social, rescatando personajes populares.&nbsp; En su extensa trayectoria art\u00edstica ha desarrollado [&hellip;]","og_url":"http:\/\/vientosur.top\/museo\/agenda\/concierto-de-nancy-torrealba\/","og_site_name":"Museo Violeta Parra","article_modified_time":"2023-04-11T17:02:54+00:00","og_image":[{"width":1280,"height":720,"url":"http:\/\/vientosur.top\/museo\/wp-content\/uploads\/2023\/04\/Nancy-Torrealba-e1681232552767.jpg","type":"image\/jpeg"}],"twitter_card":"summary_large_image","twitter_misc":{"Tiempo de lectura":"1 minuto"},"schema":{"@context":"https:\/\/schema.org","@graph":[{"@type":"WebPage","@id":"http:\/\/vientosur.top\/museo\/agenda\/concierto-de-nancy-torrealba\/","url":"http:\/\/vientosur.top\/museo\/agenda\/concierto-de-nancy-torrealba\/","name":"Concierto de Nancy Torrealba - Museo Violeta Parra","isPartOf":{"@id":"http:\/\/vientosur.top\/museo\/#website"},"primaryImageOfPage":{"@id":"http:\/\/vientosur.top\/museo\/agenda\/concierto-de-nancy-torrealba\/#primaryimage"},"image":{"@id":"http:\/\/vientosur.top\/museo\/agenda\/concierto-de-nancy-torrealba\/#primaryimage"},"thumbnailUrl":"http:\/\/vientosur.top\/museo\/wp-content\/uploads\/2023\/04\/Nancy-Torrealba-e1681232552767.jpg","datePublished":"2023-04-11T17:02:52+00:00","dateModified":"2023-04-11T17:02:54+00:00","breadcrumb":{"@id":"http:\/\/vientosur.top\/museo\/agenda\/concierto-de-nancy-torrealba\/#breadcrumb"},"inLanguage":"es","potentialAction":[{"@type":"ReadAction","target":["http:\/\/vientosur.top\/museo\/agenda\/concierto-de-nancy-torrealba\/"]}]},{"@type":"ImageObject","inLanguage":"es","@id":"http:\/\/vientosur.top\/museo\/agenda\/concierto-de-nancy-torrealba\/#primaryimage","url":"http:\/\/vientosur.top\/museo\/wp-content\/uploads\/2023\/04\/Nancy-Torrealba-e1681232552767.jpg","contentUrl":"http:\/\/vientosur.top\/museo\/wp-content\/uploads\/2023\/04\/Nancy-Torrealba-e1681232552767.jpg","width":1280,"height":720},{"@type":"BreadcrumbList","@id":"http:\/\/vientosur.top\/museo\/agenda\/concierto-de-nancy-torrealba\/#breadcrumb","itemListElement":[{"@type":"ListItem","position":1,"name":"Portada","item":"http:\/\/vientosur.top\/museo\/"},{"@type":"ListItem","position":2,"name":"Agenda","item":"http:\/\/vientosur.top\/museo\/agenda\/"},{"@type":"ListItem","position":3,"name":"Concierto de Nancy Torrealba"}]},{"@type":"WebSite","@id":"http:\/\/vientosur.top\/museo\/#website","url":"http:\/\/vientosur.top\/museo\/","name":"Museo Violeta Parra","description":"Espacio que alberga tanto la memoria y legado creativo de la artista","potentialAction":[{"@type":"SearchAction","target":{"@type":"EntryPoint","urlTemplate":"http:\/\/vientosur.top\/museo\/?s={search_term_string}"},"query-input":{"@type":"PropertyValueSpecification","valueRequired":true,"valueName":"search_term_string"}}],"inLanguage":"es"}]}},"_links":{"self":[{"href":"http:\/\/vientosur.top\/museo\/wp-json\/wp\/v2\/agenda\/31942","targetHints":{"allow":["GET"]}}],"collection":[{"href":"http:\/\/vientosur.top\/museo\/wp-json\/wp\/v2\/agenda"}],"about":[{"href":"http:\/\/vientosur.top\/museo\/wp-json\/wp\/v2\/types\/agenda"}],"author":[{"embeddable":true,"href":"http:\/\/vientosur.top\/museo\/wp-json\/wp\/v2\/users\/5"}],"wp:featuredmedia":[{"embeddable":true,"href":"http:\/\/vientosur.top\/museo\/wp-json\/wp\/v2\/media\/31943"}],"wp:attachment":[{"href":"http:\/\/vientosur.top\/museo\/wp-json\/wp\/v2\/media?parent=31942"}],"wp:term":[{"taxonomy":"tipo-de-actividad","embeddable":true,"href":"http:\/\/vientosur.top\/museo\/wp-json\/wp\/v2\/tipo-de-actividad?post=31942"}],"curies":[{"name":"wp","href":"https:\/\/api.w.org\/{rel}","templated":true}]}}

<p>Nancy Torrealba es una cantautora de 61 años proveniente de una familia de músicos. Comenzó a los 15 años a cantar folklore especialmente de Violeta Parra y su legado.&nbsp;</p>



<p>Esta base folklórica le permitió evolucionar hacia sus propias composiciones, logrando proyectar su propia realidad social, rescatando personajes populares.&nbsp;</p>



<p>En su extensa trayectoria artística ha desarrollado proyectos como la Edu-Canción que quiere decir educar con la canción;&nbsp; El Canto Hablado que responde al proceso entre intérprete y cantautora (declamaciones), logrando un estilo propio.&nbsp;</p>

<!-- This site is optimized with the Yoast SEO plugin v25.4 - https://yoast.com/wordpress/plugins/seo/ -->
<title>Concierto de Nancy Torrealba - Museo Violeta Parra</title>
<meta name="robots" content="index, follow, max-snippet:-1, max-image-preview:large, max-video-preview:-1" />
<link rel="canonical" href="http://vientosur.top/museo/agenda/concierto-de-nancy-torrealba/" />
<meta property="og:locale" content="es_ES" />
<meta property="og:type" content="article" />
<meta property="og:title" content="Concierto de Nancy Torrealba - Museo Violeta Parra" />
<meta property="og:description" content="Nancy Torrealba es una cantautora de 61 años proveniente de una familia de músicos. Comenzó a los 15 años a cantar folklore especialmente de Violeta Parra y su legado.&nbsp; Esta base folklórica le permitió evolucionar hacia sus propias composiciones, logrando proyectar su propia realidad social, rescatando personajes populares.&nbsp; En su extensa trayectoria artística ha desarrollado [&hellip;]" />
<meta property="og:url" content="http://vientosur.top/museo/agenda/concierto-de-nancy-torrealba/" />
<meta property="og:site_name" content="Museo Violeta Parra" />
<meta property="article:modified_time" content="2023-04-11T17:02:54+00:00" />
<meta property="og:image" content="http://vientosur.top/museo/wp-content/uploads/2023/04/Nancy-Torrealba-e1681232552767.jpg" />
	<meta property="og:image:width" content="1280" />
	<meta property="og:image:height" content="720" />
	<meta property="og:image:type" content="image/jpeg" />
<meta name="twitter:card" content="summary_large_image" />
<meta name="twitter:label1" content="Tiempo de lectura" />
	<meta name="twitter:data1" content="1 minuto" />
<script type="application/ld+json" class="yoast-schema-graph">{"@context":"https://schema.org","@graph":[{"@type":"WebPage","@id":"http://vientosur.top/museo/agenda/concierto-de-nancy-torrealba/","url":"http://vientosur.top/museo/agenda/concierto-de-nancy-torrealba/","name":"Concierto de Nancy Torrealba - Museo Violeta Parra","isPartOf":{"@id":"http://vientosur.top/museo/#website"},"primaryImageOfPage":{"@id":"http://vientosur.top/museo/agenda/concierto-de-nancy-torrealba/#primaryimage"},"image":{"@id":"http://vientosur.top/museo/agenda/concierto-de-nancy-torrealba/#primaryimage"},"thumbnailUrl":"http://vientosur.top/museo/wp-content/uploads/2023/04/Nancy-Torrealba-e1681232552767.jpg","datePublished":"2023-04-11T17:02:52+00:00","dateModified":"2023-04-11T17:02:54+00:00","breadcrumb":{"@id":"http://vientosur.top/museo/agenda/concierto-de-nancy-torrealba/#breadcrumb"},"inLanguage":"es","potentialAction":[{"@type":"ReadAction","target":["http://vientosur.top/museo/agenda/concierto-de-nancy-torrealba/"]}]},{"@type":"ImageObject","inLanguage":"es","@id":"http://vientosur.top/museo/agenda/concierto-de-nancy-torrealba/#primaryimage","url":"http://vientosur.top/museo/wp-content/uploads/2023/04/Nancy-Torrealba-e1681232552767.jpg","contentUrl":"http://vientosur.top/museo/wp-content/uploads/2023/04/Nancy-Torrealba-e1681232552767.jpg","width":1280,"height":720},{"@type":"BreadcrumbList","@id":"http://vientosur.top/museo/agenda/concierto-de-nancy-torrealba/#breadcrumb","itemListElement":[{"@type":"ListItem","position":1,"name":"Portada","item":"http://vientosur.top/museo/"},{"@type":"ListItem","position":2,"name":"Agenda","item":"http://vientosur.top/museo/agenda/"},{"@type":"ListItem","position":3,"name":"Concierto de Nancy Torrealba"}]},{"@type":"WebSite","@id":"http://vientosur.top/museo/#website","url":"http://vientosur.top/museo/","name":"Museo Violeta Parra","description":"Espacio que alberga tanto la memoria y legado creativo de la artista","potentialAction":[{"@type":"SearchAction","target":{"@type":"EntryPoint","urlTemplate":"http://vientosur.top/museo/?s={search_term_string}"},"query-input":{"@type":"PropertyValueSpecification","valueRequired":true,"valueName":"search_term_string"}}],"inLanguage":"es"}]}</script>
<!-- / Yoast SEO plugin. -->

Nancy Torrealba es una cantautora de 61 años proveniente de una familia de músicos. Comenzó a los 15 años a cantar folklore especialmente de Violeta Parra y su legado.&nbsp; Esta base folklórica le permitió evolucionar hacia sus propias composiciones, logrando proyectar su propia realidad social, rescatando personajes populares.&nbsp; En su extensa trayectoria artística ha desarrollado [&hellip;]
