{"id":31961,"date":"2023-04-17T15:28:20","date_gmt":"2023-04-17T15:28:20","guid":{"rendered":"http:\/\/vientosur.top\/museo\/?post_type=agenda&#038;p=31961"},"modified":"2023-04-17T18:29:11","modified_gmt":"2023-04-17T18:29:11","slug":"concierto-de-manuel-monroy-chazarreta-el-papirri","status":"publish","type":"agenda","link":"http:\/\/vientosur.top\/museo\/agenda\/concierto-de-manuel-monroy-chazarreta-el-papirri\/","title":{"rendered":"<strong>Concierto de Manuel Monroy Chazarreta \u201cEl Papirri\u201d<\/strong>"},"content":{"rendered":"\n<p>Manuel Monroy Chazarreta , tambi\u00e9n conocido como \u201cEl Papirri\u201d , es un cantautor y guitarrista de La Paz , Bolivia.&nbsp; Tiene 44 a\u00f1os en la canci\u00f3n, 12 discos de estudio con sus canciones y 2 DVDs en vivo grabados en el Teatro Municipal pace\u00f1o.&nbsp;<\/p>\n\n\n\n<p>Adem\u00e1s es gestor cultural, escritor de cr\u00f3nicas para peri\u00f3dicos locales y ex diplom\u00e1tico de la revoluci\u00f3n democr\u00e1tica y cultural boliviana.<\/p>\n","protected":false},"author":5,"featured_media":31963,"parent":0,"template":"","meta":{"site-sidebar-layout":"default","site-content-layout":"","ast-site-content-layout":"default","site-content-style":"default","site-sidebar-style":"default","ast-global-header-display":"","ast-banner-title-visibility":"","ast-main-header-display":"","ast-hfb-above-header-display":"","ast-hfb-below-header-display":"","ast-hfb-mobile-header-display":"","site-post-title":"","ast-breadcrumbs-content":"","ast-featured-img":"","footer-sml-layout":"","theme-transparent-header-meta":"","adv-header-id-meta":"","stick-header-meta":"","header-above-stick-meta":"","header-main-stick-meta":"","header-below-stick-meta":"","astra-migrate-meta-layouts":"default","ast-page-background-enabled":"default","ast-page-background-meta":{"desktop":{"background-color":"var(--ast-global-color-4)","background-image":"","background-repeat":"repeat","background-position":"center center","background-size":"auto","background-attachment":"scroll","background-type":"","background-media":"","overlay-type":"","overlay-color":"","overlay-opacity":"","overlay-gradient":""},"tablet":{"background-color":"","background-image":"","background-repeat":"repeat","background-position":"center center","background-size":"auto","background-attachment":"scroll","background-type":"","background-media":"","overlay-type":"","overlay-color":"","overlay-opacity":"","overlay-gradient":""},"mobile":{"background-color":"","background-image":"","background-repeat":"repeat","background-position":"center center","background-size":"auto","background-attachment":"scroll","background-type":"","background-media":"","overlay-type":"","overlay-color":"","overlay-opacity":"","overlay-gradient":""}},"ast-content-background-meta":{"desktop":{"background-color":"var(--ast-global-color-5)","background-image":"","background-repeat":"repeat","background-position":"center center","background-size":"auto","background-attachment":"scroll","background-type":"","background-media":"","overlay-type":"","overlay-color":"","overlay-opacity":"","overlay-gradient":""},"tablet":{"background-color":"var(--ast-global-color-5)","background-image":"","background-repeat":"repeat","background-position":"center center","background-size":"auto","background-attachment":"scroll","background-type":"","background-media":"","overlay-type":"","overlay-color":"","overlay-opacity":"","overlay-gradient":""},"mobile":{"background-color":"var(--ast-global-color-5)","background-image":"","background-repeat":"repeat","background-position":"center center","background-size":"auto","background-attachment":"scroll","background-type":"","background-media":"","overlay-type":"","overlay-color":"","overlay-opacity":"","overlay-gradient":""}}},"tipo-de-actividad":[28],"class_list":["post-31961","agenda","type-agenda","status-publish","has-post-thumbnail","hentry","tipo-de-actividad-conciertos"],"yoast_head":"<!-- This site is optimized with the Yoast SEO plugin v25.4 - https:\/\/yoast.com\/wordpress\/plugins\/seo\/ -->\n<title>Concierto de Manuel Monroy Chazarreta \u201cEl Papirri\u201d - Museo Violeta Parra<\/title>\n<meta name=\"robots\" content=\"index, follow, max-snippet:-1, max-image-preview:large, max-video-preview:-1\" \/>\n<link rel=\"canonical\" href=\"http:\/\/vientosur.top\/museo\/agenda\/concierto-de-manuel-monroy-chazarreta-el-papirri\/\" \/>\n<meta property=\"og:locale\" content=\"es_ES\" \/>\n<meta property=\"og:type\" content=\"article\" \/>\n<meta property=\"og:title\" content=\"Concierto de Manuel Monroy Chazarreta \u201cEl Papirri\u201d - Museo Violeta Parra\" \/>\n<meta property=\"og:description\" content=\"Manuel Monroy Chazarreta , tambi\u00e9n conocido como \u201cEl Papirri\u201d , es un cantautor y guitarrista de La Paz , Bolivia.&nbsp; Tiene 44 a\u00f1os en la canci\u00f3n, 12 discos de estudio con sus canciones y 2 DVDs en vivo grabados en el Teatro Municipal pace\u00f1o.&nbsp; Adem\u00e1s es gestor cultural, escritor de cr\u00f3nicas para peri\u00f3dicos locales y [&hellip;]\" \/>\n<meta property=\"og:url\" content=\"http:\/\/vientosur.top\/museo\/agenda\/concierto-de-manuel-monroy-chazarreta-el-papirri\/\" \/>\n<meta property=\"og:site_name\" content=\"Museo Violeta Parra\" \/>\n<meta property=\"article:modified_time\" content=\"2023-04-17T18:29:11+00:00\" \/>\n<meta property=\"og:image\" content=\"http:\/\/vientosur.top\/museo\/wp-content\/uploads\/2023\/04\/Captura-de-Pantalla-2023-04-17-a-las-11.27.37.png\" \/>\n\t<meta property=\"og:image:width\" content=\"317\" \/>\n\t<meta property=\"og:image:height\" content=\"226\" \/>\n\t<meta property=\"og:image:type\" content=\"image\/png\" \/>\n<meta name=\"twitter:card\" content=\"summary_large_image\" \/>\n<meta name=\"twitter:label1\" content=\"Tiempo de lectura\" \/>\n\t<meta name=\"twitter:data1\" content=\"1 minuto\" \/>\n<script type=\"application\/ld+json\" class=\"yoast-schema-graph\">{\"@context\":\"https:\/\/schema.org\",\"@graph\":[{\"@type\":\"WebPage\",\"@id\":\"http:\/\/vientosur.top\/museo\/agenda\/concierto-de-manuel-monroy-chazarreta-el-papirri\/\",\"url\":\"http:\/\/vientosur.top\/museo\/agenda\/concierto-de-manuel-monroy-chazarreta-el-papirri\/\",\"name\":\"Concierto de Manuel Monroy Chazarreta \u201cEl Papirri\u201d - Museo Violeta Parra\",\"isPartOf\":{\"@id\":\"http:\/\/vientosur.top\/museo\/#website\"},\"primaryImageOfPage\":{\"@id\":\"http:\/\/vientosur.top\/museo\/agenda\/concierto-de-manuel-monroy-chazarreta-el-papirri\/#primaryimage\"},\"image\":{\"@id\":\"http:\/\/vientosur.top\/museo\/agenda\/concierto-de-manuel-monroy-chazarreta-el-papirri\/#primaryimage\"},\"thumbnailUrl\":\"http:\/\/vientosur.top\/museo\/wp-content\/uploads\/2023\/04\/Captura-de-Pantalla-2023-04-17-a-las-11.27.37.png\",\"datePublished\":\"2023-04-17T15:28:20+00:00\",\"dateModified\":\"2023-04-17T18:29:11+00:00\",\"breadcrumb\":{\"@id\":\"http:\/\/vientosur.top\/museo\/agenda\/concierto-de-manuel-monroy-chazarreta-el-papirri\/#breadcrumb\"},\"inLanguage\":\"es\",\"potentialAction\":[{\"@type\":\"ReadAction\",\"target\":[\"http:\/\/vientosur.top\/museo\/agenda\/concierto-de-manuel-monroy-chazarreta-el-papirri\/\"]}]},{\"@type\":\"ImageObject\",\"inLanguage\":\"es\",\"@id\":\"http:\/\/vientosur.top\/museo\/agenda\/concierto-de-manuel-monroy-chazarreta-el-papirri\/#primaryimage\",\"url\":\"http:\/\/vientosur.top\/museo\/wp-content\/uploads\/2023\/04\/Captura-de-Pantalla-2023-04-17-a-las-11.27.37.png\",\"contentUrl\":\"http:\/\/vientosur.top\/museo\/wp-content\/uploads\/2023\/04\/Captura-de-Pantalla-2023-04-17-a-las-11.27.37.png\",\"width\":317,\"height\":226},{\"@type\":\"BreadcrumbList\",\"@id\":\"http:\/\/vientosur.top\/museo\/agenda\/concierto-de-manuel-monroy-chazarreta-el-papirri\/#breadcrumb\",\"itemListElement\":[{\"@type\":\"ListItem\",\"position\":1,\"name\":\"Portada\",\"item\":\"http:\/\/vientosur.top\/museo\/\"},{\"@type\":\"ListItem\",\"position\":2,\"name\":\"Agenda\",\"item\":\"http:\/\/vientosur.top\/museo\/agenda\/\"},{\"@type\":\"ListItem\",\"position\":3,\"name\":\"Concierto de Manuel Monroy Chazarreta \u201cEl Papirri\u201d\"}]},{\"@type\":\"WebSite\",\"@id\":\"http:\/\/vientosur.top\/museo\/#website\",\"url\":\"http:\/\/vientosur.top\/museo\/\",\"name\":\"Museo Violeta Parra\",\"description\":\"Espacio que alberga tanto la memoria y legado creativo de la artista\",\"potentialAction\":[{\"@type\":\"SearchAction\",\"target\":{\"@type\":\"EntryPoint\",\"urlTemplate\":\"http:\/\/vientosur.top\/museo\/?s={search_term_string}\"},\"query-input\":{\"@type\":\"PropertyValueSpecification\",\"valueRequired\":true,\"valueName\":\"search_term_string\"}}],\"inLanguage\":\"es\"}]}<\/script>\n<!-- \/ Yoast SEO plugin. -->","yoast_head_json":{"title":"Concierto de Manuel Monroy Chazarreta \u201cEl Papirri\u201d - Museo Violeta Parra","robots":{"index":"index","follow":"follow","max-snippet":"max-snippet:-1","max-image-preview":"max-image-preview:large","max-video-preview":"max-video-preview:-1"},"canonical":"http:\/\/vientosur.top\/museo\/agenda\/concierto-de-manuel-monroy-chazarreta-el-papirri\/","og_locale":"es_ES","og_type":"article","og_title":"Concierto de Manuel Monroy Chazarreta \u201cEl Papirri\u201d - Museo Violeta Parra","og_description":"Manuel Monroy Chazarreta , tambi\u00e9n conocido como \u201cEl Papirri\u201d , es un cantautor y guitarrista de La Paz , Bolivia.&nbsp; Tiene 44 a\u00f1os en la canci\u00f3n, 12 discos de estudio con sus canciones y 2 DVDs en vivo grabados en el Teatro Municipal pace\u00f1o.&nbsp; Adem\u00e1s es gestor cultural, escritor de cr\u00f3nicas para peri\u00f3dicos locales y [&hellip;]","og_url":"http:\/\/vientosur.top\/museo\/agenda\/concierto-de-manuel-monroy-chazarreta-el-papirri\/","og_site_name":"Museo Violeta Parra","article_modified_time":"2023-04-17T18:29:11+00:00","og_image":[{"width":317,"height":226,"url":"http:\/\/vientosur.top\/museo\/wp-content\/uploads\/2023\/04\/Captura-de-Pantalla-2023-04-17-a-las-11.27.37.png","type":"image\/png"}],"twitter_card":"summary_large_image","twitter_misc":{"Tiempo de lectura":"1 minuto"},"schema":{"@context":"https:\/\/schema.org","@graph":[{"@type":"WebPage","@id":"http:\/\/vientosur.top\/museo\/agenda\/concierto-de-manuel-monroy-chazarreta-el-papirri\/","url":"http:\/\/vientosur.top\/museo\/agenda\/concierto-de-manuel-monroy-chazarreta-el-papirri\/","name":"Concierto de Manuel Monroy Chazarreta \u201cEl Papirri\u201d - Museo Violeta Parra","isPartOf":{"@id":"http:\/\/vientosur.top\/museo\/#website"},"primaryImageOfPage":{"@id":"http:\/\/vientosur.top\/museo\/agenda\/concierto-de-manuel-monroy-chazarreta-el-papirri\/#primaryimage"},"image":{"@id":"http:\/\/vientosur.top\/museo\/agenda\/concierto-de-manuel-monroy-chazarreta-el-papirri\/#primaryimage"},"thumbnailUrl":"http:\/\/vientosur.top\/museo\/wp-content\/uploads\/2023\/04\/Captura-de-Pantalla-2023-04-17-a-las-11.27.37.png","datePublished":"2023-04-17T15:28:20+00:00","dateModified":"2023-04-17T18:29:11+00:00","breadcrumb":{"@id":"http:\/\/vientosur.top\/museo\/agenda\/concierto-de-manuel-monroy-chazarreta-el-papirri\/#breadcrumb"},"inLanguage":"es","potentialAction":[{"@type":"ReadAction","target":["http:\/\/vientosur.top\/museo\/agenda\/concierto-de-manuel-monroy-chazarreta-el-papirri\/"]}]},{"@type":"ImageObject","inLanguage":"es","@id":"http:\/\/vientosur.top\/museo\/agenda\/concierto-de-manuel-monroy-chazarreta-el-papirri\/#primaryimage","url":"http:\/\/vientosur.top\/museo\/wp-content\/uploads\/2023\/04\/Captura-de-Pantalla-2023-04-17-a-las-11.27.37.png","contentUrl":"http:\/\/vientosur.top\/museo\/wp-content\/uploads\/2023\/04\/Captura-de-Pantalla-2023-04-17-a-las-11.27.37.png","width":317,"height":226},{"@type":"BreadcrumbList","@id":"http:\/\/vientosur.top\/museo\/agenda\/concierto-de-manuel-monroy-chazarreta-el-papirri\/#breadcrumb","itemListElement":[{"@type":"ListItem","position":1,"name":"Portada","item":"http:\/\/vientosur.top\/museo\/"},{"@type":"ListItem","position":2,"name":"Agenda","item":"http:\/\/vientosur.top\/museo\/agenda\/"},{"@type":"ListItem","position":3,"name":"Concierto de Manuel Monroy Chazarreta \u201cEl Papirri\u201d"}]},{"@type":"WebSite","@id":"http:\/\/vientosur.top\/museo\/#website","url":"http:\/\/vientosur.top\/museo\/","name":"Museo Violeta Parra","description":"Espacio que alberga tanto la memoria y legado creativo de la artista","potentialAction":[{"@type":"SearchAction","target":{"@type":"EntryPoint","urlTemplate":"http:\/\/vientosur.top\/museo\/?s={search_term_string}"},"query-input":{"@type":"PropertyValueSpecification","valueRequired":true,"valueName":"search_term_string"}}],"inLanguage":"es"}]}},"_links":{"self":[{"href":"http:\/\/vientosur.top\/museo\/wp-json\/wp\/v2\/agenda\/31961","targetHints":{"allow":["GET"]}}],"collection":[{"href":"http:\/\/vientosur.top\/museo\/wp-json\/wp\/v2\/agenda"}],"about":[{"href":"http:\/\/vientosur.top\/museo\/wp-json\/wp\/v2\/types\/agenda"}],"author":[{"embeddable":true,"href":"http:\/\/vientosur.top\/museo\/wp-json\/wp\/v2\/users\/5"}],"wp:featuredmedia":[{"embeddable":true,"href":"http:\/\/vientosur.top\/museo\/wp-json\/wp\/v2\/media\/31963"}],"wp:attachment":[{"href":"http:\/\/vientosur.top\/museo\/wp-json\/wp\/v2\/media?parent=31961"}],"wp:term":[{"taxonomy":"tipo-de-actividad","embeddable":true,"href":"http:\/\/vientosur.top\/museo\/wp-json\/wp\/v2\/tipo-de-actividad?post=31961"}],"curies":[{"name":"wp","href":"https:\/\/api.w.org\/{rel}","templated":true}]}}

<p>Manuel Monroy Chazarreta , también conocido como “El Papirri” , es un cantautor y guitarrista de La Paz , Bolivia.&nbsp; Tiene 44 años en la canción, 12 discos de estudio con sus canciones y 2 DVDs en vivo grabados en el Teatro Municipal paceño.&nbsp;</p>



<p>Además es gestor cultural, escritor de crónicas para periódicos locales y ex diplomático de la revolución democrática y cultural boliviana.</p>

<!-- This site is optimized with the Yoast SEO plugin v25.4 - https://yoast.com/wordpress/plugins/seo/ -->
<title>Concierto de Manuel Monroy Chazarreta “El Papirri” - Museo Violeta Parra</title>
<meta name="robots" content="index, follow, max-snippet:-1, max-image-preview:large, max-video-preview:-1" />
<link rel="canonical" href="http://vientosur.top/museo/agenda/concierto-de-manuel-monroy-chazarreta-el-papirri/" />
<meta property="og:locale" content="es_ES" />
<meta property="og:type" content="article" />
<meta property="og:title" content="Concierto de Manuel Monroy Chazarreta “El Papirri” - Museo Violeta Parra" />
<meta property="og:description" content="Manuel Monroy Chazarreta , también conocido como “El Papirri” , es un cantautor y guitarrista de La Paz , Bolivia.&nbsp; Tiene 44 años en la canción, 12 discos de estudio con sus canciones y 2 DVDs en vivo grabados en el Teatro Municipal paceño.&nbsp; Además es gestor cultural, escritor de crónicas para periódicos locales y [&hellip;]" />
<meta property="og:url" content="http://vientosur.top/museo/agenda/concierto-de-manuel-monroy-chazarreta-el-papirri/" />
<meta property="og:site_name" content="Museo Violeta Parra" />
<meta property="article:modified_time" content="2023-04-17T18:29:11+00:00" />
<meta property="og:image" content="http://vientosur.top/museo/wp-content/uploads/2023/04/Captura-de-Pantalla-2023-04-17-a-las-11.27.37.png" />
	<meta property="og:image:width" content="317" />
	<meta property="og:image:height" content="226" />
	<meta property="og:image:type" content="image/png" />
<meta name="twitter:card" content="summary_large_image" />
<meta name="twitter:label1" content="Tiempo de lectura" />
	<meta name="twitter:data1" content="1 minuto" />
<script type="application/ld+json" class="yoast-schema-graph">{"@context":"https://schema.org","@graph":[{"@type":"WebPage","@id":"http://vientosur.top/museo/agenda/concierto-de-manuel-monroy-chazarreta-el-papirri/","url":"http://vientosur.top/museo/agenda/concierto-de-manuel-monroy-chazarreta-el-papirri/","name":"Concierto de Manuel Monroy Chazarreta “El Papirri” - Museo Violeta Parra","isPartOf":{"@id":"http://vientosur.top/museo/#website"},"primaryImageOfPage":{"@id":"http://vientosur.top/museo/agenda/concierto-de-manuel-monroy-chazarreta-el-papirri/#primaryimage"},"image":{"@id":"http://vientosur.top/museo/agenda/concierto-de-manuel-monroy-chazarreta-el-papirri/#primaryimage"},"thumbnailUrl":"http://vientosur.top/museo/wp-content/uploads/2023/04/Captura-de-Pantalla-2023-04-17-a-las-11.27.37.png","datePublished":"2023-04-17T15:28:20+00:00","dateModified":"2023-04-17T18:29:11+00:00","breadcrumb":{"@id":"http://vientosur.top/museo/agenda/concierto-de-manuel-monroy-chazarreta-el-papirri/#breadcrumb"},"inLanguage":"es","potentialAction":[{"@type":"ReadAction","target":["http://vientosur.top/museo/agenda/concierto-de-manuel-monroy-chazarreta-el-papirri/"]}]},{"@type":"ImageObject","inLanguage":"es","@id":"http://vientosur.top/museo/agenda/concierto-de-manuel-monroy-chazarreta-el-papirri/#primaryimage","url":"http://vientosur.top/museo/wp-content/uploads/2023/04/Captura-de-Pantalla-2023-04-17-a-las-11.27.37.png","contentUrl":"http://vientosur.top/museo/wp-content/uploads/2023/04/Captura-de-Pantalla-2023-04-17-a-las-11.27.37.png","width":317,"height":226},{"@type":"BreadcrumbList","@id":"http://vientosur.top/museo/agenda/concierto-de-manuel-monroy-chazarreta-el-papirri/#breadcrumb","itemListElement":[{"@type":"ListItem","position":1,"name":"Portada","item":"http://vientosur.top/museo/"},{"@type":"ListItem","position":2,"name":"Agenda","item":"http://vientosur.top/museo/agenda/"},{"@type":"ListItem","position":3,"name":"Concierto de Manuel Monroy Chazarreta “El Papirri”"}]},{"@type":"WebSite","@id":"http://vientosur.top/museo/#website","url":"http://vientosur.top/museo/","name":"Museo Violeta Parra","description":"Espacio que alberga tanto la memoria y legado creativo de la artista","potentialAction":[{"@type":"SearchAction","target":{"@type":"EntryPoint","urlTemplate":"http://vientosur.top/museo/?s={search_term_string}"},"query-input":{"@type":"PropertyValueSpecification","valueRequired":true,"valueName":"search_term_string"}}],"inLanguage":"es"}]}</script>
<!-- / Yoast SEO plugin. -->

Manuel Monroy Chazarreta , también conocido como “El Papirri” , es un cantautor y guitarrista de La Paz , Bolivia.&nbsp; Tiene 44 años en la canción, 12 discos de estudio con sus canciones y 2 DVDs en vivo grabados en el Teatro Municipal paceño.&nbsp; Además es gestor cultural, escritor de crónicas para periódicos locales y [&hellip;]
